000
CXUS55 KABQ 180440
CF6ABQ
PRELIMINARY LOCAL CLIMATOLOGICAL DATA (WS FORM: F-6)
STATION: ALBUQUERQUE NM
MONTH: JUNE
YEAR: 2022
LATITUDE: 35 2 N
LONGITUDE: 106 37 W
TEMPERATURE IN F: :PCPN: SNOW: WIND :SUNSHINE: SKY :PK WND
================================================================================
1 2 3 4 5 6A 6B 7 8 9 10 11 12 13 14 15 16 17 18
12Z AVG MX 2MIN
DY MAX MIN AVG DEP HDD CDD WTR SNW DPTH SPD SPD DIR MIN PSBL S-S WX SPD DR
================================================================================
1 86 60 73 1 0 8 0.00 0.0 0 21.9 44 80 M M 2 78 58 90
2 86 58 72 0 0 7 0.00 0.0 0 11.8 28 210 M M 3 8 44 180
3 89 60 75 2 0 10 0.00 0.0 0 7.5 22 270 M M 4 29 270
4 89 61 75 2 0 10 0.00 0.0 0 6.8 21 270 M M 6 28 260
5 92 60 76 2 0 11 0.00 0.0 0 6.4 21 270 M M 5 27 260
6 93 65 79 5 0 14 0.00 0.0 0 6.0 17 190 M M 2 24 180
7 97 65 81 7 0 16 0.00 0.0 0 7.6 20 230 M M 4 27 230
8 90 63 77 3 0 12 0.00 0.0 0 12.4 33 120 M M 5 42 130
9 95 64 80 5 0 15 T 0.0 0 8.5 31 220 M M 5 38 40 230
10 100 66 83 8 0 18 0.00 0.0 0 3.7 14 300 M M 2 20 250
11 101 68 85 10 0 20 0.00 0.0 0 8.7 32 280 M M 4 43 260
12 96 67 82 6 0 17 0.00 0.0 0 8.9 25 260 M M 6 8 39 260
13 95 68 82 6 0 17 T 0.0 0 10.2 36 260 M M 4 8 56 250
14 94 66 80 4 0 15 0.00 0.0 0 10.0 25 280 M M 1 8 36 280
15 95 62 79 3 0 14 0.00 0.0 0 5.1 12 30 M M 1 16 170
16 99 67 83 6 0 18 0.00 0.0 0 10.4 38 130 M M 2 46 130
17 89 63 76 -1 0 11 0.27 0.0 0 12.3 37 140 M M 5 13 45 120
18 85 62 74 -3 0 9 0.31 0.0 0 8.0 31 190 M M 8 3 40 190
19 82 60 71 -6 0 6 0.25 0.0 0 10.3 29 310 M M 8 13 36 310
20 81 61 71 -7 0 6 T 0.0 0 7.0 23 100 M M 7 33 80
21 78 64 71 -7 0 6 0.00 0.0 0 11.8 30 90 M M 8 37 90
22 72 60 66 -12 0 1 0.56 0.0 0 10.4 21 90 M M 9 1 28 110
23 86 63 75 -3 0 10 T 0.0 0 6.3 18 210 M M 6 24 230
24 87 64 76 -2 0 11 T 0.0 0 7.8 26 280 M M 7 3 35 270
25 84 63 74 -4 0 9 0.08 0.0 0 8.5 31 120 M M 9 3 39 120
26 71 58 65 -13 0 0 0.67 0.0 0 14.0 24 100 M M 10 18 33 80
27 70 59 65 -13 0 0 0.24 0.0 0 4.9 16 90 M M 9 1 22 90
28 83 58 71 -8 0 6 0.00 0.0 0 4.1 10 90 M M 3 20 330
29 87 64 76 -3 0 11 0.00 0.0 0 6.6 15 220 M M 2 22 220
30 93 68 81 2 0 16 0.00 0.0 0 8.8 25 250 M M 4 34 250
================================================================================
SM 2645 1887 0 324 2.38 0.0 266.7 M 151
================================================================================
AV 88.2 62.9 8.9 FASTST M M 5 MAX(MPH)
MISC ----> 44 80 58 90
================================================================================
NOTES:
# LAST OF SEVERAL OCCURRENCES
COLUMN 17 PEAK WIND IN M.P.H.
PRELIMINARY LOCAL CLIMATOLOGICAL DATA (WS FORM: F-6) , PAGE 2
STATION: ALBUQUERQUE NM
MONTH: JUNE
YEAR: 2022
LATITUDE: 35 2 N
LONGITUDE: 106 37 W
[TEMPERATURE DATA] [PRECIPITATION DATA] SYMBOLS USED IN COLUMN 16
AVERAGE MONTHLY: 75.5 TOTAL FOR MONTH: 2.38 1 = FOG OR MIST
DPTR FM NORMAL: -0.6 DPTR FM NORMAL: 1.81 2 = FOG REDUCING VISIBILITY
HIGHEST: 101 ON 11 GRTST 24HR 0.73 ON 26-27 TO 1/4 MILE OR LESS
LOWEST: 58 ON 28,26 3 = THUNDER
SNOW, ICE PELLETS, HAIL 4 = ICE PELLETS
TOTAL MONTH: 0.0 INCH 5 = HAIL
GRTST 24HR 0.0 6 = FREEZING RAIN OR DRIZZLE
GRTST DEPTH: 0 7 = DUSTSTORM OR SANDSTORM:
VSBY 1/2 MILE OR LESS
8 = SMOKE OR HAZE
[NO. OF DAYS WITH] [WEATHER - DAYS WITH] 9 = BLOWING SNOW
X = TORNADO
MAX 32 OR BELOW: 0 0.01 INCH OR MORE: 7
MAX 90 OR ABOVE: 13 0.10 INCH OR MORE: 6
MIN 32 OR BELOW: 0 0.50 INCH OR MORE: 2
MIN 0 OR BELOW: 0 1.00 INCH OR MORE: 0
[HDD (BASE 65) ]
TOTAL THIS MO. 0 CLEAR (SCALE 0-3) 9
DPTR FM NORMAL -2 PTCLDY (SCALE 4-7) 16
TOTAL FM JUL 1 3681 CLOUDY (SCALE 8-10) 5
DPTR FM NORMAL -315
[CDD (BASE 65) ]
TOTAL THIS MO. 324
DPTR FM NORMAL -12 [PRESSURE DATA]
TOTAL FM JAN 1 495 HIGHEST SLP 30.31 ON 27
DPTR FM NORMAL 47 LOWEST SLP 29.54 ON 5
[REMARKS]
#FINAL-06-22#