860
CXUS56 KEKA 011449
CF6ACV
PRELIMINARY LOCAL CLIMATOLOGICAL DATA (WS FORM: F-6)
STATION: ARCATA CA
MONTH: NOVEMBER
YEAR: 2020
LATITUDE: 40 58 N
LONGITUDE: 124 6 W
TEMPERATURE IN F: :PCPN: SNOW: WIND :SUNSHINE: SKY :PK WND
================================================================================
1 2 3 4 5 6A 6B 7 8 9 10 11 12 13 14 15 16 17 18
12Z AVG MX 2MIN
DY MAX MIN AVG DEP HDD CDD WTR SNW DPTH SPD SPD DIR MIN PSBL S-S WX SPD DR
================================================================================
1 60 38 49 -3 16 0 0.00 M M 2.7 10 300 M M 0 28 28 280
2 58 38 48 -3 17 0 0.00 M M 2.9 13 310 M M 6 28 20 280
3 61 38 50 -1 15 0 0.00 M M 3.1 12 260 M M 7 28 14 120
4 67 47 57 6 8 0 0.00 M M 2.0 10 270 M M 6 28 17 280
5 62 46 54 3 11 0 0.28 M M 2.7 20 330 M M 9 28 24 330
6 54 40 47 -4 18 0 0.25 M M 5.0 17 350 M M 5 18 24 350
7 55 40 48 -3 17 0 0.09 M M 8.8 24 340 M M 5 1 32 340
8 53 32 43 -7 22 0 0.01 M M 8.2 25 350 M M 3 1 33 330
9 52 28 40 -10 25 0 0.00 M M 5.1 16 330 M M 3 18 320
10 53 38 46 -4 19 0 0.00 M M 4.0 12 330 M M 7 1 14 330
11 55 35 45 -5 20 0 0.00 M M 4.6 16 340 M M 2 18 22 330
12 53 34 44 -6 21 0 0.00 M M 4.8 12 280 M M 5 14 280
13 56 40 48 -2 17 0 0.38 M M 8.4 28 170 M M 8 1 35 180
14 57 40 49 -1 16 0 T M M 6.0 17 160 M M 8 1 22 160
15 62 53 58 9 7 0 0.42 M M 6.5 21 180 M M 10 2 25 180
16 61 49 55 6 10 0 0.00 0.0 M 2.6 10 150 M M 4 12 14 140
17 68 53 61 12 4 0 1.17 0.0 M 10.8 29 240 M M 8 13 36 250
18 58 48 53 4 12 0 0.29 0.0 0 10.9 18 210 M M 8 18 28 170
19 56 38 47 -2 18 0 T M M 5.2 13 340 M M 2 8 15 330
20 55 32 44 -5 21 0 0.00 M M 4.1 16 330 M M 0 18 26 270
21 55 31 43 -5 22 0 0.00 M M 3.8 13 220 M M 0 18 15 220
22 52 35 44 -4 21 0 0.06 M M 2.3 10 90 M M 7 1 13 90
23 54 38 46 -2 19 0 0.00 M M 4.2 15 340 M M 5 1 18 340
24 52 34 43 -5 22 0 0.18 M M 3.3 14 330 M M 4 28 18 290
25 53 36 45 -3 20 0 0.10 M M 3.0 12 40 M M 5 18 15 40
26 57 32 45 -3 20 0 0.00 M M 5.2 17 340 M M 1 18 20 350
27 58 33 46 -2 19 0 0.00 M M 4.2 8 110 M M 0 10 110
28 53 31 42 -5 23 0 0.00 M M 2.8 9 320 M M 0 18 15 190
29 53 33 43 -4 22 0 0.00 M M 2.9 8 300 M M 0 18 9 290
30 55 36 46 -1 19 0 0.04 M M 4.5 12 350 M M 6 18 15 350
================================================================================
SM 1698 1146 521 0 3.27 0.0 144.6 M 134
================================================================================
AV 56.6 38.2 4.8 FASTST M M 4 MAX(MPH)
MISC ----> 29 240 36 250
================================================================================
NOTES:
# LAST OF SEVERAL OCCURRENCES
COLUMN 17 PEAK WIND IN M.P.H.
PRELIMINARY LOCAL CLIMATOLOGICAL DATA (WS FORM: F-6) , PAGE 2
STATION: ARCATA CA
MONTH: NOVEMBER
YEAR: 2020
LATITUDE: 40 58 N
LONGITUDE: 124 6 W
[TEMPERATURE DATA] [PRECIPITATION DATA] SYMBOLS USED IN COLUMN 16
AVERAGE MONTHLY: 47.4 TOTAL FOR MONTH: 3.27 1 = FOG OR MIST
DPTR FM NORMAL: -1.9 DPTR FM NORMAL: -3.46 2 = FOG REDUCING VISIBILITY
HIGHEST: 68 ON 17 GRTST 24HR 1.41 ON 17-18 TO 1/4 MILE OR LESS
LOWEST: 28 ON 9 3 = THUNDER
SNOW, ICE PELLETS, HAIL 4 = ICE PELLETS
TOTAL MONTH: 0.0 INCH 5 = HAIL
GRTST 24HR 0.0 6 = FREEZING RAIN OR DRIZZLE
GRTST DEPTH: 0 7 = DUSTSTORM OR SANDSTORM:
VSBY 1/2 MILE OR LESS
8 = SMOKE OR HAZE
[NO. OF DAYS WITH] [WEATHER - DAYS WITH] 9 = BLOWING SNOW
X = TORNADO
MAX 32 OR BELOW: 0 0.01 INCH OR MORE: 12
MAX 90 OR ABOVE: 0 0.10 INCH OR MORE: 8
MIN 32 OR BELOW: 6 0.50 INCH OR MORE: 1
MIN 0 OR BELOW: 0 1.00 INCH OR MORE: 1
[HDD (BASE 65) ]
TOTAL THIS MO. 521 CLEAR (SCALE 0-3) 11
DPTR FM NORMAL 50 PTCLDY (SCALE 4-7) 15
TOTAL FM JUL 1 1362 CLOUDY (SCALE 8-10) 4
DPTR FM NORMAL -310
[CDD (BASE 65) ]
TOTAL THIS MO. 0
DPTR FM NORMAL 0 [PRESSURE DATA]
TOTAL FM JAN 1 18 HIGHEST SLP 30.44 ON 26
DPTR FM NORMAL 16 LOWEST SLP 29.56 ON 17
[REMARKS]
#FINAL-11-20#