000
CXUS51 KPHI 010915
CF6ACY
PRELIMINARY LOCAL CLIMATOLOGICAL DATA (WS FORM: F-6)
STATION: ATLANTIC CITY AIRPORT NJ
MONTH: DECEMBER
YEAR: 2023
LATITUDE: 39 27 N
LONGITUDE: 74 34 W
TEMPERATURE IN F: :PCPN: SNOW: WIND :SUNSHINE: SKY :PK WND
================================================================================
1 2 3 4 5 6A 6B 7 8 9 10 11 12 13 14 15 16 17 18
12Z AVG MX 2MIN
DY MAX MIN AVG DEP HDD CDD WTR SNW DPTH SPD SPD DIR MIN PSBL S-S WX SPD DR
================================================================================
1 53 31 42 0 23 0 0.26 0.0 0 5.2 14 170 M M 4 1 22 160
2 55 44 50 8 15 0 0.00 0.0 0 3.0 12 270 M M 9 12 16 270
3 55 47 51 9 14 0 0.42 0.0 0 7.3 21 100 M M 10 12 30 90
4 54 37 46 4 19 0 0.00 0.0 0 8.5 20 280 M M 0 33 270
5 45 30 38 -3 27 0 0.00 0.0 0 3.8 10 260 M M 4 14 260
6 44 28 36 -5 29 0 0.00 0.0 0 8.0 18 330 M M 6 24 310
7 41 24 33 -8 32 0 T T 0 5.8 17 250 M M 6 24 250
8 52 25 39 -1 26 0 0.00 0.0 0 2.3 10 170 M M 0 1 16 170
9 60 31 46 6 19 0 0.00 0.0 0 4.0 13 190 M M 2 12 20 180
10 64 51 58 18 7 0 1.61 0.0 0 13.1 25 310 M M 8 1 41 180
11 52 34 43 3 22 0 0.46 T 0 14.8 29 340 M M 7 1 40 340
12 46 26 36 -4 29 0 0.00 0.0 0 6.6 13 260 M M 0 19 260
13 50 28 39 0 26 0 0.00 0.0 0 8.4 22 280 M M 0 27 290
14 43 22 33 -6 32 0 0.00 0.0 0 6.3 15 330 M M 0 23 340
15 56 33 45 6 20 0 0.00 0.0 0 8.1 21 290 M M 0 27 290
16 57 32 45 6 20 0 0.00 0.0 0 6.5 15 70 M M 0 1 20 70
17 58 42 50 12 15 0 0.55 0.0 0 11.5 28 110 M M 9 1 43 120
18 62 41 52 14 13 0 2.27 0.0 0 16.6 33 160 M M 9 1 51 140
19 45 30 38 0 27 0 0.00 0.0 0 12.5 24 300 M M 6 35 310
20 45 25 35 -3 30 0 0.00 0.0 0 9.6 17 310 M M 2 24 320
21 47 27 37 -1 28 0 0.00 0.0 0 5.9 15 20 M M 1 21 360
22 40 25 33 -4 32 0 0.00 0.0 0 3.4 9 30 M M 5 12 10
23 46 28 37 0 28 0 0.00 0.0 0 2.3 8 100 M M 7 11 110
24 53 36 45 8 20 0 0.05 0.0 0 1.6 10 280 M M 9 1 12 280
25 53 38 46 9 19 0 0.00 0.0 0 4.6 13 50 M M 10 12 21 60
26 49 43 46 10 19 0 0.00 0.0 0 5.9 12 70 M M 10 1 16 70
27 56 45 51 15 14 0 0.39 0.0 0 8.8 18 90 M M 10 1 26 80
28 57 50 54 18 11 0 0.64 0.0 0 6.9 16 140 M M 10 12 23 130
29 56 35 46 10 19 0 T 0.0 0 6.3 13 260 M M 3 1 19 260
30 47 38 43 7 22 0 0.00 0.0 0 10.4 21 260 M M 7 31 270
31 47 32 40 4 25 0 0.00 0.0 0 5.9 17 280 M M 7 28 310
================================================================================
SM 1588 1058 682 0 6.65 T 223.9 M 161
================================================================================
AV 51.2 34.1 7.2 FASTST M M 5 MAX(MPH)
MISC ----> 33 160 51 140
================================================================================
NOTES:
# LAST OF SEVERAL OCCURRENCES
COLUMN 17 PEAK WIND IN M.P.H.
PRELIMINARY LOCAL CLIMATOLOGICAL DATA (WS FORM: F-6) , PAGE 2
STATION: ATLANTIC CITY AIRPORT NJ
MONTH: DECEMBER
YEAR: 2023
LATITUDE: 39 27 N
LONGITUDE: 74 34 W
[TEMPERATURE DATA] [PRECIPITATION DATA] SYMBOLS USED IN COLUMN 16
AVERAGE MONTHLY: 42.7 TOTAL FOR MONTH: 6.65 1 = FOG OR MIST
DPTR FM NORMAL: 4.0 DPTR FM NORMAL: 2.18 2 = FOG REDUCING VISIBILITY
HIGHEST: 64 ON 10 GRTST 24HR 2.82 ON 17-18 TO 1/4 MILE OR LESS
LOWEST: 22 ON 14 3 = THUNDER
SNOW, ICE PELLETS, HAIL 4 = ICE PELLETS
TOTAL MONTH: T 5 = HAIL
GRTST 24HR T ON 7- 7 6 = FREEZING RAIN OR DRIZZLE
GRTST DEPTH: 0 7 = DUSTSTORM OR SANDSTORM:
VSBY 1/2 MILE OR LESS
8 = SMOKE OR HAZE
[NO. OF DAYS WITH] [WEATHER - DAYS WITH] 9 = BLOWING SNOW
X = TORNADO
MAX 32 OR BELOW: 0 0.01 INCH OR MORE: 9
MAX 90 OR ABOVE: 0 0.10 INCH OR MORE: 8
MIN 32 OR BELOW: 16 0.50 INCH OR MORE: 4
MIN 0 OR BELOW: 0 1.00 INCH OR MORE: 2
[HDD (BASE 65) ]
TOTAL THIS MO. 682 CLEAR (SCALE 0-3) 11
DPTR FM NORMAL -132 PTCLDY (SCALE 4-7) 11
TOTAL FM JUL 1 1505 CLOUDY (SCALE 8-10) 9
DPTR FM NORMAL -170
[CDD (BASE 65) ]
TOTAL THIS MO. 0
DPTR FM NORMAL 0 [PRESSURE DATA]
TOTAL FM JAN 1 1060 HIGHEST SLP 30.73 ON 14
DPTR FM NORMAL -76 LOWEST SLP 29.09 ON 18
[REMARKS]
#FINAL-12-23#