000
CXUS54 KLZK 011232
CF6ADF
PRELIMINARY LOCAL CLIMATOLOGICAL DATA (WS FORM: F-6)
STATION: ARKADELPHIA AIRPORT
MONTH: DECEMBER
YEAR: 2021
LATITUDE: 34 9 N
LONGITUDE: 93 4 W
TEMPERATURE IN F: :PCPN: SNOW: WIND :SUNSHINE: SKY :PK WND
================================================================================
1 2 3 4 5 6A 6B 7 8 9 10 11 12 13 14 15 16 17 18
12Z AVG MX 2MIN
DY MAX MIN AVG DEP HDD CDD WTR SNW DPTH SPD SPD DIR MIN PSBL S-S WX SPD DR
================================================================================
1 69 36 53 6 12 0 0.00 M M 3.0 17 260 M M 5 12 24 260
2 78 36 57 11 8 0 0.00 M M 1.9 8 260 M M 4 12 M M
3 64 38 51 5 14 0 0.00 M M 2.3 10 200 M M 7 12 M M
4 68 57 63 17 2 0 0.09 M M 3.4 9 180 M M 10 12 M M
5 75 57 66 20 0 1 0.01 M M 6.3 17 200 M M 7 12 22 190
6 68 35 52 7 13 0 0.47 M M 8.5 17 360 M M 4 13 35 360
7 48 32 40 -5 25 0 0.00 M M 4.8 8 100 M M 7 M M
8 60 28 44 -1 21 0 0.00 M M 1.0 5 140 M M 0 M M
9 68 34 51 7 14 0 T M M 2.4 10 200 M M 9 1 M M
10 78 63 71 27 0 6 1.13 M M 8.3 24 220 M M 9 13 43 230
11 65 26 46 2 19 0 0.01 M M 6.1 14 310 M M 1 3 23 320
12 55 21 38 -6 27 0 0.00 M M 1.3 7 130 M M 1 12 M M
13 64 23 44 0 21 0 0.00 M M 1.0 6 180 M M 3 M M
14 67 50 59 16 6 0 0.06 M M 0.8 5 150 M M 10 1 M M
15 74 63 69 26 0 4 0.00 M M 6.5 15 170 M M 8 1 21 180
16 77 54 66 23 0 1 0.65 M M 7.0 14 20 M M 10 13 M M
17 76 53 65 22 0 0 0.01 M M 3.9 13 180 M M 7 12 18 190
18 66 40 53 10 12 0 1.16 M M 7.2 17 360 M M 7 13 23 360
19 46 25 36 -6 29 0 0.00 M M 6.3 14 20 M M 0 M M
20 39 23 31 -11 34 0 0.02 M M 1.2 7 360 M M 6 1 M M
21 57 31 44 2 21 0 0.00 M M 2.7 9 230 M M 4 12 M M
22 58 26 42 0 23 0 0.00 M M 1.2 7 20 M M 1 1 M M
23 68 30 49 7 16 0 0.00 M M 5.0 16 200 M M 6 21 200
24 76 46 61 19 4 0 0.00 M M 10.5 21 210 M M 6 1 33 200
25 80 59 70 28 0 5 0.00 M M 8.4 16 230 M M 5 25 210
26 72 54 63 21 2 0 T M M 3.2 10 170 M M 7 12 16 170
27 75 56 66 24 0 1 0.00 M M 4.2 13 230 M M 8 1 M M
28 77 55 66 24 0 1 0.04 M M 6.8 17 210 M M 7 1 23 220
29 65 52 59 18 6 0 0.27 M M 2.9 12 330 M M 10 12 M M
30 67 48 58 17 7 0 0.00 M M 1.5 5 170 M M 6 12 M M
31 72 49 61 20 4 0 T M M 1.8 10 200 M M 9 12 M M
================================================================================
SM 2072 1300 340 19 3.92 M 131.2 M 184
================================================================================
AV 66.8 41.9 4.2 FASTST M M 6 MAX(MPH)
MISC ----> 24 220 43 230
================================================================================
NOTES:
# LAST OF SEVERAL OCCURRENCES
COLUMN 17 PEAK WIND IN M.P.H.
PRELIMINARY LOCAL CLIMATOLOGICAL DATA (WS FORM: F-6) , PAGE 2
STATION: ARKADELPHIA AIRPORT
MONTH: DECEMBER
YEAR: 2021
LATITUDE: 34 9 N
LONGITUDE: 93 4 W
[TEMPERATURE DATA] [PRECIPITATION DATA] SYMBOLS USED IN COLUMN 16
AVERAGE MONTHLY: 54.4 TOTAL FOR MONTH: 3.92 1 = FOG OR MIST
DPTR FM NORMAL: 11.0 DPTR FM NORMAL: -1.45 2 = FOG REDUCING VISIBILITY
HIGHEST: 80 ON 25 GRTST 24HR 1.16 ON 18-18 TO 1/4 MILE OR LESS
LOWEST: 21 ON 12 3 = THUNDER
SNOW, ICE PELLETS, HAIL 4 = ICE PELLETS
TOTAL MONTH: M 5 = HAIL
GRTST 24HR M ON M 6 = FREEZING RAIN OR DRIZZLE
GRTST DEPTH: M ON M 7 = DUSTSTORM OR SANDSTORM:
VSBY 1/2 MILE OR LESS
8 = SMOKE OR HAZE
[NO. OF DAYS WITH] [WEATHER - DAYS WITH] 9 = BLOWING SNOW
X = TORNADO
MAX 32 OR BELOW: 0 0.01 INCH OR MORE: 12
MAX 90 OR ABOVE: 0 0.10 INCH OR MORE: 5
MIN 32 OR BELOW: 10 0.50 INCH OR MORE: 3
MIN 0 OR BELOW: 0 1.00 INCH OR MORE: 2
[HDD (BASE 65) ]
TOTAL THIS MO. 340 CLEAR (SCALE 0-3) 5
DPTR FM NORMAL -331 PTCLDY (SCALE 4-7) 19
TOTAL FM JUL 1 894 CLOUDY (SCALE 8-10) 7
DPTR FM NORMAL -326
[CDD (BASE 65) ]
TOTAL THIS MO. 19
DPTR FM NORMAL 18 [PRESSURE DATA]
TOTAL FM JAN 1 2222 HIGHEST SLP M ON M
DPTR FM NORMAL 304 LOWEST SLP M ON M
[REMARKS]
#FINAL-12-21#