000
CXAK56 PAFC 110049
CF6ADQ
PRELIMINARY LOCAL CLIMATOLOGICAL DATA (WS FORM: F-6)
STATION: KODIAK
MONTH: DECEMBER
YEAR: 2021
LATITUDE: 57 45 N
LONGITUDE: 152 31 W
TEMPERATURE IN F: :PCPN: SNOW: WIND :SUNSHINE: SKY :PK WND
================================================================================
1 2 3 4 5 6A 6B 7 8 9 10 11 12 13 14 15 16 17 18
12Z AVG MX 2MIN
DY MAX MIN AVG DEP HDD CDD WTR SNW DPTH SPD SPD DIR MIN PSBL S-S WX SPD DR
================================================================================
1 19 15 17 -16 48 0 0.05 M M 20.6 40 290 M M 8 8 50 290
2 22 17 20 -13 45 0 T M M 18.4 41 290 M M 2 8 52 280
3 22 5 14 -19 51 0 0.00 M M 5.3 12 320 M M 0 17 320
4 27 6 17 -16 48 0 T M M 4.3 12 290 M M 7 14 280
5 38 23 31 -2 34 0 0.05 M M 8.0 26 170 M M 10 1 33 170
6 42 35 39 6 26 0 0.71 M M 15.4 31 250 M M 9 1 45 280
7 35 28 32 -1 33 0 T M M 30.0 55 280 M M 1 71 290
8 41 29 35 3 30 0 0.02 M M 13.2 40 260 M M 4 8 49 260
9 43 31 37 5 28 0 0.11 M M 10.5 33 260 M M 8 1 47 260
10 32 23 28 -4 37 0 T M M 25.6 53 290 M M 6 74 290
11 22 11 17 -15 48 0 T M M 32.1 51 300 M M 1 72 290
12 14 10 12 -20 53 0 0.00 M M 23.0 38 290 M M 2 53 280
13 22 9 16 -16 49 0 0.19 M M 5.6 20 290 M M 7 1 26 290
14 29 22 26 -6 39 0 T M M 12.5 18 270 M M 4 27 310
15 30 10 20 -12 45 0 0.00 M M 3.9 7 280 M M 1 M M
16 35 27 31 -1 34 0 0.11 M M 5.8 17 290 M M 8 1 25 320
17 36 21 29 -3 36 0 T M M 5.9 13 290 M M 1 M M
18 39 20 30 -2 35 0 0.01 M M 6.7 18 280 M M 2 1 24 280
19 39 22 31 -1 34 0 0.00 M M 3.6 8 280 M M 1 M M
20 49 25 37 5 28 0 0.00 M M 6.2 20 260 M M 5 35 280
21 43 28 36 5 29 0 0.00 M M 13.8 24 260 M M 1 36 260
22 54 28 41 10 24 0 0.00 M M 7.2 23 300 M M 5 43 300
23 46 41 44 13 21 0 0.00 M M 22.2 32 270 M M 0 54 250
24 51 35 43 12 22 0 0.00 M M 10.9 30 290 M M 1 58 290
25 46 33 40 9 25 0 0.00 M M 4.3 16 300 M M 2 M M
26 65 35 50 19 15 0 0.00 M M 6.5 18 280 M M 2 35 270
27 60 43 52 21 13 0 T M M 17.3 43 280 M M 2 66 260
28 56 38 47 16 18 0 0.00 M M 10.0 16 230 M M 2 27 300
29 49 36 43 12 22 0 0.12 M M 6.6 16 270 M M 5 30 260
30 39 32 36 5 29 0 0.30 M M 3.6 12 330 M M 5 1 M M
31 40 33 37 6 28 0 T M M 4.0 13 280 M M 9 1 30 280
================================================================================
SM 1185 771 1027 0 1.67 M 363.0 M 121
================================================================================
AV 38.2 24.9 11.7 FASTST M M 4 MAX(MPH)
MISC ----> 55 280 74 290
================================================================================
NOTES:
# LAST OF SEVERAL OCCURRENCES
COLUMN 17 PEAK WIND IN M.P.H.
PRELIMINARY LOCAL CLIMATOLOGICAL DATA (WS FORM: F-6) , PAGE 2
STATION: KODIAK
MONTH: DECEMBER
YEAR: 2021
LATITUDE: 57 45 N
LONGITUDE: 152 31 W
[TEMPERATURE DATA] [PRECIPITATION DATA] SYMBOLS USED IN COLUMN 16
AVERAGE MONTHLY: 31.5 TOTAL FOR MONTH: 1.67 1 = FOG OR MIST
DPTR FM NORMAL: -0.4 DPTR FM NORMAL: -7.14 2 = FOG REDUCING VISIBILITY
HIGHEST: 65 ON 26 GRTST 24HR 0.75 ON 5- 6 TO 1/4 MILE OR LESS
LOWEST: 5 ON 3 3 = THUNDER
SNOW, ICE PELLETS, HAIL 4 = ICE PELLETS
TOTAL MONTH: M 5 = HAIL
GRTST 24HR M ON M 6 = FREEZING RAIN OR DRIZZLE
GRTST DEPTH: M ON M 7 = DUSTSTORM OR SANDSTORM:
VSBY 1/2 MILE OR LESS
8 = SMOKE OR HAZE
[NO. OF DAYS WITH] [WEATHER - DAYS WITH] 9 = BLOWING SNOW
X = TORNADO
MAX 32 OR BELOW: 10 0.01 INCH OR MORE: 10
MAX 90 OR ABOVE: 0 0.10 INCH OR MORE: 6
MIN 32 OR BELOW: 22 0.50 INCH OR MORE: 1
MIN 0 OR BELOW: 0 1.00 INCH OR MORE: 0
[HDD (BASE 65) ]
TOTAL THIS MO. 1027 CLEAR (SCALE 0-3) 16
DPTR FM NORMAL 1 PTCLDY (SCALE 4-7) 9
TOTAL FM JUL 1 2440 CLOUDY (SCALE 8-10) 6
DPTR FM NORMAL -1147
[CDD (BASE 65) ]
TOTAL THIS MO. 0
DPTR FM NORMAL 0 [PRESSURE DATA]
TOTAL FM JAN 1 0 HIGHEST SLP M ON M
DPTR FM NORMAL -7 LOWEST SLP 28.49 ON 9
[REMARKS]
#FINAL-12-21#