000
CXUS52 KFFC 011010
CF6AHN
PRELIMINARY LOCAL CLIMATOLOGICAL DATA (WS FORM: F-6)
STATION: ATHENS
MONTH: APRIL
YEAR: 2022
LATITUDE: 33 57 N
LONGITUDE: 83 19 W
TEMPERATURE IN F: :PCPN: SNOW: WIND :SUNSHINE: SKY :PK WND
================================================================================
1 2 3 4 5 6A 6B 7 8 9 10 11 12 13 14 15 16 17 18
12Z AVG MX 2MIN
DY MAX MIN AVG DEP HDD CDD WTR SNW DPTH SPD SPD DIR MIN PSBL S-S WX SPD DR
================================================================================
1 69 48 59 0 6 0 0.00 0.0 M 7.2 17 250 M M 0 28 280
2 67 41 54 -5 11 0 0.00 0.0 M 4.1 17 70 M M 1 23 80
3 74 46 60 1 5 0 0.00 0.0 M 6.1 16 320 M M 0 28 300
4 75 45 60 1 5 0 0.00 0.0 M 6.0 16 90 M M 0 24 80
5 64 46 55 -5 10 0 1.83 M M 5.9 15 290 M M 4 13 24 270
6 72 60 66 6 0 1 0.18 0.0 M 3.3 12 240 M M 8 13 23 180
7 70 54 62 2 3 0 0.27 0.0 M 9.5 23 290 M M 4 13 40 300
8 61 42 52 -8 13 0 0.00 0.0 M 7.7 17 290 M M 5 33 240
9 55 36 46 -15 19 0 0.00 0.0 M 7.7 23 300 M M 6 35 310
10 74 32 53 -8 12 0 0.00 0.0 M 1.6 7 260 M M 0 M M
11 74 43 59 -2 6 0 0.00 0.0 M 2.6 12 270 M M 0 18 240
12 82 50 66 5 0 1 0.00 0.0 M 3.3 10 260 M M 3 20 230
13 78 60 69 7 0 4 0.00 0.0 M 3.6 14 100 M M 2 18 240
14 79 57 68 6 0 3 0.00 0.0 M 6.8 15 260 M M 5 28 150
15 77 42 60 -2 5 0 0.00 0.0 M 5.9 18 90 M M 0 28 80
16 66 53 60 -2 5 0 0.57 0.0 M 3.0 9 50 M M 5 1 14 110
17 80 55 68 5 0 3 0.00 0.0 M 1.4 7 90 M M 5 12 11 360
18 65 47 56 -7 9 0 0.07 M M 5.9 20 30 M M 7 1 33 310
19 68 35 52 -11 13 0 0.00 0.0 M 6.0 15 310 M M 0 26 310
20 71 40 56 -7 9 0 0.00 0.0 M 6.4 13 100 M M 0 22 100
21 77 50 64 0 1 0 0.00 0.0 M 2.6 9 100 M M 2 14 100
22 83 52 68 4 0 3 0.00 0.0 M 1.3 8 110 M M 0 1 12 80
23 80 54 67 3 0 2 0.00 0.0 M 3.0 10 120 M M 2 18 130
24 81 54 68 4 0 3 0.00 0.0 M 2.0 9 110 M M 1 15 230
25 85 56 71 6 0 6 0.00 0.0 M 2.1 9 250 M M 1 1 16 230
26 79 56 68 3 0 3 T 0.0 M 5.4 18 310 M M 2 35 310
27 78 45 62 -3 3 0 0.00 0.0 M 4.7 10 10 M M 0 17 20
28 79 45 62 -4 3 0 0.00 0.0 M 2.9 10 100 M M 0 16 70
29 81 52 67 1 0 2 0.00 0.0 M 2.2 9 230 M M 0 17 220
30 83 52 68 2 0 3 0.00 0.0 M 3.2 9 120 M M 1 16 250
================================================================================
SM 2227 1448 138 34 2.92 0.0 133.4 M 64
================================================================================
AV 74.2 48.3 4.4 FASTST M M 2 MAX(MPH)
MISC ----> # 23 290 40 300
================================================================================
NOTES:
# LAST OF SEVERAL OCCURRENCES
COLUMN 17 PEAK WIND IN M.P.H.
PRELIMINARY LOCAL CLIMATOLOGICAL DATA (WS FORM: F-6) , PAGE 2
STATION: ATHENS
MONTH: APRIL
YEAR: 2022
LATITUDE: 33 57 N
LONGITUDE: 83 19 W
[TEMPERATURE DATA] [PRECIPITATION DATA] SYMBOLS USED IN COLUMN 16
AVERAGE MONTHLY: 61.3 TOTAL FOR MONTH: 2.92 1 = FOG OR MIST
DPTR FM NORMAL: -1.0 DPTR FM NORMAL: -0.60 2 = FOG REDUCING VISIBILITY
HIGHEST: 85 ON 25 GRTST 24HR 1.83 ON 5- 5 TO 1/4 MILE OR LESS
LOWEST: 32 ON 10 3 = THUNDER
SNOW, ICE PELLETS, HAIL 4 = ICE PELLETS
TOTAL MONTH: 0.0 INCH 5 = HAIL
GRTST 24HR 0.0 6 = FREEZING RAIN OR DRIZZLE
GRTST DEPTH: M ON M 7 = DUSTSTORM OR SANDSTORM:
VSBY 1/2 MILE OR LESS
8 = SMOKE OR HAZE
[NO. OF DAYS WITH] [WEATHER - DAYS WITH] 9 = BLOWING SNOW
X = TORNADO
MAX 32 OR BELOW: 0 0.01 INCH OR MORE: 5
MAX 90 OR ABOVE: 0 0.10 INCH OR MORE: 4
MIN 32 OR BELOW: 1 0.50 INCH OR MORE: 2
MIN 0 OR BELOW: 0 1.00 INCH OR MORE: 1
[HDD (BASE 65) ]
TOTAL THIS MO. 138 CLEAR (SCALE 0-3) 20
DPTR FM NORMAL 4 PTCLDY (SCALE 4-7) 9
TOTAL FM JUL 1 2138 CLOUDY (SCALE 8-10) 1
DPTR FM NORMAL -504
[CDD (BASE 65) ]
TOTAL THIS MO. 34
DPTR FM NORMAL -19 [PRESSURE DATA]
TOTAL FM JAN 1 59 HIGHEST SLP 30.45 ON 21
DPTR FM NORMAL -9 LOWEST SLP 29.60 ON 5
[REMARKS]
#FINAL-04-22#