000
CXUS55 KCYS 021156
CF6AIA
PRELIMINARY LOCAL CLIMATOLOGICAL DATA (WS FORM: F-6)
STATION: ALLIANCE NEBRASKA AIRPORT
MONTH: DECEMBER
YEAR: 2023
LATITUDE: 42 2 N
LONGITUDE: 102 48 W
TEMPERATURE IN F: :PCPN: SNOW: WIND :SUNSHINE: SKY :PK WND
================================================================================
1 2 3 4 5 6A 6B 7 8 9 10 11 12 13 14 15 16 17 18
12Z AVG MX 2MIN
DY MAX MIN AVG DEP HDD CDD WTR SNW DPTH SPD SPD DIR MIN PSBL S-S WX SPD DR
================================================================================
1 39 18 29 2 36 0 0.00 M M 9.5 22 180 M M 2 29 180
2 41 15 28 1 37 0 0.00 M M 11.3 32 300 M M 1 40 290
3 42 15 29 3 36 0 T M M 15.3 33 310 M M 4 46 330
4 48 19 34 8 31 0 0.02 M M 13.1 25 350 M M 7 1 37 350
5 57 25 41 15 24 0 0.00 M M 5.6 14 280 M M 6 18 280
6 67 24 46 21 19 0 0.00 M M 5.9 17 260 M M 0 31 250
7 62 19 41 16 24 0 0.00 M M 17.7 47 260 M M 0 63 260
8 45 23 34 9 31 0 0.00 M M 14.1 25 320 M M 0 36 320
9 39 10 25 1 40 0 0.00 M M 13.3 26 330 M M 0 41 320
10 49 11 30 6 35 0 0.00 M M 10.4 26 300 M M 2 33 300
11 53 19 36 12 29 0 0.00 M M 9.3 16 30 M M 2 22 320
12 33 17 25 1 40 0 T M M 5.5 15 150 M M 6 1 19 150
13 42 12 27 4 38 0 0.00 M M 5.9 15 160 M M 2 20 170
14 41 18 30 7 35 0 0.00 M M 14.6 28 180 M M 7 12 42 170
15 47 12 30 7 35 0 0.00 M M 9.4 29 330 M M 1 12 37 320
16 58 12 35 12 30 0 0.00 M M 9.5 18 300 M M 0 23 310
17 56 16 36 13 29 0 0.00 M M 10.6 29 320 M M 0 39 330
18 51 13 32 9 33 0 0.00 M M 7.7 18 170 M M 0 23 190
19 61 19 40 17 25 0 0.00 M M 7.2 22 320 M M 0 30 320
20 64 20 42 20 23 0 0.00 M M 4.2 17 230 M M 0 22 230
21 61 20 41 19 24 0 0.00 M M 7.4 20 290 M M 1 23 290
22 59 18 39 17 26 0 0.00 M M 6.9 23 250 M M 0 30 260
23 47 18 33 11 32 0 0.00 M M 6.7 26 340 M M 6 34 350
24 33 22 28 6 37 0 T M M 19.7 29 330 M M 9 18 39 330
25 27 20 24 2 41 0 T M M 22.1 44 340 M M 9 18 57 340
26 31 23 27 5 38 0 0.51 M M 20.2 32 340 M M 10 1 43 340
27 35 10 23 1 42 0 T M M 12.6 25 330 M M 4 1 32 330
28 37 6 22 -1 43 0 0.00 M M 5.5 15 290 M M 0 16 290
29 47 6 27 4 38 0 0.00 M M 5.8 15 270 M M 0 16 270
30 42 11 27 4 38 0 0.00 M M 3.5 10 30 M M 1 11 20
31 33 4 19 -4 46 0 0.00 M M 4.3 12 160 M M 3 12 14 160
================================================================================
SM 1447 495 1035 0 0.53 M 314.8 M 83
================================================================================
AV 46.7 16.0 10.2 FASTST M M 3 MAX(MPH)
MISC ----> 47 260 63 260
================================================================================
NOTES:
# LAST OF SEVERAL OCCURRENCES
COLUMN 17 PEAK WIND IN M.P.H.
PRELIMINARY LOCAL CLIMATOLOGICAL DATA (WS FORM: F-6) , PAGE 2
STATION: ALLIANCE NEBRASKA AIRPORT
MONTH: DECEMBER
YEAR: 2023
LATITUDE: 42 2 N
LONGITUDE: 102 48 W
[TEMPERATURE DATA] [PRECIPITATION DATA] SYMBOLS USED IN COLUMN 16
AVERAGE MONTHLY: 31.3 TOTAL FOR MONTH: 0.53 1 = FOG OR MIST
DPTR FM NORMAL: 7.6 DPTR FM NORMAL: 0.30 2 = FOG REDUCING VISIBILITY
HIGHEST: 67 ON 6 GRTST 24HR 0.51 ON 26-26 TO 1/4 MILE OR LESS
LOWEST: 4 ON 31 3 = THUNDER
SNOW, ICE PELLETS, HAIL 4 = ICE PELLETS
TOTAL MONTH: M 5 = HAIL
GRTST 24HR M ON M 6 = FREEZING RAIN OR DRIZZLE
GRTST DEPTH: M ON M 7 = DUSTSTORM OR SANDSTORM:
VSBY 1/2 MILE OR LESS
8 = SMOKE OR HAZE
[NO. OF DAYS WITH] [WEATHER - DAYS WITH] 9 = BLOWING SNOW
X = TORNADO
MAX 32 OR BELOW: 2 0.01 INCH OR MORE: 2
MAX 90 OR ABOVE: 0 0.10 INCH OR MORE: 1
MIN 32 OR BELOW: 31 0.50 INCH OR MORE: 1
MIN 0 OR BELOW: 0 1.00 INCH OR MORE: 0
[HDD (BASE 65) ]
TOTAL THIS MO. 1035 CLEAR (SCALE 0-3) 21
DPTR FM NORMAL -247 PTCLDY (SCALE 4-7) 7
TOTAL FM JUL 1 2575 CLOUDY (SCALE 8-10) 3
DPTR FM NORMAL -485
[CDD (BASE 65) ]
TOTAL THIS MO. 0
DPTR FM NORMAL 0 [PRESSURE DATA]
TOTAL FM JAN 1 543 HIGHEST SLP 30.61 ON 13
DPTR FM NORMAL -18 LOWEST SLP 29.52 ON 7
[REMARKS]
#FINAL-12-23#
DECEMBER 5... RECORD HIGH MINIMUM TEMPERATURE TIED: 32F (PREVIOUS IN 1946)
DECEMBER 26... COCORAHS STATION NE-BX-5 USED FOR PRECIPITATION DUE TO ASOS ERRORS
DURING NEAR BLIZZARD CONDITIONS
DECEMBER 26... RECORD DAILY MAXIMUM PRECIPITATION: 0.51" (PREVIOUS: 0.40" IN 1933)