000
CXAK57 PAJK 011957
CLMAJK
NATIONAL WEATHER SERVICE JUNEAU AK
1132 AM AKDT TUE AUG 01 2023
...................................
...THE JUNEAU CLIMATE SUMMARY FOR THE MONTH OF JULY 2023...
CLIMATE NORMAL PERIOD: 1991 TO 2020
CLIMATE RECORD PERIOD: 1936 TO 2023
WEATHER OBSERVED NORMAL DEPART LAST YEAR`S
VALUE DATE(S) VALUE FROM VALUE
NORMAL
..............................................................
TEMPERATURE (F)
RECORD
HIGH 90 07/07/1975
LOW 36 07/08/1950
HIGHEST 85 07/07 78 7
LOWEST 43 07/25 43 0
AVG. MAXIMUM 69.4 64.0 5.4
AVG. MINIMUM 51.4 50.1 1.3
MEAN 60.4 57.0 3.4
DAYS MAX >= 90 0 0.0 0.0
DAYS MAX <= 32 0 0.0 0.0
DAYS MIN <= 32 0 0.0 0.0
DAYS MIN <= 0 0 0.0 0.0
PRECIPITATION (INCHES)
RECORD
MAXIMUM 10.40 2015
MINIMUM 1.15 1972
TOTALS 1.79 5.14 -3.35
DAILY AVG. 0.06 0.17 -0.11
DAYS >= .01 9 18.5 -9.5
DAYS >= .10 6 11.6 -5.6
DAYS >= .50 1 3.5 -2.5
DAYS >= 1.00 0 0.7 -0.7
GREATEST
24 HR. TOTAL 0.53 07/18 TO 07/19
DEGREE DAYS
HEATING TOTAL 141 248 -107
SINCE 7/1 141 247 -106
COOLING TOTAL 6 1 5
SINCE 1/1 8 2 6
FREEZE DATES
EARLIEST 10/23
LATEST 05/09
..............................................................
WIND (MPH)
AVERAGE WIND SPEED 5.6
HIGHEST WIND SPEED/DIRECTION 23/120 DATE 07/23
HIGHEST GUST SPEED/DIRECTION 32/110 DATE 07/23
WEATHER CONDITIONS. NUMBER OF DAYS WITH
THUNDERSTORM 0 MIXED PRECIP 0
HEAVY RAIN 1 RAIN 5
LIGHT RAIN 13 FREEZING RAIN 0
LT FREEZING RAIN 0 HAIL 0
HEAVY SNOW 0 SNOW 0
LIGHT SNOW 0 SLEET 0
FOG 13 FOG W/VIS <= 1/4 MILE 2
HAZE 2
- INDICATES NEGATIVE NUMBERS.
R INDICATES RECORD WAS SET OR TIED.
MM INDICATES DATA IS MISSING.
T INDICATES TRACE AMOUNT.
$$
...ABOVE NORMAL TEMPERATURES AND BELOW NORMAL RAINFALL FOR SE AK FOR
JULY...
For the vast majority of the month, ridges of high pressure,
generally offshore flow, and warm air advection dominated the
weather over the Panhandle, which kept surface conditions dry, skies
clear to partly cloudy, and temperatures warm for the month.
Therefore, for all 4 climate sites, the average monthly temperature
was above normal and the total monthly precipitation was below
normal for the month of July. We had a small handful of relatively
quick-moving weather systems scattered throughout the month that
generally brought mostly cloudy to cloudy skies and rain to SE AK
and kept temperatures moderated for those days, but not enough to
bring any of the climate sites up to normal for rainfall or down to
normal for temperatures.
Additionally, Sitka Airport tied their record high temperature of 73
that was previously set back in 1994.
Chambers
$$