000
CXAK56 PAJK 082227
CF6AJN
PRELIMINARY LOCAL CLIMATOLOGICAL DATA (WS FORM: F-6)
STATION: JUNEAU
MONTH: NOVEMBER
YEAR: 2022
LATITUDE: 58 22 N
LONGITUDE: 134 35 W
TEMPERATURE IN F: :PCPN: SNOW: WIND :SUNSHINE: SKY :PK WND
================================================================================
1 2 3 4 5 6A 6B 7 8 9 10 11 12 13 14 15 16 17 18
12Z AVG MX 2MIN
DY MAX MIN AVG DEP HDD CDD WTR SNW DPTH SPD SPD DIR MIN PSBL S-S WX SPD DR
================================================================================
1 39 23 31 -6 34 0 0.00 0.0 0 1.2 7 200 M M 3 2 9 220
2 37 23 30 -6 35 0 0.13 0.5 0 16.8 36 120 M M 7 1 45 110
3 40 34 37 1 28 0 0.16 0.0 0 7.4 22 100 M M 9 1 26 100
4 38 30 34 -2 31 0 0.32 T 0 5.3 15 100 M M 9 1 19 90
5 34 26 30 -6 35 0 0.00 0.0 0 5.8 23 80 M M 6 33 70
6 29 21 25 -10 40 0 0.00 0.0 0 8.4 23 90 M M 3 34 70
7 30 17 24 -11 41 0 0.00 0.0 0 8.2 18 130 M M 2 24 120
8 30 17 24 -11 41 0 0.00 0.0 0 2.0 9 120 M M 6 12 50
9 32 19 26 -9 39 0 T T 0 5.9 20 100 M M 10 24 130
10 34 30 32 -2 33 0 0.61 5.1 T 10.9 24 120 M M 10 1 29 110
11 37 32 35 1 30 0 0.09 0.5 5 7.3 15 90 M M 10 1 18 80
12 41 37 39 5 26 0 0.78 0.0 3 19.6 31 110 M M 10 1 38 100
13 46 40 43 9 22 0 0.17 0.0 0 13.3 24 100 M M 10 1 30 100
14 46 39 43 9 22 0 1.00 0.0 0 13.2 26 100 M M 10 1 34 110
15 42 35 39 5 26 0 0.19 0.0 0 1.3 7 240 M M 10 2 8 240
16 43 26 35 2 30 0 0.00 0.0 0 0.5 7 180 M M 7 2 7 180
17 34 21 28 -5 37 0 0.00 0.0 0 0.6 5 110 M M 4 1 5 80
18 33 20 27 -6 38 0 0.00 0.0 0 0.6 6 90 M M 3 1 7 80
19 40 24 32 -1 33 0 0.11 0.1 0 9.1 21 110 M M 10 1 24 100
20 44 38 41 8 24 0 0.33 0.0 0 14.9 22 110 M M 10 1 28 120
21 44 41 43 10 22 0 0.66 0.0 0 18.5 40 110 M M 10 1 49 110
22 43 39 41 8 24 0 0.23 0.0 0 13.5 24 120 M M 10 1 29 120
23 44 38 41 9 24 0 0.57 0.0 0 13.8 30 110 M M 10 1 38 110
24 42 33 38 6 27 0 0.41 T T 9.1 28 120 M M 9 1 32 120
25 39 33 36 4 29 0 0.40 T 0 9.7 31 120 M M 10 14 40 110
26 36 25 31 -1 34 0 0.08 0.3 0 3.2 12 230 M M 7 1 14 100
27 33 24 29 -3 36 0 0.00 0.0 0 0.9 6 290 M M 7 1 6 290
28 29 19 24 -8 41 0 0.00 0.0 0 3.7 17 80 M M 6 23 80
29 24 16 20 -12 45 0 0.00 0.0 0 10.4 23 20 M M 6 34 20
30 20 10 15 -17 50 0 0.00 0.0 0 6.7 17 80 M M 3 24 30
================================================================================
SM 1103 830 977 0 6.24 6.5 241.8 M 227
================================================================================
AV 36.8 27.7 8.1 FASTST M M 8 MAX(MPH)
MISC ----> 40 110 49 110
================================================================================
NOTES:
# LAST OF SEVERAL OCCURRENCES
COLUMN 17 PEAK WIND IN M.P.H.
PRELIMINARY LOCAL CLIMATOLOGICAL DATA (WS FORM: F-6) , PAGE 2
STATION: JUNEAU
MONTH: NOVEMBER
YEAR: 2022
LATITUDE: 58 22 N
LONGITUDE: 134 35 W
[TEMPERATURE DATA] [PRECIPITATION DATA] SYMBOLS USED IN COLUMN 16
AVERAGE MONTHLY: 32.2 TOTAL FOR MONTH: 6.24 1 = FOG OR MIST
DPTR FM NORMAL: -1.6 DPTR FM NORMAL: -0.30 2 = FOG REDUCING VISIBILITY
HIGHEST: 46 ON 14,13 GRTST 24HR 1.00 ON 14-14 TO 1/4 MILE OR LESS
LOWEST: 10 ON 30 3 = THUNDER
SNOW, ICE PELLETS, HAIL 4 = ICE PELLETS
TOTAL MONTH: 6.6 INCHES 5 = HAIL
GRTST 24HR 5.1 ON 10-10 6 = FREEZING RAIN OR DRIZZLE
GRTST DEPTH: 5 ON 11 7 = DUSTSTORM OR SANDSTORM:
VSBY 1/2 MILE OR LESS
8 = SMOKE OR HAZE
[NO. OF DAYS WITH] [WEATHER - DAYS WITH] 9 = BLOWING SNOW
X = TORNADO
MAX 32 OR BELOW: 7 0.01 INCH OR MORE: 17
MAX 90 OR ABOVE: 0 0.10 INCH OR MORE: 15
MIN 32 OR BELOW: 19 0.50 INCH OR MORE: 5
MIN 0 OR BELOW: 0 1.00 INCH OR MORE: 1
[HDD (BASE 65) ]
TOTAL THIS MO. 977 CLEAR (SCALE 0-3) 3
DPTR FM NORMAL 39 PTCLDY (SCALE 4-7) 11
TOTAL FM JUL 1 2370 CLOUDY (SCALE 8-10) 16
DPTR FM NORMAL -250
[CDD (BASE 65) ]
TOTAL THIS MO. 0
DPTR FM NORMAL 0 [PRESSURE DATA]
TOTAL FM JAN 1 16 HIGHEST SLP 30.79 ON 16
DPTR FM NORMAL 14 LOWEST SLP 29.14 ON 23
[REMARKS]
#FINAL-11-22#
RESENT DUE TO +0.01 PRECIPITATION ADJUSTMENT ON 11/3.