000
CXAK56 PAJK 011809
CF6AJN
PRELIMINARY LOCAL CLIMATOLOGICAL DATA (WS FORM: F-6)
STATION: JUNEAU
MONTH: JULY
YEAR: 2022
LATITUDE: 58 22 N
LONGITUDE: 134 35 W
TEMPERATURE IN F: :PCPN: SNOW: WIND :SUNSHINE: SKY :PK WND
================================================================================
1 2 3 4 5 6A 6B 7 8 9 10 11 12 13 14 15 16 17 18
12Z AVG MX 2MIN
DY MAX MIN AVG DEP HDD CDD WTR SNW DPTH SPD SPD DIR MIN PSBL S-S WX SPD DR
================================================================================
1 72 47 60 4 5 0 0.00 0.0 0 5.7 14 270 M M 7 18 250
2 77 49 63 7 2 0 0.00 0.0 0 5.1 14 230 M M 4 17 220
3 80 51 66 10 0 1 0.00 0.0 0 5.8 13 240 M M 5 14 240
4 84 53 69 13 0 4 T 0.0 0 5.9 14 240 M M 6 3 16 240
5 79 59 69 13 0 4 0.00 0.0 0 8.6 21 110 M M 7 27 110
6 73 59 66 10 0 1 0.00 0.0 0 5.8 14 230 M M 9 16 240
7 63 55 59 3 6 0 0.12 0.0 0 7.8 14 100 M M 9 1 17 110
8 61 55 58 2 7 0 0.12 0.0 0 9.6 18 110 M M 10 1 23 120
9 63 54 59 2 6 0 0.03 0.0 0 8.0 18 100 M M 10 1 22 130
10 57 53 55 -2 10 0 0.42 0.0 0 8.7 22 130 M M 10 1 28 130
11 57 51 54 -3 11 0 0.63 0.0 0 15.3 31 120 M M 10 18 38 110
12 58 51 55 -2 10 0 0.14 0.0 0 4.6 13 100 M M 10 1 25 340
13 57 50 54 -3 11 0 0.09 0.0 0 5.8 16 130 M M 10 1 19 120
14 65 51 58 1 7 0 T 0.0 0 3.8 12 230 M M 9 14 220
15 72 51 62 5 3 0 0.00 0.0 0 5.6 15 260 M M 6 17 250
16 60 55 58 1 7 0 0.01 0.0 0 7.3 13 90 M M 10 15 130
17 56 53 55 -2 10 0 0.64 0.0 0 16.8 28 110 M M 10 1 36 110
18 57 52 55 -2 10 0 0.18 0.0 0 8.0 20 110 M M 10 1 25 110
19 56 52 54 -3 11 0 0.07 0.0 0 6.9 14 100 M M 10 1 19 170
20 53 51 52 -5 13 0 0.38 0.0 0 12.9 21 120 M M 10 1 27 110
21 58 51 55 -3 10 0 0.13 0.0 0 9.1 15 90 M M 10 1 19 100
22 55 51 53 -5 12 0 0.44 0.0 0 10.4 18 120 M M 10 1 23 120
23 57 52 55 -3 10 0 0.13 0.0 0 11.8 18 120 M M 10 1 22 110
24 57 52 55 -3 10 0 0.72 0.0 0 12.4 22 110 M M 10 1 30 100
25 59 53 56 -2 9 0 0.20 0.0 0 5.8 13 80 M M 10 1 15 90
26 66 52 59 1 6 0 0.11 0.0 0 4.5 16 90 M M 9 1 20 80
27 68 48 58 0 7 0 0.25 0.0 0 4.1 10 110 M M 8 1 13 240
28 59 54 57 -1 8 0 1.25 0.0 0 9.1 17 100 M M 10 1 21 100
29 65 54 60 2 5 0 0.11 0.0 0 3.8 9 110 M M 10 1 12 220
30 63 54 59 1 6 0 0.11 0.0 0 5.8 15 80 M M 10 1 19 90
31 64 55 60 2 5 0 0.70 0.0 0 6.5 14 110 M M 10 1 15 110
================================================================================
SM 1971 1628 217 10 6.98 0.0 241.3 M 279
================================================================================
AV 63.6 52.5 7.8 FASTST M M 9 MAX(MPH)
MISC ----> 31 120 38 110
================================================================================
NOTES:
# LAST OF SEVERAL OCCURRENCES
COLUMN 17 PEAK WIND IN M.P.H.
PRELIMINARY LOCAL CLIMATOLOGICAL DATA (WS FORM: F-6) , PAGE 2
STATION: JUNEAU
MONTH: JULY
YEAR: 2022
LATITUDE: 58 22 N
LONGITUDE: 134 35 W
[TEMPERATURE DATA] [PRECIPITATION DATA] SYMBOLS USED IN COLUMN 16
AVERAGE MONTHLY: 58.0 TOTAL FOR MONTH: 6.98 1 = FOG OR MIST
DPTR FM NORMAL: 1.0 DPTR FM NORMAL: 1.84 2 = FOG REDUCING VISIBILITY
HIGHEST: 84 ON 4 GRTST 24HR 1.34 ON 27-28 TO 1/4 MILE OR LESS
LOWEST: 47 ON 1 3 = THUNDER
SNOW, ICE PELLETS, HAIL 4 = ICE PELLETS
TOTAL MONTH: 0.0 INCH 5 = HAIL
GRTST 24HR 0.0 6 = FREEZING RAIN OR DRIZZLE
GRTST DEPTH: 0 7 = DUSTSTORM OR SANDSTORM:
VSBY 1/2 MILE OR LESS
8 = SMOKE OR HAZE
[NO. OF DAYS WITH] [WEATHER - DAYS WITH] 9 = BLOWING SNOW
X = TORNADO
MAX 32 OR BELOW: 0 0.01 INCH OR MORE: 23
MAX 90 OR ABOVE: 0 0.10 INCH OR MORE: 19
MIN 32 OR BELOW: 0 0.50 INCH OR MORE: 5
MIN 0 OR BELOW: 0 1.00 INCH OR MORE: 1
[HDD (BASE 65) ]
TOTAL THIS MO. 217 CLEAR (SCALE 0-3) 0
DPTR FM NORMAL -31 PTCLDY (SCALE 4-7) 7
TOTAL FM JUL 1 217 CLOUDY (SCALE 8-10) 24
DPTR FM NORMAL -30
[CDD (BASE 65) ]
TOTAL THIS MO. 10
DPTR FM NORMAL 9 [PRESSURE DATA]
TOTAL FM JAN 1 14 HIGHEST SLP 30.28 ON 25
DPTR FM NORMAL 12 LOWEST SLP 29.75 ON 10
[REMARKS]
#FINAL-07-22#