000
CXAK56 PAJK 011310
CF6AJN
PRELIMINARY LOCAL CLIMATOLOGICAL DATA (WS FORM: F-6)
STATION: JUNEAU
MONTH: JULY
YEAR: 2021
LATITUDE: 58 22 N
LONGITUDE: 134 35 W
TEMPERATURE IN F: :PCPN: SNOW: WIND :SUNSHINE: SKY :PK WND
================================================================================
1 2 3 4 5 6A 6B 7 8 9 10 11 12 13 14 15 16 17 18
12Z AVG MX 2MIN
DY MAX MIN AVG DEP HDD CDD WTR SNW DPTH SPD SPD DIR MIN PSBL S-S WX SPD DR
================================================================================
1 64 54 59 3 6 0 T 0.0 0 6.7 14 110 M M 9 3 18 110
2 64 51 58 2 7 0 T 0.0 0 3.5 13 250 M M 9 16 250
3 65 49 57 1 8 0 0.00 0.0 0 5.9 13 270 M M 8 16 240
4 68 53 61 5 4 0 0.00 0.0 0 6.5 14 230 M M 6 17 220
5 74 46 60 4 5 0 0.00 0.0 0 5.8 13 270 M M 2 16 270
6 69 51 60 4 5 0 0.00 0.0 0 7.4 14 260 M M 7 17 250
7 68 52 60 4 5 0 0.03 0.0 0 4.3 14 230 M M 9 1 15 230
8 59 53 56 0 9 0 0.09 0.0 0 6.4 17 110 M M 10 1 22 110
9 63 54 59 2 6 0 0.09 0.0 0 6.8 16 120 M M 9 18 20 110
10 57 50 54 -3 11 0 0.01 0.0 0 4.4 13 100 M M 10 1 15 110
11 61 50 56 -1 9 0 0.02 0.0 0 10.1 18 90 M M 9 1 24 110
12 58 53 56 -1 9 0 0.79 0.0 0 12.3 18 110 M M 10 1 23 100
13 59 53 56 -1 9 0 0.60 0.0 0 4.0 9 280 M M 10 1 13 80
14 59 51 55 -2 10 0 0.27 0.0 0 7.2 13 100 M M 10 1 16 90
15 67 50 59 2 6 0 0.00 0.0 0 3.7 10 230 M M 9 1 14 240
16 73 52 63 6 2 0 0.01 0.0 0 3.6 13 80 M M 9 17 80
17 73 49 61 4 4 0 T 0.0 0 9.1 24 80 M M 6 33 70
18 62 54 58 1 7 0 0.11 0.0 0 6.4 14 90 M M 10 1 18 90
19 72 50 61 4 4 0 0.00 0.0 0 6.2 16 230 M M 7 12 18 240
20 77 53 65 8 0 0 T 0.0 0 7.6 14 80 M M 6 21 130
21 62 55 59 1 6 0 0.01 0.0 0 7.7 16 100 M M 9 1 20 110
22 60 53 57 -1 8 0 0.04 0.0 0 10.7 22 120 M M 10 1 30 120
23 58 53 56 -2 9 0 0.06 M M 9.2 16 120 M M 10 1 21 110
24 61 52 57 -1 8 0 0.20 0.0 0 7.0 16 130 M M 10 1 20 120
25 65 51 58 0 7 0 0.22 0.0 0 3.7 10 100 M M 8 1 11 100
26 68 51 60 2 5 0 T 0.0 M 4.3 10 240 M M 8 12 240
27 65 53 59 1 6 0 T M M 9.2 16 120 M M 8 21 120
28 70 50 60 2 5 0 0.00 0.0 0 4.7 14 250 M M 4 17 250
29 74 45 60 2 5 0 0.00 0.0 0 4.5 13 230 M M 3 15 230
30 75 55 65 7 0 0 0.00 0.0 0 3.8 13 230 M M 7 15 220
31 81 51 66 8 0 1 0.00 0.0 0 5.3 14 70 M M 4 17 70
================================================================================
SM 2051 1597 185 1 2.55 0.0 198.0 M 246
================================================================================
AV 66.2 51.5 6.4 FASTST M M 8 MAX(MPH)
MISC ----> 24 80 33 70
================================================================================
NOTES:
# LAST OF SEVERAL OCCURRENCES
COLUMN 17 PEAK WIND IN M.P.H.
PRELIMINARY LOCAL CLIMATOLOGICAL DATA (WS FORM: F-6) , PAGE 2
STATION: JUNEAU
MONTH: JULY
YEAR: 2021
LATITUDE: 58 22 N
LONGITUDE: 134 35 W
[TEMPERATURE DATA] [PRECIPITATION DATA] SYMBOLS USED IN COLUMN 16
AVERAGE MONTHLY: 58.8 TOTAL FOR MONTH: 2.55 1 = FOG OR MIST
DPTR FM NORMAL: 1.8 DPTR FM NORMAL: -2.59 2 = FOG REDUCING VISIBILITY
HIGHEST: 81 ON 31 GRTST 24HR 0.83 ON 13-14 TO 1/4 MILE OR LESS
LOWEST: 45 ON 29 3 = THUNDER
SNOW, ICE PELLETS, HAIL 4 = ICE PELLETS
TOTAL MONTH: 0.0 INCH 5 = HAIL
GRTST 24HR 0.0 6 = FREEZING RAIN OR DRIZZLE
GRTST DEPTH: 0 7 = DUSTSTORM OR SANDSTORM:
VSBY 1/2 MILE OR LESS
8 = SMOKE OR HAZE
[NO. OF DAYS WITH] [WEATHER - DAYS WITH] 9 = BLOWING SNOW
X = TORNADO
MAX 32 OR BELOW: 0 0.01 INCH OR MORE: 15
MAX 90 OR ABOVE: 0 0.10 INCH OR MORE: 6
MIN 32 OR BELOW: 0 0.50 INCH OR MORE: 2
MIN 0 OR BELOW: 0 1.00 INCH OR MORE: 0
[HDD (BASE 65) ]
TOTAL THIS MO. 185 CLEAR (SCALE 0-3) 2
DPTR FM NORMAL -63 PTCLDY (SCALE 4-7) 11
TOTAL FM JUL 1 185 CLOUDY (SCALE 8-10) 18
DPTR FM NORMAL -62
[CDD (BASE 65) ]
TOTAL THIS MO. 1
DPTR FM NORMAL 0 [PRESSURE DATA]
TOTAL FM JAN 1 4 HIGHEST SLP 30.23 ON 19
DPTR FM NORMAL 2 LOWEST SLP 29.90 ON 16
[REMARKS]
#FINAL-07-21#