000
CXAK56 PAJK 051834
CF6AJN
PRELIMINARY LOCAL CLIMATOLOGICAL DATA (WS FORM: F-6)
STATION: JUNEAU
MONTH: SEPTEMBER
YEAR: 2020
LATITUDE: 58 22 N
LONGITUDE: 134 35 W
TEMPERATURE IN F: :PCPN: SNOW: WIND :SUNSHINE: SKY :PK WND
================================================================================
1 2 3 4 5 6A 6B 7 8 9 10 11 12 13 14 15 16 17 18
12Z AVG MX 2MIN
DY MAX MIN AVG DEP HDD CDD WTR SNW DPTH SPD SPD DIR MIN PSBL S-S WX SPD DR
================================================================================
1 54 52 53 0 12 0 0.69 0.0 0 8.3 16 90 M M 10 1 20 120
2 54 51 53 0 12 0 0.54 0.0 0 10.4 18 120 M M 10 1 22 120
3 55 50 53 0 12 0 0.30 0.0 0 7.9 14 90 M M 10 1 16 100
4 58 44 51 -1 14 0 0.06 0.0 0 3.9 12 80 M M 7 2 16 120
5 60 41 51 -1 14 0 0.00 0.0 0 2.7 9 250 M M 6 2 11 230
6 62 37 50 -2 15 0 0.00 0.0 0 3.6 12 240 M M 4 2 13 240
7 59 44 52 0 13 0 0.11 0.0 0 11.4 22 110 M M 9 1 27 120
8 61 53 57 5 8 0 0.05 0.0 0 10.5 21 80 M M 10 1 25 100
9 62 54 58 7 7 0 0.06 0.0 0 5.9 17 80 M M 10 1 22 80
10 64 47 56 5 9 0 0.01 0.0 0 2.6 10 240 M M 7 1 14 230
11 65 38 52 1 13 0 0.00 0.0 0 4.1 15 260 M M 2 1 20 290
12 62 35 49 -2 16 0 0.00 0.0 0 3.2 16 90 M M 2 22 80
13 62 36 49 -2 16 0 0.00 0.0 0 8.9 23 70 M M 1 37 80
14 63 36 50 0 15 0 0.00 0.0 0 4.1 12 230 M M 1 15 70
15 65 30 48 -2 17 0 0.00 0.0 0 3.0 9 80 M M 3 10 240
16 61 38 50 0 15 0 0.00 0.0 0 3.0 12 240 M M 5 14 230
17 66 38 52 2 13 0 0.00 0.0 0 2.7 9 100 M M 7 11 110
18 54 48 51 1 14 0 0.27 0.0 0 2.1 8 230 M M 10 1 8 100
19 56 46 51 2 14 0 0.06 0.0 0 3.7 9 110 M M 9 1 11 90
20 55 46 51 2 14 0 0.02 0.0 0 9.4 15 90 M M 9 1 19 100
21 56 48 52 3 13 0 0.04 0.0 0 13.5 22 110 M M 10 1 27 120
22 57 48 53 4 12 0 M 0.0 0 M 22 110 M M 10 27 110
23 55 46 51 2 14 0 0.19 0.0 0 6.1 18 100 M M 10 1 22 100
24 54 44 49 1 16 0 0.16 0.0 0 5.2 15 110 M M 9 2 18 100
25 56 41 49 1 16 0 T 0.0 0 6.1 14 90 M M 8 2 21 190
26 54 49 52 4 13 0 0.08 0.0 0 12.9 22 110 M M 10 1 29 100
27 55 47 51 3 14 0 2.00 0.0 0 17.3 30 120 M M 10 1 40 120
28 53 45 49 1 16 0 0.14 0.0 0 9.3 18 80 M M 9 1 25 130
29 51 38 45 -2 20 0 0.00 0.0 0 1.7 10 240 M M 8 2 11 240
30 54 39 47 0 18 0 0.23 0.0 0 3.7 16 90 M M 7 1 19 100
================================================================================
SM 1743 1309 415 0 5.01 0.0 187.2 M 223
================================================================================
AV 58.1 43.6 6.5 FASTST M M 7 MAX(MPH)
MISC ----> 30 120 40 120
================================================================================
NOTES:
# LAST OF SEVERAL OCCURRENCES
COLUMN 17 PEAK WIND IN M.P.H.
PRELIMINARY LOCAL CLIMATOLOGICAL DATA (WS FORM: F-6) , PAGE 2
STATION: JUNEAU
MONTH: SEPTEMBER
YEAR: 2020
LATITUDE: 58 22 N
LONGITUDE: 134 35 W
[TEMPERATURE DATA] [PRECIPITATION DATA] SYMBOLS USED IN COLUMN 16
AVERAGE MONTHLY: 50.9 TOTAL FOR MONTH: 5.01 1 = FOG OR MIST
DPTR FM NORMAL: 0.9 DPTR FM NORMAL: -3.63 2 = FOG REDUCING VISIBILITY
HIGHEST: 66 ON 17 GRTST 24HR 2.00 ON 27-27 TO 1/4 MILE OR LESS
LOWEST: 30 ON 15 3 = THUNDER
SNOW, ICE PELLETS, HAIL 4 = ICE PELLETS
TOTAL MONTH: 0.0 INCH 5 = HAIL
GRTST 24HR 0.0 6 = FREEZING RAIN OR DRIZZLE
GRTST DEPTH: 0 7 = DUSTSTORM OR SANDSTORM:
VSBY 1/2 MILE OR LESS
8 = SMOKE OR HAZE
[NO. OF DAYS WITH] [WEATHER - DAYS WITH] 9 = BLOWING SNOW
X = TORNADO
MAX 32 OR BELOW: 0 0.01 INCH OR MORE: 18
MAX 90 OR ABOVE: 0 0.10 INCH OR MORE: 10
MIN 32 OR BELOW: 1 0.50 INCH OR MORE: 3
MIN 0 OR BELOW: 0 1.00 INCH OR MORE: 1
[HDD (BASE 65) ]
TOTAL THIS MO. 415 CLEAR (SCALE 0-3) 4
DPTR FM NORMAL -34 PTCLDY (SCALE 4-7) 9
TOTAL FM JUL 1 932 CLOUDY (SCALE 8-10) 17
DPTR FM NORMAL -51
[CDD (BASE 65) ]
TOTAL THIS MO. 0
DPTR FM NORMAL 0 [PRESSURE DATA]
TOTAL FM JAN 1 1 HIGHEST SLP M ON M
DPTR FM NORMAL -1 LOWEST SLP 29.23 ON 23
[REMARKS]
#FINAL-09-20#