000
CXAK56 PAFC 010951
CF6AKN
PRELIMINARY LOCAL CLIMATOLOGICAL DATA (WS FORM: F-6)
STATION: KING SALMON
MONTH: MARCH
YEAR: 2023
LATITUDE: 58 41 N
LONGITUDE: 156 39 W
TEMPERATURE IN F: :PCPN: SNOW: WIND :SUNSHINE: SKY :PK WND
================================================================================
1 2 3 4 5 6A 6B 7 8 9 10 11 12 13 14 15 16 17 18
12Z AVG MX 2MIN
DY MAX MIN AVG DEP HDD CDD WTR SNW DPTH SPD SPD DIR MIN PSBL S-S WX SPD DR
================================================================================
1 33 14 24 2 41 0 T M M 18.8 37 270 M M 7 189 46 280
2 17 0 9 -13 56 0 T M M 7.9 26 280 M M 3 33 280
3 11 -12 0 -22 65 0 T M M 3.2 9 40 M M 1 12 340
4 26 -6 10 -12 55 0 0.00 M M 5.3 14 20 M M 2 17 10
5 44 15 30 8 35 0 0.00 M M 5.2 13 80 M M 1 15 150
6 45 16 31 9 34 0 0.00 M M 3.9 10 150 M M 1 12 140
7 47 20 34 12 31 0 0.00 M M 4.0 35 200 M M 2 38 200
8 41 24 33 11 32 0 0.00 M M 3.7 17 280 M M 6 128 19 280
9 29 17 23 1 42 0 0.00 M M 8.9 21 360 M M 0 25 360
10 29 13 21 -1 44 0 0.00 M M 8.6 21 360 M M 0 25 360
11 26 4 15 -7 50 0 0.00 M M 3.7 10 360 M M 1 12 10
12 29 13 21 -1 44 0 0.00 M M 9.3 22 340 M M 3 28 340
13 17 4 11 -11 54 0 T M M 8.3 23 350 M M 1 32 340
14 12 0 6 -16 59 0 0.00 M M 13.3 24 360 M M 3 31 360
15 12 0 6 -16 59 0 T M M 14.4 23 360 M M 3 89 28 360
16 12 -1 6 -17 59 0 0.00 M M 13.4 20 350 M M 1 23 360
17 12 3 8 -15 57 0 0.07 M M 12.1 24 340 M M 7 18 32 340
18 34 -3 16 -7 49 0 T M M 8.9 21 330 M M 4 18 30 320
19 32 21 27 4 38 0 0.09 M M 9.9 18 310 M M 9 18 24 310
20 36 19 28 5 37 0 0.10 M M 14.5 32 150 M M 7 18 40 150
21 36 23 30 6 35 0 T M M 9.1 17 50 M M 7 12 24 60
22 34 21 28 4 37 0 0.14 M M 21.1 28 320 M M 10 1289 35 340
23 35 10 23 -1 42 0 0.02 M M 10.8 23 160 M M 4 18 28 210
24 35 32 34 9 31 0 0.04 M M 13.6 23 210 M M 10 18 29 210
25 40 27 34 9 31 0 0.00 M M 4.9 16 280 M M 8 1 19 280
26 41 23 32 7 33 0 T M M 8.8 24 170 M M 7 29 170
27 40 28 34 8 31 0 T M M 9.8 21 180 M M 4 1 25 180
28 37 27 32 6 33 0 T M M 2.5 8 340 M M 5 1 11 220
29 40 32 36 9 29 0 0.17 M M 7.7 17 150 M M 10 1 21 160
30 32 28 30 3 35 0 T M M 14.9 24 270 M M 10 1 29 270
31 34 26 30 2 35 0 T M M 12.3 21 310 M M 7 18 24 320
================================================================================
SM 948 438 1313 0 0.63 M 292.8 M 144
================================================================================
AV 30.6 14.1 9.4 FASTST M M 5 MAX(MPH)
MISC ----> 37 270 46 280
================================================================================
NOTES:
# LAST OF SEVERAL OCCURRENCES
COLUMN 17 PEAK WIND IN M.P.H.
PRELIMINARY LOCAL CLIMATOLOGICAL DATA (WS FORM: F-6) , PAGE 2
STATION: KING SALMON
MONTH: MARCH
YEAR: 2023
LATITUDE: 58 41 N
LONGITUDE: 156 39 W
[TEMPERATURE DATA] [PRECIPITATION DATA] SYMBOLS USED IN COLUMN 16
AVERAGE MONTHLY: 22.4 TOTAL FOR MONTH: 0.63 1 = FOG OR MIST
DPTR FM NORMAL: -1.1 DPTR FM NORMAL: -0.13 2 = FOG REDUCING VISIBILITY
HIGHEST: 47 ON 7 GRTST 24HR 0.17 ON 29-29 TO 1/4 MILE OR LESS
LOWEST: -12 ON 3 3 = THUNDER
SNOW, ICE PELLETS, HAIL 4 = ICE PELLETS
TOTAL MONTH: M 5 = HAIL
GRTST 24HR M ON M 6 = FREEZING RAIN OR DRIZZLE
GRTST DEPTH: M ON M 7 = DUSTSTORM OR SANDSTORM:
VSBY 1/2 MILE OR LESS
8 = SMOKE OR HAZE
[NO. OF DAYS WITH] [WEATHER - DAYS WITH] 9 = BLOWING SNOW
X = TORNADO
MAX 32 OR BELOW: 14 0.01 INCH OR MORE: 7
MAX 90 OR ABOVE: 0 0.10 INCH OR MORE: 3
MIN 32 OR BELOW: 31 0.50 INCH OR MORE: 0
MIN 0 OR BELOW: 7 1.00 INCH OR MORE: 0
[HDD (BASE 65) ]
TOTAL THIS MO. 1313 CLEAR (SCALE 0-3) 14
DPTR FM NORMAL 27 PTCLDY (SCALE 4-7) 12
TOTAL FM JUL 1 8283 CLOUDY (SCALE 8-10) 5
DPTR FM NORMAL -270
[CDD (BASE 65) ]
TOTAL THIS MO. 0
DPTR FM NORMAL 0 [PRESSURE DATA]
TOTAL FM JAN 1 0 HIGHEST SLP M ON M
DPTR FM NORMAL 0 LOWEST SLP 28.97 ON 22
[REMARKS]
#FINAL-03-23#