000
CXUS55 KBOU 011000
CF6AKO
PRELIMINARY LOCAL CLIMATOLOGICAL DATA (WS FORM: F-6)
STATION: AKRON CO
MONTH: FEBRUARY
YEAR: 2023
LATITUDE: 40 10 N
LONGITUDE: 103 13 W
TEMPERATURE IN F: :PCPN: SNOW: WIND :SUNSHINE: SKY :PK WND
================================================================================
1 2 3 4 5 6A 6B 7 8 9 10 11 12 13 14 15 16 17 18
12Z AVG MX 2MIN
DY MAX MIN AVG DEP HDD CDD WTR SNW DPTH SPD SPD DIR MIN PSBL S-S WX SPD DR
================================================================================
1 32 2 17 -12 48 0 0.00 M M 13.4 22 280 M M 0 25 260
2 32 11 22 -8 43 0 0.00 M M 13.2 24 230 M M 0 31 220
3 44 20 32 2 33 0 0.00 M M 15.6 23 260 M M 0 27 230
4 40 25 33 3 32 0 0.00 M M 11.2 21 260 M M 0 22 260
5 40 20 30 0 35 0 0.00 M M 13.4 25 210 M M 0 33 210
6 36 20 28 -2 37 0 0.00 M M 16.9 31 310 M M 5 1 36 320
7 33 16 25 -5 40 0 0.00 M M 9.8 21 240 M M 0 23 240
8 35 16 26 -4 39 0 0.00 M M 14.5 24 330 M M 1 31 330
9 29 4 17 -13 48 0 T M M 21.2 36 340 M M 7 1 45 330
10 20 8 14 -16 51 0 0.00 M M 12.8 16 240 M M 0 M M
11 M M M M M M 0.00 M M M M M M M M M M
12 30 30 30 0 35 0 0.00 M M 10.4 10 280 M M 0 M M
13 M M M M M M 0.00 M M M M M M M M M M
14 M M M M M M 0.00 M M M M M M M M M M
15 25 11 18 -13 47 0 M M M 20.4 28 360 M M 10 128 33 20
16 19 4 12 -19 53 0 T M M 14.5 18 250 M M 3 1 23 330
17 35 11 23 -8 42 0 0.00 M M 14.2 23 240 M M 0 28 240
18 40 19 30 -2 35 0 0.00 M M 12.9 20 270 M M 0 21 260
19 M M M M M M 0.00 M M 8.2 16 170 M M 0 19 170
20 M 28 M M M M 0.00 M M 8.8 17 240 M M 4 22 190
21 43 24 34 2 31 0 0.00 M M 13.8 32 20 M M 1 12 38 20
22 25 -9 8 -25 57 0 T M M 19.8 39 20 M M 10 189 45 20
23 3 -15 -6 -39 71 0 T M M 11.2 21 120 M M 3 18 25 120
24 24 1 13 -20 52 0 T M M 14.0 28 150 M M 4 18 35 160
25 45 21 33 -1 32 0 0.00 M M 10.9 22 240 M M 0 26 240
26 48 27 38 4 27 0 T M M 13.8 26 320 M M 0 39 280
27 44 26 35 1 30 0 T M M 12.5 33 310 M M 1 44 310
28 42 21 32 -3 33 0 T M M 15.4 29 310 M M 0 40 290
================================================================================
SM 764 341 951 0 T M 342.7 M 49
================================================================================
AV 33.2 14.2 13.7 FASTST M M 2 MAX(MPH)
MISC ----> 39 20 # 45 20
================================================================================
NOTES:
# LAST OF SEVERAL OCCURRENCES
COLUMN 17 PEAK WIND IN M.P.H.
PRELIMINARY LOCAL CLIMATOLOGICAL DATA (WS FORM: F-6) , PAGE 2
STATION: AKRON CO
MONTH: FEBRUARY
YEAR: 2023
LATITUDE: 40 10 N
LONGITUDE: 103 13 W
[TEMPERATURE DATA] [PRECIPITATION DATA] SYMBOLS USED IN COLUMN 16
AVERAGE MONTHLY: 23.7 TOTAL FOR MONTH: T 1 = FOG OR MIST
DPTR FM NORMAL: -7.6 DPTR FM NORMAL: -0.20 2 = FOG REDUCING VISIBILITY
HIGHEST: 48 ON 26 GRTST 24HR T ON 9- 9 TO 1/4 MILE OR LESS
LOWEST: -15 ON 23 3 = THUNDER
SNOW, ICE PELLETS, HAIL 4 = ICE PELLETS
TOTAL MONTH: M 5 = HAIL
GRTST 24HR M ON M 6 = FREEZING RAIN OR DRIZZLE
GRTST DEPTH: M ON M 7 = DUSTSTORM OR SANDSTORM:
VSBY 1/2 MILE OR LESS
8 = SMOKE OR HAZE
[NO. OF DAYS WITH] [WEATHER - DAYS WITH] 9 = BLOWING SNOW
X = TORNADO
MAX 32 OR BELOW: 10 0.01 INCH OR MORE: 0
MAX 90 OR ABOVE: 0 0.10 INCH OR MORE: 0
MIN 32 OR BELOW: 24 0.50 INCH OR MORE: 0
MIN 0 OR BELOW: 2 1.00 INCH OR MORE: 0
[HDD (BASE 65) ]
TOTAL THIS MO. 951 CLEAR (SCALE 0-3) 18
DPTR FM NORMAL 6 PTCLDY (SCALE 4-7) 5
TOTAL FM JUL 1 4830 CLOUDY (SCALE 8-10) 5
DPTR FM NORMAL 264
[CDD (BASE 65) ]
TOTAL THIS MO. 0
DPTR FM NORMAL 0 [PRESSURE DATA]
TOTAL FM JAN 1 0 HIGHEST SLP M ON M
DPTR FM NORMAL 0 LOWEST SLP 29.27 ON 21
[REMARKS]
#FINAL-02-23#