000
CXUS54 KCRP 011532
CF6ALI
PRELIMINARY LOCAL CLIMATOLOGICAL DATA (WS FORM: F-6)
STATION: ALICE
MONTH: DECEMBER
YEAR: 2022
LATITUDE: 27 44 N
LONGITUDE: 98 1 W
TEMPERATURE IN F: :PCPN: SNOW: WIND :SUNSHINE: SKY :PK WND
================================================================================
1 2 3 4 5 6A 6B 7 8 9 10 11 12 13 14 15 16 17 18
12Z AVG MX 2MIN
DY MAX MIN AVG DEP HDD CDD WTR SNW DPTH SPD SPD DIR MIN PSBL S-S WX SPD DR
================================================================================
1 59 46 53 -9 12 0 T 0.0 0 7.4 13 20 M M 9 18 19 20
2 69 55 62 1 3 0 T 0.0 0 2.7 9 330 M M 10 1 11 340
3 75 63 69 8 0 4 0.00 0.0 0 5.6 13 30 M M 10 1 17 40
4 69 58 64 3 1 0 0.00 0.0 0 5.9 12 60 M M 10 12 15 60
5 84 66 75 14 0 10 0.00 0.0 0 8.2 17 180 M M 6 12 24 180
6 85 64 75 15 0 10 0.00 0.0 0 8.5 20 180 M M 7 12 29 190
7 85 62 74 14 0 9 0.00 0.0 0 8.8 21 130 M M 9 12 27 120
8 85 68 77 17 0 12 0.00 0.0 0 8.6 16 120 M M 7 12 23 110
9 84 68 76 16 0 11 0.00 0.0 M 8.0 20 130 M M 6 12 28 130
10 84 64 74 14 0 9 0.00 0.0 M 8.2 17 130 M M 6 12 27 140
11 80 63 72 12 0 7 0.00 0.0 0 4.2 10 20 M M 10 12 13 20
12 83 67 75 16 0 10 T 0.0 0 11.5 22 140 M M 8 1 30 150
13 87 66 77 18 0 12 0.00 0.0 0 10.3 21 180 M M 5 1 31 180
14 76 45 61 2 4 0 T 0.0 0 10.8 24 350 M M 5 1 35 360
15 75 39 57 -2 8 0 0.00 0.0 0 5.4 13 130 M M 0 17 120
16 78 47 63 4 2 0 0.00 0.0 0 6.8 25 20 M M 5 35 20
17 56 43 50 -8 15 0 T 0.0 0 9.2 23 20 M M 10 29 30
18 57 43 50 -8 15 0 0.00 0.0 0 8.7 16 70 M M 10 23 70
19 55 49 52 -6 13 0 T M M 12.3 21 320 M M 10 18 26 330
20 57 49 53 -5 12 0 0.00 0.0 0 10.2 18 360 M M 10 1 24 360
21 60 43 52 -6 13 0 0.00 0.0 0 5.1 14 20 M M 7 1 18 10
22 72 28 50 -8 15 0 0.00 0.0 0 10.3 32 20 M M 8 12 44 10
23 33 22 28 -30 37 0 0.00 0.0 0 18.3 27 350 M M 10 40 10
24 41 22 32 -26 33 0 0.00 0.0 0 6.8 16 10 M M M 22 1
25 M M M M M M M 0.0 0 M M M M M M M M
26 M M M M M M M 0.0 0 M M M M M M M M
27 M M M M M M 0.00 0.0 0 M M M M M M M M
28 83 36 60 3 5 0 0.00 0.0 0 M 25 200 M M M 1 34 170
29 82 63 73 16 0 8 0.00 0.0 0 M 17 160 M M M 1 27 170
30 80 51 66 9 0 1 0.00 0.0 0 M 14 10 M M M 19 20
31 84 42 63 6 2 0 0.00 0.0 0 M 17 210 M M M 1 25 180
================================================================================
SM 2018 1432 190 103 T 0.0 201.8 M 178
================================================================================
AV 72.1 51.1 8.4 FASTST M M 8 MAX(MPH)
MISC ----> 32 20 44 10
================================================================================
NOTES:
# LAST OF SEVERAL OCCURRENCES
COLUMN 17 PEAK WIND IN M.P.H.
PRELIMINARY LOCAL CLIMATOLOGICAL DATA (WS FORM: F-6) , PAGE 2
STATION: ALICE
MONTH: DECEMBER
YEAR: 2022
LATITUDE: 27 44 N
LONGITUDE: 98 1 W
[TEMPERATURE DATA] [PRECIPITATION DATA] SYMBOLS USED IN COLUMN 16
AVERAGE MONTHLY: 61.6 TOTAL FOR MONTH: T 1 = FOG OR MIST
DPTR FM NORMAL: 2.8 DPTR FM NORMAL: -1.86 2 = FOG REDUCING VISIBILITY
HIGHEST: 87 ON 13 GRTST 24HR T ON 1- 1 TO 1/4 MILE OR LESS
LOWEST: 22 ON 24,23 3 = THUNDER
SNOW, ICE PELLETS, HAIL 4 = ICE PELLETS
TOTAL MONTH: 0.0 INCH 5 = HAIL
GRTST 24HR 0.0 6 = FREEZING RAIN OR DRIZZLE
GRTST DEPTH: 0 7 = DUSTSTORM OR SANDSTORM:
VSBY 1/2 MILE OR LESS
8 = SMOKE OR HAZE
[NO. OF DAYS WITH] [WEATHER - DAYS WITH] 9 = BLOWING SNOW
X = TORNADO
MAX 32 OR BELOW: 0 0.01 INCH OR MORE: 0
MAX 90 OR ABOVE: 0 0.10 INCH OR MORE: 0
MIN 32 OR BELOW: 3 0.50 INCH OR MORE: 0
MIN 0 OR BELOW: 0 1.00 INCH OR MORE: 0
[HDD (BASE 65) ]
TOTAL THIS MO. 190 CLEAR (SCALE 0-3) 1
DPTR FM NORMAL -50 PTCLDY (SCALE 4-7) 9
TOTAL FM JUL 1 383 CLOUDY (SCALE 8-10) 21
DPTR FM NORMAL 32
[CDD (BASE 65) ]
TOTAL THIS MO. 103
DPTR FM NORMAL 55 [PRESSURE DATA]
TOTAL FM JAN 1 4060 HIGHEST SLP M ON M
DPTR FM NORMAL 296 LOWEST SLP 29.60 ON 13
[REMARKS]
#FINAL-12-22#