000
CXUS54 KCRP 011300
CF6ALI
PRELIMINARY LOCAL CLIMATOLOGICAL DATA (WS FORM: F-6)
STATION: ALICE
MONTH: MARCH
YEAR: 2020
LATITUDE: 27 44 N
LONGITUDE: 98 1 W
TEMPERATURE IN F: :PCPN: SNOW: WIND :SUNSHINE: SKY :PK WND
================================================================================
1 2 3 4 5 6A 6B 7 8 9 10 11 12 13 14 15 16 17 18
12Z AVG MX 2MIN
DY MAX MIN AVG DEP HDD CDD WTR SNW DPTH SPD SPD DIR MIN PSBL S-S WX SPD DR
================================================================================
1 87 62 75 11 0 10 0.00 0.0 0 12.8 23 190 M M 3 32 170
2 84 65 75 11 0 10 0.00 0.0 0 9.4 17 120 M M 7 1 20 120
3 82 69 76 12 0 11 T 0.0 0 9.3 20 110 M M 10 18 25 110
4 85 61 73 8 0 8 0.04 0.0 0 17.0 35 300 M M 5 12 43 320
5 78 51 65 0 0 0 0.00 0.0 0 11.8 26 350 M M 3 35 350
6 78 51 65 0 0 0 0.00 0.0 0 9.5 21 60 M M 0 27 60
7 73 50 62 -3 3 0 0.00 0.0 0 7.8 18 120 M M 2 24 120
8 82 50 66 1 0 1 T 0.0 0 13.4 28 130 M M 2 1 36 130
9 80 64 72 7 0 7 0.09 0.0 0 8.3 20 140 M M 8 1 24 130
10 83 65 74 8 0 9 0.00 0.0 0 8.9 20 150 M M 9 1 25 120
11 90 63 77 11 0 12 0.00 0.0 0 10.4 20 140 M M 4 12 26 140
12 90 68 79 13 0 14 0.00 0.0 0 13.5 22 130 M M 4 27 130
13 86 69 78 12 0 13 0.00 0.0 0 14.3 28 120 M M 8 1 35 110
14 90 71 81 15 0 16 0.00 0.0 0 13.9 22 120 M M 7 1 27 130
15 87 72 80 14 0 15 T 0.0 0 13.0 24 120 M M 8 1 30 120
16 86 71 79 13 0 14 T 0.0 0 12.4 24 160 M M 7 29 130
17 89 70 80 13 0 15 0.00 0.0 0 14.6 28 140 M M 6 33 130
18 95 71 83 16 0 18 0.02 0.0 0 14.1 26 140 M M 4 1 35 150
19 97 71 84 17 0 19 0.00 0.0 0 14.7 25 130 M M 6 32 110
20 84 58 71 4 0 6 0.33 0.0 0 13.7 22 20 M M 10 18 28 20
21 59 55 57 -10 8 0 0.31 0.0 0 11.1 21 20 M M 10 13 25 20
22 81 57 69 2 0 4 T 0.0 0 5.8 14 130 M M 10 12 17 130
23 90 62 76 8 0 11 T 0.0 0 9.2 26 150 M M 5 12 35 120
24 96 67 82 14 0 17 0.00 0.0 0 7.4 18 80 M M 5 12 25 190
25 93 65 79 11 0 14 0.00 0.0 0 8.3 22 120 M M 6 128 26 120
26 96 67 82 14 0 17 0.00 0.0 0 14.8 25 130 M M 3 128 32 120
27 99 70 85 17 0 20 0.00 0.0 0 15.5 25 190 M M 3 1 33 200
28 88 70 79 11 0 14 0.00 0.0 0 10.4 25 350 M M 9 1 30 340
29 80 64 72 3 0 7 0.05 0.0 0 9.2 23 90 M M 10 1 29 90
30 85 67 76 7 0 11 T 0.0 0 8.9 20 150 M M 8 18 25 150
31 91 64 78 9 0 13 0.00 0.0 0 10.2 21 10 M M 2 1 26 340
================================================================================
SM 2664 1980 11 326 0.84 0.0 353.6 M 184
================================================================================
AV 85.9 63.9 11.4 FASTST M M 6 MAX(MPH)
MISC ----> # 35 300 # 43 320
================================================================================
NOTES:
# LAST OF SEVERAL OCCURRENCES
COLUMN 17 PEAK WIND IN M.P.H.
PRELIMINARY LOCAL CLIMATOLOGICAL DATA (WS FORM: F-6) , PAGE 2
STATION: ALICE
MONTH: MARCH
YEAR: 2020
LATITUDE: 27 44 N
LONGITUDE: 98 1 W
[TEMPERATURE DATA] [PRECIPITATION DATA] SYMBOLS USED IN COLUMN 16
AVERAGE MONTHLY: 74.9 TOTAL FOR MONTH: 0.84 1 = FOG OR MIST
DPTR FM NORMAL: 8.4 DPTR FM NORMAL: -0.88 2 = FOG REDUCING VISIBILITY
HIGHEST: 99 ON 27 GRTST 24HR 0.33 ON 20-20 TO 1/4 MILE OR LESS
LOWEST: 50 ON 8, 7 3 = THUNDER
SNOW, ICE PELLETS, HAIL 4 = ICE PELLETS
TOTAL MONTH: 0.0 INCH 5 = HAIL
GRTST 24HR 0.0 6 = FREEZING RAIN OR DRIZZLE
GRTST DEPTH: 0 7 = DUSTSTORM OR SANDSTORM:
VSBY 1/2 MILE OR LESS
8 = SMOKE OR HAZE
[NO. OF DAYS WITH] [WEATHER - DAYS WITH] 9 = BLOWING SNOW
X = TORNADO
MAX 32 OR BELOW: 0 0.01 INCH OR MORE: 6
MAX 90 OR ABOVE: 11 0.10 INCH OR MORE: 2
MIN 32 OR BELOW: 0 0.50 INCH OR MORE: 0
MIN 0 OR BELOW: 0 1.00 INCH OR MORE: 0
[HDD (BASE 65) ]
TOTAL THIS MO. 11 CLEAR (SCALE 0-3) 6
DPTR FM NORMAL -68 PTCLDY (SCALE 4-7) 17
TOTAL FM JUL 1 642 CLOUDY (SCALE 8-10) 8
DPTR FM NORMAL -241
[CDD (BASE 65) ]
TOTAL THIS MO. 326
DPTR FM NORMAL 200 [PRESSURE DATA]
TOTAL FM JAN 1 489 HIGHEST SLP 30.48 ON 6
DPTR FM NORMAL 277 LOWEST SLP 29.61 ON 27
[REMARKS]
#FINAL-03-20#