000
CXUS56 KPDT 020532
CF6ALW
PRELIMINARY LOCAL CLIMATOLOGICAL DATA (WS FORM: F-6)
STATION: WALLA WALLA WA
MONTH: JUNE
YEAR: 2020
LATITUDE: 46 5 N
LONGITUDE: 118 17 W
TEMPERATURE IN F: :PCPN: SNOW: WIND :SUNSHINE: SKY :PK WND
================================================================================
1 2 3 4 5 6A 6B 7 8 9 10 11 12 13 14 15 16 17 18
12Z AVG MX 2MIN
DY MAX MIN AVG DEP HDD CDD WTR SNW DPTH SPD SPD DIR MIN PSBL S-S WX SPD DR
================================================================================
1 73 50 62 -1 3 0 T M M 6.8 13 190 M M 2 16 180
2 77 47 62 -1 3 0 0.00 M M 4.4 14 160 M M 1 17 160
3 76 49 63 -1 2 0 0.00 M M 5.5 18 180 M M 0 22 180
4 74 53 64 0 1 0 0.00 M M 8.1 20 180 M M 0 27 180
5 70 53 62 -2 3 0 0.08 M M 4.8 12 160 M M 4 14 150
6 68 50 59 -5 6 0 0.00 M M 12.3 23 230 M M 4 31 220
7 60 48 54 -10 11 0 0.03 M M 14.0 22 190 M M 8 28 180
8 67 49 58 -6 7 0 0.00 M M 14.3 23 220 M M 5 31 230
9 69 51 60 -5 5 0 0.06 M M 5.8 14 180 M M 7 18 160
10 84 59 72 7 0 7 0.00 M M 6.5 14 40 M M 4 16 30
11 84 61 73 8 0 8 0.00 M M 4.5 14 70 M M 0 3 14 80
12 80 59 70 5 0 5 T M M 8.1 22 190 M M 2 27 190
13 67 49 58 -8 7 0 0.44 M M 13.1 26 230 M M 9 1 36 250
14 67 48 58 -8 7 0 T M M 12.9 23 220 M M 3 30 230
15 63 52 58 -8 7 0 0.07 M M 7.6 17 220 M M 8 21 200
16 67 50 59 -7 6 0 T M M 8.9 17 190 M M 7 22 190
17 75 51 63 -4 2 0 0.00 M M 10.0 16 180 M M 4 22 200
18 81 55 68 1 0 3 0.00 M M 5.8 13 90 M M 0 17 200
19 87 56 72 5 0 7 0.00 M M 5.9 13 90 M M 0 14 80
20 83 61 72 4 0 7 0.01 M M 9.8 17 250 M M 6 23 240
21 80 59 70 2 0 5 0.00 M M 10.9 18 210 M M 3 26 200
22 86 55 71 3 0 6 0.00 M M 6.0 12 180 M M 0 15 200
23 95 59 77 9 0 12 0.00 M M 5.3 12 70 M M 0 14 30
24 91 67 79 10 0 14 0.00 M M 11.2 21 230 M M 1 28 230
25 87 61 74 5 0 9 0.00 M M 7.3 15 180 M M 1 19 170
26 94 63 79 10 0 14 0.00 M M 8.6 15 150 M M 0 22 240
27 82 56 69 -1 0 4 T M M 13.6 25 230 M M 4 35 240
28 67 53 60 -10 5 0 0.01 M M 10.9 18 360 M M 9 3 25 350
29 79 54 67 -3 0 2 T M M 9.6 23 180 M M 5 28 180
30 77 57 67 -4 0 2 0.00 M M 17.2 29 230 M M 6 38 230
================================================================================
SM 2310 1635 75 105 0.70 M 269.7 M 103
================================================================================
AV 77.0 54.5 9.0 FASTST M M 3 MAX(MPH)
MISC ----> # 29 230 # 38 230
================================================================================
NOTES:
# LAST OF SEVERAL OCCURRENCES
COLUMN 17 PEAK WIND IN M.P.H.
PRELIMINARY LOCAL CLIMATOLOGICAL DATA (WS FORM: F-6) , PAGE 2
STATION: WALLA WALLA WA
MONTH: JUNE
YEAR: 2020
LATITUDE: 46 5 N
LONGITUDE: 118 17 W
[TEMPERATURE DATA] [PRECIPITATION DATA] SYMBOLS USED IN COLUMN 16
AVERAGE MONTHLY: 65.8 TOTAL FOR MONTH: 0.70 1 = FOG OR MIST
DPTR FM NORMAL: -0.8 DPTR FM NORMAL: -0.58 2 = FOG REDUCING VISIBILITY
HIGHEST: 95 ON 23 GRTST 24HR 0.44 ON 13-13 TO 1/4 MILE OR LESS
LOWEST: 47 ON 2 3 = THUNDER
SNOW, ICE PELLETS, HAIL 4 = ICE PELLETS
TOTAL MONTH: M 5 = HAIL
GRTST 24HR M ON M 6 = FREEZING RAIN OR DRIZZLE
GRTST DEPTH: M ON M 7 = DUSTSTORM OR SANDSTORM:
VSBY 1/2 MILE OR LESS
8 = SMOKE OR HAZE
[NO. OF DAYS WITH] [WEATHER - DAYS WITH] 9 = BLOWING SNOW
X = TORNADO
MAX 32 OR BELOW: 0 0.01 INCH OR MORE: 7
MAX 90 OR ABOVE: 3 0.10 INCH OR MORE: 1
MIN 32 OR BELOW: 0 0.50 INCH OR MORE: 0
MIN 0 OR BELOW: 0 1.00 INCH OR MORE: 0
[HDD (BASE 65) ]
TOTAL THIS MO. 75 CLEAR (SCALE 0-3) 14
DPTR FM NORMAL 13 PTCLDY (SCALE 4-7) 13
TOTAL FM JUL 1 4999 CLOUDY (SCALE 8-10) 3
DPTR FM NORMAL -12
[CDD (BASE 65) ]
TOTAL THIS MO. 105
DPTR FM NORMAL -2 [PRESSURE DATA]
TOTAL FM JAN 1 128 HIGHEST SLP 30.18 ON 18
DPTR FM NORMAL -14 LOWEST SLP 29.60 ON 5
[REMARKS]
#FINAL-06-20#