000
CXUS52 KJAX 260800
CF6AMG
PRELIMINARY LOCAL CLIMATOLOGICAL DATA (WS FORM: F-6)
STATION: ALMA
MONTH: APRIL
YEAR: 2024
LATITUDE: 31 32 N
LONGITUDE: 82 30 W
TEMPERATURE IN F: :PCPN: SNOW: WIND :SUNSHINE: SKY :PK WND
================================================================================
1 2 3 4 5 6A 6B 7 8 9 10 11 12 13 14 15 16 17 18
12Z AVG MX 2MIN
DY MAX MIN AVG DEP HDD CDD WTR SNW DPTH SPD SPD DIR MIN PSBL S-S WX SPD DR
================================================================================
1 83 58 71 8 0 6 0.00 0.0 0 4.1 12 190 M M 1 1 18 180
2 83 62 73 10 0 8 0.00 0.0 0 6.9 17 220 M M 4 1 25 230
3 74 54 64 0 1 0 0.74 0.0 0 8.0 23 230 M M 6 13 36 230
4 68 48 58 -6 7 0 0.00 0.0 0 8.1 23 280 M M 1 40 280
5 72 45 59 -5 6 0 0.00 0.0 0 5.4 18 310 M M 0 29 310
6 69 42 56 -8 9 0 0.00 0.0 0 3.3 10 340 M M 0 18 40
7 76 43 60 -4 5 0 0.00 0.0 0 2.6 10 140 M M 0 1 17 160
8 78 49 64 -1 1 0 0.00 0.0 0 4.5 13 150 M M 0 1 18 140
9 80 59 70 5 0 5 0.00 0.0 0 5.1 15 160 M M 2 20 150
10 83 63 73 8 0 8 0.31 0.0 0 7.3 17 160 M M 4 1 28 100
11 83 63 73 8 0 8 3.33 0.0 0 12.3 25 240 M M 8 13 38 240
12 76 51 64 -2 1 0 0.00 0.0 0 8.9 20 260 M M 0 40 270
13 80 48 64 -2 1 0 0.00 0.0 0 3.8 17 300 M M 0 25 310
14 85 50 68 2 0 3 0.00 0.0 0 1.5 10 270 M M 0 14 270
15 87 57 72 6 0 7 0.00 0.0 0 3.3 13 230 M M 0 17 230
16 86 54 70 4 0 5 0.00 0.0 0 1.7 10 160 M M 0 13 160
17 86 58 72 5 0 7 0.00 0.0 0 3.5 12 210 M M 0 1 18 200
18 87 63 75 8 0 10 0.00 0.0 0 2.3 9 180 M M 0 16 190
19 89 66 78 11 0 13 0.00 0.0 0 3.6 12 320 M M 2 17 290
20 89 67 78 10 0 13 0.00 0.0 0 3.2 10 240 M M 1 1 16 230
21 79 54 67 -1 0 2 0.28 0.0 0 7.4 18 330 M M 6 13 31 300
22 72 48 60 -8 5 0 0.00 0.0 0 3.3 13 340 M M 5 19 340
23 76 43 60 -8 5 0 0.00 0.0 0 2.2 13 140 M M 0 1 19 140
24 81 49 65 -3 0 0 0.00 0.0 0 2.8 12 250 M M 1 18 17 230
25 85 57 71 2 0 6 0.00 0.0 0 2.9 9 290 M M 1 1 14 340
================================================================================
SM 2007 1351 41 101 4.66 0.0 118.0 M 42
================================================================================
AV 80.3 54.0 4.7 FASTST M M 2 MAX(MPH)
MISC ----> 25 240 # 40 280
================================================================================
NOTES:
# LAST OF SEVERAL OCCURRENCES
COLUMN 17 PEAK WIND IN M.P.H.
PRELIMINARY LOCAL CLIMATOLOGICAL DATA (WS FORM: F-6) , PAGE 2
STATION: ALMA
MONTH: APRIL
YEAR: 2024
LATITUDE: 31 32 N
LONGITUDE: 82 30 W
[TEMPERATURE DATA] [PRECIPITATION DATA] SYMBOLS USED IN COLUMN 16
AVERAGE MONTHLY: 67.2 TOTAL FOR MONTH: 4.66 1 = FOG OR MIST
DPTR FM NORMAL: 1.3 DPTR FM NORMAL: 2.18 2 = FOG REDUCING VISIBILITY
HIGHEST: 89 ON 20,19 GRTST 24HR 3.33 ON 11-11 TO 1/4 MILE OR LESS
LOWEST: 42 ON 6 3 = THUNDER
SNOW, ICE PELLETS, HAIL 4 = ICE PELLETS
TOTAL MONTH: 0.0 INCH 5 = HAIL
GRTST 24HR 0.0 6 = FREEZING RAIN OR DRIZZLE
GRTST DEPTH: 0 7 = DUSTSTORM OR SANDSTORM:
VSBY 1/2 MILE OR LESS
8 = SMOKE OR HAZE
[NO. OF DAYS WITH] [WEATHER - DAYS WITH] 9 = BLOWING SNOW
X = TORNADO
MAX 32 OR BELOW: 0 0.01 INCH OR MORE: 4
MAX 90 OR ABOVE: 0 0.10 INCH OR MORE: 4
MIN 32 OR BELOW: 0 0.50 INCH OR MORE: 2
MIN 0 OR BELOW: 0 1.00 INCH OR MORE: 1
[HDD (BASE 65) ]
TOTAL THIS MO. 41 CLEAR (SCALE 0-3) 19
DPTR FM NORMAL -15 PTCLDY (SCALE 4-7) 6
TOTAL FM JUL 1 1333 CLOUDY (SCALE 8-10) 0
DPTR FM NORMAL -302
[CDD (BASE 65) ]
TOTAL THIS MO. 101
DPTR FM NORMAL 22 [PRESSURE DATA]
TOTAL FM JAN 1 174 HIGHEST SLP M ON M
DPTR FM NORMAL 37 LOWEST SLP 29.54 ON 3
[REMARKS]