000
CXUS54 KBMX 011110
CF6ANB
PRELIMINARY LOCAL CLIMATOLOGICAL DATA (WS FORM: F-6)
STATION: ANNISTON
MONTH: JANUARY
YEAR: 2022
LATITUDE: 33 35 N
LONGITUDE: 85 51 W
TEMPERATURE IN F: :PCPN: SNOW: WIND :SUNSHINE: SKY :PK WND
================================================================================
1 2 3 4 5 6A 6B 7 8 9 10 11 12 13 14 15 16 17 18
12Z AVG MX 2MIN
DY MAX MIN AVG DEP HDD CDD WTR SNW DPTH SPD SPD DIR MIN PSBL S-S WX SPD DR
================================================================================
1 80 72 76 31 0 11 0.06 0.0 0 13.1 26 220 M M 8 36 220
2 76 37 57 12 8 0 1.45 0.0 0 7.5 26 270 M M 10 13 33 280
3 38 31 35 -9 30 0 0.05 1.3 M 7.4 21 270 M M 7 1 33 270
4 53 29 41 -3 24 0 0.00 0.0 0 5.5 14 160 M M 2 19 150
5 60 35 48 4 17 0 0.00 0.0 M 1.5 13 230 M M 6 12 16 220
6 63 30 47 3 18 0 0.40 0.0 M 6.6 18 220 M M 9 12 27 230
7 41 26 34 -10 31 0 0.00 0.0 0 3.8 12 20 M M 2 17 340
8 58 29 44 0 21 0 0.00 0.0 0 8.9 15 100 M M 0 24 120
9 64 47 56 12 9 0 0.78 0.0 0 7.5 23 280 M M 10 13 35 290
10 51 36 44 0 21 0 0.00 0.0 M 8.2 18 30 M M 1 23 30
11 51 31 41 -3 24 0 0.00 0.0 M 3.5 12 10 M M 0 19 40
12 56 26 41 -3 24 0 0.00 0.0 0 1.8 7 270 M M 0 11 280
13 60 32 46 2 19 0 0.00 0.0 0 5.0 17 250 M M 3 21 250
14 56 30 43 -1 22 0 0.00 0.0 0 2.7 10 360 M M 0 15 330
15 51 39 45 1 20 0 0.31 0.0 0 8.2 18 70 M M 6 1 29 90
16 44 35 40 -4 25 0 0.64 0.0 0 12.3 25 90 M M 10 1 37 80
17 38 29 34 -10 31 0 0.00 0.0 0 7.6 17 280 M M 9 26 260
18 53 25 39 -5 26 0 0.00 0.0 0 1.5 8 240 M M 0 10 230
19 67 32 50 6 15 0 0.16 0.0 0 5.0 20 270 M M 2 18 24 270
20 54 30 42 -2 23 0 0.43 0.0 0 7.4 15 360 M M 10 1 19 340
21 35 30 33 -11 32 0 0.00 0.0 0 6.9 13 10 M M 10 16 360
22 47 24 36 -8 29 0 0.00 0.0 0 3.7 9 360 M M 5 13 30
23 49 20 35 -9 30 0 0.00 0.0 0 4.4 14 230 M M 0 17 230
24 60 25 43 -1 22 0 0.00 0.0 0 3.6 16 250 M M 0 22 210
25 58 38 48 4 17 0 0.00 0.0 0 4.8 15 340 M M 6 22 340
26 49 29 39 -6 26 0 0.00 0.0 0 6.3 14 10 M M 0 19 30
27 58 27 43 -2 22 0 0.00 0.0 0 4.7 12 40 M M 0 15 50
28 49 30 40 -5 25 0 T T M 7.7 22 340 M M 6 34 350
29 41 22 32 -13 33 0 0.00 0.0 M 6.1 20 300 M M 1 30 300
30 59 21 40 -5 25 0 0.00 0.0 0 5.5 21 250 M M 0 27 260
31 61 24 43 -2 22 0 0.00 0.0 0 2.2 12 250 M M 0 1 16 240
================================================================================
SM 1680 971 691 11 4.28 1.3 180.9 M 123
================================================================================
AV 54.2 31.3 5.8 FASTST M M 4 MAX(MPH)
MISC ----> # 26 220 37 80
================================================================================
NOTES:
# LAST OF SEVERAL OCCURRENCES
COLUMN 17 PEAK WIND IN M.P.H.
PRELIMINARY LOCAL CLIMATOLOGICAL DATA (WS FORM: F-6) , PAGE 2
STATION: ANNISTON
MONTH: JANUARY
YEAR: 2022
LATITUDE: 33 35 N
LONGITUDE: 85 51 W
[TEMPERATURE DATA] [PRECIPITATION DATA] SYMBOLS USED IN COLUMN 16
AVERAGE MONTHLY: 42.8 TOTAL FOR MONTH: 4.28 1 = FOG OR MIST
DPTR FM NORMAL: -1.6 DPTR FM NORMAL: -0.56 2 = FOG REDUCING VISIBILITY
HIGHEST: 80 ON 1 GRTST 24HR 1.45 ON 2- 2 TO 1/4 MILE OR LESS
LOWEST: 20 ON 23 3 = THUNDER
SNOW, ICE PELLETS, HAIL 4 = ICE PELLETS
TOTAL MONTH: 1.3 INCHES 5 = HAIL
GRTST 24HR 1.3 ON 3- 3 6 = FREEZING RAIN OR DRIZZLE
GRTST DEPTH: 0 7 = DUSTSTORM OR SANDSTORM:
VSBY 1/2 MILE OR LESS
8 = SMOKE OR HAZE
[NO. OF DAYS WITH] [WEATHER - DAYS WITH] 9 = BLOWING SNOW
X = TORNADO
MAX 32 OR BELOW: 0 0.01 INCH OR MORE: 9
MAX 90 OR ABOVE: 0 0.10 INCH OR MORE: 7
MIN 32 OR BELOW: 23 0.50 INCH OR MORE: 3
MIN 0 OR BELOW: 0 1.00 INCH OR MORE: 1
[HDD (BASE 65) ]
TOTAL THIS MO. 691 CLEAR (SCALE 0-3) 17
DPTR FM NORMAL 50 PTCLDY (SCALE 4-7) 6
TOTAL FM JUL 1 1478 CLOUDY (SCALE 8-10) 8
DPTR FM NORMAL -221
[CDD (BASE 65) ]
TOTAL THIS MO. 11
DPTR FM NORMAL 10 [PRESSURE DATA]
TOTAL FM JAN 1 11 HIGHEST SLP 30.57 ON 11
DPTR FM NORMAL 10 LOWEST SLP 29.49 ON 16
[REMARKS]
#FINAL-01-22#