000
CXUS55 KBOU 010900
CF6APA
PRELIMINARY LOCAL CLIMATOLOGICAL DATA (WS FORM: F-6)
STATION: CENTENNIAL CO
MONTH: JUNE
YEAR: 2022
LATITUDE: 39 33 N
LONGITUDE: 104 51 W
TEMPERATURE IN F: :PCPN: SNOW: WIND :SUNSHINE: SKY :PK WND
================================================================================
1 2 3 4 5 6A 6B 7 8 9 10 11 12 13 14 15 16 17 18
12Z AVG MX 2MIN
DY MAX MIN AVG DEP HDD CDD WTR SNW DPTH SPD SPD DIR MIN PSBL S-S WX SPD DR
================================================================================
1 57 37 47 -15 18 0 0.24 M M 6.7 15 350 M M 9 19 350
2 70 43 57 -5 8 0 0.00 M M 7.8 20 360 M M 3 25 360
3 73 49 61 -2 4 0 T M M 7.3 20 340 M M 4 26 360
4 83 46 65 2 0 0 0.00 M M 6.8 32 20 M M 4 44 10
5 82 58 70 7 0 5 0.00 M M 5.7 22 10 M M 7 29 360
6 77 52 65 1 0 0 T M M 6.8 24 320 M M 7 3 34 310
7 81 52 67 3 0 2 0.00 M M 8.2 24 30 M M 5 36 30
8 77 50 64 0 1 0 0.00 M M 10.5 23 180 M M 5 32 180
9 87 57 72 7 0 7 T M M 6.9 22 170 M M 5 29 170
10 89 52 71 6 0 6 0.00 M M 6.3 16 180 M M 4 23 350
11 96 59 78 13 0 13 T M M 8.5 35 170 M M 4 51 180
12 91 60 76 10 0 11 0.00 M M 7.6 23 170 M M 4 3 33 180
13 95 59 77 11 0 12 0.00 M M 12.7 25 30 M M 2 42 40
14 83 52 68 2 0 3 0.00 M M 9.3 21 360 M M 3 27 10
15 85 46 66 -1 0 1 0.00 M M 8.5 18 230 M M 0 8 27 220
16 92 52 72 5 0 7 0.00 M M 8.1 26 50 M M 1 44 60
17 94 60 77 10 0 12 0.00 M M 10.4 30 170 M M 4 41 170
18 88 63 76 8 0 11 T M M 11.3 30 230 M M 6 43 230
19 85 65 75 7 0 10 0.00 M M 14.8 36 250 M M 7 45 250
20 88 61 75 7 0 10 0.00 M M 13.8 26 190 M M 5 37 180
21 74 50 62 -7 3 0 0.00 M M 13.2 25 160 M M 5 37 160
22 83 47 65 -4 0 0 0.00 M M 6.3 18 210 M M 6 28 230
23 89 57 73 4 0 8 0.00 M M 7.7 17 310 M M 6 25 320
24 87 57 72 3 0 7 T M M 7.6 33 320 M M 5 49 300
25 67 51 59 -11 6 0 T M M 6.9 22 360 M M 7 29 360
26 66 55 61 -9 4 0 T M M 8.9 21 170 M M 9 28 170
27 85 51 68 -2 0 3 0.00 M M 6.4 20 320 M M 6 27 330
28 91 55 73 3 0 8 0.00 M M 7.9 18 180 M M 2 27 200
29 91 60 76 5 0 11 0.09 M M 8.7 21 330 M M 6 3 28 330
30 81 56 69 -2 0 4 0.13 M M 9.5 31 200 M M 7 3 41 200
================================================================================
SM 2487 1612 44 151 0.46 M 261.1 M 148
================================================================================
AV 82.9 53.7 8.7 FASTST M M 5 MAX(MPH)
MISC ----> 36 250 51 180
================================================================================
NOTES:
# LAST OF SEVERAL OCCURRENCES
COLUMN 17 PEAK WIND IN M.P.H.
PRELIMINARY LOCAL CLIMATOLOGICAL DATA (WS FORM: F-6) , PAGE 2
STATION: CENTENNIAL CO
MONTH: JUNE
YEAR: 2022
LATITUDE: 39 33 N
LONGITUDE: 104 51 W
[TEMPERATURE DATA] [PRECIPITATION DATA] SYMBOLS USED IN COLUMN 16
AVERAGE MONTHLY: 68.3 TOTAL FOR MONTH: 0.46 1 = FOG OR MIST
DPTR FM NORMAL: 1.6 DPTR FM NORMAL: -1.52 2 = FOG REDUCING VISIBILITY
HIGHEST: 96 ON 11 GRTST 24HR 0.88 ON 31- 1 TO 1/4 MILE OR LESS
LOWEST: 37 ON 1 3 = THUNDER
SNOW, ICE PELLETS, HAIL 4 = ICE PELLETS
TOTAL MONTH: M 5 = HAIL
GRTST 24HR M ON M 6 = FREEZING RAIN OR DRIZZLE
GRTST DEPTH: M ON M 7 = DUSTSTORM OR SANDSTORM:
VSBY 1/2 MILE OR LESS
8 = SMOKE OR HAZE
[NO. OF DAYS WITH] [WEATHER - DAYS WITH] 9 = BLOWING SNOW
X = TORNADO
MAX 32 OR BELOW: 0 0.01 INCH OR MORE: 3
MAX 90 OR ABOVE: 7 0.10 INCH OR MORE: 2
MIN 32 OR BELOW: 0 0.50 INCH OR MORE: 0
MIN 0 OR BELOW: 0 1.00 INCH OR MORE: 0
[HDD (BASE 65) ]
TOTAL THIS MO. 44 CLEAR (SCALE 0-3) 5
DPTR FM NORMAL -19 PTCLDY (SCALE 4-7) 23
TOTAL FM JUL 1 5532 CLOUDY (SCALE 8-10) 2
DPTR FM NORMAL -482
[CDD (BASE 65) ]
TOTAL THIS MO. 151
DPTR FM NORMAL 37 [PRESSURE DATA]
TOTAL FM JAN 1 164 HIGHEST SLP M ON M
DPTR FM NORMAL 35 LOWEST SLP 29.30 ON 13
[REMARKS]
#FINAL-06-22#