000
CXUS52 KMFL 011130
CF6APF
PRELIMINARY LOCAL CLIMATOLOGICAL DATA (WS FORM: F-6)
STATION: NAPLES
MONTH: NOVEMBER
YEAR: 2022
LATITUDE: 26 8 N
LONGITUDE: 81 46 W
TEMPERATURE IN F: :PCPN: SNOW: WIND :SUNSHINE: SKY :PK WND
================================================================================
1 2 3 4 5 6A 6B 7 8 9 10 11 12 13 14 15 16 17 18
12Z AVG MX 2MIN
DY MAX MIN AVG DEP HDD CDD WTR SNW DPTH SPD SPD DIR MIN PSBL S-S WX SPD DR
================================================================================
1 87 73 80 5 0 15 0.00 0.0 0 5.3 13 290 M M 2 15 250
2 86 74 80 5 0 15 0.50 0.0 M 6.1 16 150 M M 4 18 21 150
3 91 76 84 9 0 19 0.75 0.0 0 7.2 20 340 M M 5 18 26 340
4 87 70 79 5 0 14 0.00 0.0 0 8.4 20 60 M M 2 24 60
5 89 70 80 6 0 15 0.00 0.0 0 7.5 15 60 M M 1 19 60
6 90 72 81 7 0 16 0.00 0.0 0 8.1 23 90 M M 1 28 90
7 88 71 80 6 0 15 0.00 0.0 0 10.2 22 60 M M 1 29 60
8 87 70 79 5 0 14 0.00 0.0 0 10.3 23 60 M M 3 29 50
9 81 71 76 3 0 11 0.00 0.0 0 12.7 23 20 M M 8 35 40
10 81 71 76 3 0 11 0.60 0.0 0 13.6 26 290 M M 7 18 35 290
11 84 71 78 5 0 13 0.00 0.0 0 6.9 17 210 M M 1 23 130
12 85 72 79 6 0 14 0.00 0.0 0 3.4 12 220 M M 3 1 15 230
13 83 70 77 4 0 12 0.00 0.0 0 4.8 14 320 M M 2 12 18 320
14 83 69 76 4 0 11 0.00 0.0 0 5.1 13 290 M M 5 1 15 280
15 87 69 78 6 0 13 0.00 0.0 0 4.9 15 140 M M 0 1 19 140
16 84 70 77 5 0 12 0.00 0.0 0 5.0 12 320 M M 2 12 14 340
17 78 63 71 -1 0 6 0.00 0.0 0 8.6 16 60 M M 4 21 30
18 75 60 68 -4 0 3 0.00 0.0 0 11.4 17 60 M M 5 26 40
19 81 61 71 -1 0 6 0.00 0.0 0 11.6 20 70 M M 2 24 200
20 71 66 69 -2 0 4 0.00 0.0 0 15.1 24 40 M M 9 8 33 40
21 82 67 75 4 0 10 0.05 0.0 0 11.7 21 70 M M 7 1 26 60
22 85 72 79 8 0 14 0.00 0.0 0 7.4 14 20 M M 7 20 20
23 84 71 78 7 0 13 0.00 0.0 0 6.0 13 320 M M 4 15 320
24 86 71 79 8 0 14 0.45 0.0 0 5.7 12 170 M M 6 1 17 110
25 85 73 79 8 0 14 0.00 0.0 0 3.2 12 220 M M 0 1 14 220
26 86 73 80 9 0 15 0.00 0.0 0 5.3 13 200 M M 3 12 17 200
27 84 72 78 8 0 13 0.00 0.0 0 6.1 16 220 M M 2 1 21 220
28 85 69 77 7 0 12 0.10 0.0 0 5.1 13 300 M M 6 1 17 300
29 86 67 77 7 0 12 0.00 0.0 0 9.1 17 80 M M 0 20 80
30 85 68 77 7 0 12 0.00 0.0 0 4.5 13 140 M M 0 17 140
================================================================================
SM 2526 2092 0 368 2.45 0.0 230.3 M 102
================================================================================
AV 84.2 69.7 7.7 FASTST M M 3 MAX(MPH)
MISC ----> 26 290 # 35 40
================================================================================
NOTES:
# LAST OF SEVERAL OCCURRENCES
COLUMN 17 PEAK WIND IN M.P.H.
PRELIMINARY LOCAL CLIMATOLOGICAL DATA (WS FORM: F-6) , PAGE 2
STATION: NAPLES
MONTH: NOVEMBER
YEAR: 2022
LATITUDE: 26 8 N
LONGITUDE: 81 46 W
[TEMPERATURE DATA] [PRECIPITATION DATA] SYMBOLS USED IN COLUMN 16
AVERAGE MONTHLY: 77.0 TOTAL FOR MONTH: 2.45 1 = FOG OR MIST
DPTR FM NORMAL: 4.6 DPTR FM NORMAL: 1.06 2 = FOG REDUCING VISIBILITY
HIGHEST: 91 ON 3 GRTST 24HR 0.75 ON 3- 3 TO 1/4 MILE OR LESS
LOWEST: 60 ON 18 3 = THUNDER
SNOW, ICE PELLETS, HAIL 4 = ICE PELLETS
TOTAL MONTH: 0.0 INCH 5 = HAIL
GRTST 24HR 0.0 6 = FREEZING RAIN OR DRIZZLE
GRTST DEPTH: 0 7 = DUSTSTORM OR SANDSTORM:
VSBY 1/2 MILE OR LESS
8 = SMOKE OR HAZE
[NO. OF DAYS WITH] [WEATHER - DAYS WITH] 9 = BLOWING SNOW
X = TORNADO
MAX 32 OR BELOW: 0 0.01 INCH OR MORE: 6
MAX 90 OR ABOVE: 2 0.10 INCH OR MORE: 5
MIN 32 OR BELOW: 0 0.50 INCH OR MORE: 3
MIN 0 OR BELOW: 0 1.00 INCH OR MORE: 0
[HDD (BASE 65) ]
TOTAL THIS MO. 0 CLEAR (SCALE 0-3) 17
DPTR FM NORMAL -12 PTCLDY (SCALE 4-7) 12
TOTAL FM JUL 1 0 CLOUDY (SCALE 8-10) 1
DPTR FM NORMAL -10
[CDD (BASE 65) ]
TOTAL THIS MO. 368
DPTR FM NORMAL 136 [PRESSURE DATA]
TOTAL FM JAN 1 4424 HIGHEST SLP 30.18 ON 19
DPTR FM NORMAL 486 LOWEST SLP 29.56 ON 10
[REMARKS]
#FINAL-11-22#