000
CXUS54 KHGX 020623
CF6ARM
PRELIMINARY LOCAL CLIMATOLOGICAL DATA (WS FORM: F-6)
STATION: Wharton
MONTH: JANUARY
YEAR: 2022
LATITUDE: 29 15 N
LONGITUDE: 96 9 W
TEMPERATURE IN F: :PCPN: SNOW: WIND :SUNSHINE: SKY :PK WND
================================================================================
1 2 3 4 5 6A 6B 7 8 9 10 11 12 13 14 15 16 17 18
12Z AVG MX 2MIN
DY MAX MIN AVG DEP HDD CDD WTR SNW DPTH SPD SPD DIR MIN PSBL S-S WX SPD DR
================================================================================
1 83 66 75 M 0 10 M 0.0 0 11.6 18 200 M M 6 1 27 170
2 69 31 50 M 15 0 M 0.0 0 20.0 30 330 M M 4 40 340
3 53 25 39 M 26 0 0.00 0.0 0 2.7 6 360 M M 0 M M
4 68 35 52 M 13 0 0.00 0.0 0 5.8 17 180 M M 2 22 170
5 77 43 60 M 5 0 0.00 0.0 0 5.7 15 180 M M 4 12 21 180
6 72 40 56 M 9 0 M M M 9.4 18 350 M M 5 12 26 360
7 53 35 44 M 21 0 M M 0 8.6 12 70 M M 8 1 16 360
8 78 53 66 M 0 1 0.47 0.0 M 12.5 23 180 M M 10 13 29 180
9 73 51 62 M 3 0 0.06 0.0 M 10.9 22 350 M M 10 1 31 350
10 62 41 52 M 13 0 0.00 0.0 0 13.5 20 350 M M 3 30 30
11 60 37 49 M 16 0 M M M 5.0 9 50 M M 4 M M
12 61 44 53 M 12 0 M M M 1.3 6 40 M M 9 M M
13 73 38 56 M 9 0 0.00 0.0 0 3.2 12 280 M M 0 1 16 280
14 74 38 56 M 9 0 0.00 0.0 0 5.2 17 180 M M 1 12 23 180
15 58 38 48 M 17 0 M 0.0 0 18.4 32 310 M M 2 12 45 310
16 59 32 46 M 19 0 0.00 0.0 0 8.0 16 320 M M 0 23 320
17 69 30 50 M 15 0 0.00 0.0 0 3.2 8 170 M M 0 M M
18 74 43 59 M 6 0 0.00 0.0 0 8.3 22 170 M M 5 28 180
19 79 54 67 M 0 2 0.37 0.0 0 12.4 23 350 M M 5 3 32 350
20 54 34 44 M 21 0 M M M 20.6 28 350 M M 9 37 360
21 51 32 42 M 23 0 M 0.0 0 9.8 16 350 M M 4 25 360
22 56 28 42 M 23 0 0.00 0.0 0 4.8 10 20 M M 1 M M
23 56 43 50 M 15 0 0.00 0.0 0 1.0 4 350 M M 10 M M
24 52 46 49 M 16 0 0.26 0.0 0 5.3 13 360 M M 10 1 16 340
25 57 44 51 M 14 0 0.00 0.0 0 7.6 14 360 M M 10 1 16 10
26 57 40 49 M 16 0 0.00 0.0 0 5.6 10 80 M M 6 M M
27 64 42 53 M 12 0 0.00 0.0 0 3.1 7 10 M M 7 M M
28 58 37 48 M 17 0 T 0.0 0 9.4 20 350 M M 4 30 350
29 63 32 48 M 17 0 0.00 0.0 0 4.2 10 190 M M 0 M M
30 70 32 51 M 14 0 0.00 0.0 0 5.2 14 190 M M 2 12 20 190
31 61 55 58 M 7 0 1.33 0.0 0 9.0 20 120 M M 10 3 29 120
================================================================================
SM 1994 1239 403 13 2.49 0.0 251.4 M 151
================================================================================
AV 64.3 40.0 8.1 FASTST M M 5 MAX(MPH)
MISC ----> 32 310 45 310
================================================================================
NOTES:
# LAST OF SEVERAL OCCURRENCES
COLUMN 17 PEAK WIND IN M.P.H.
PRELIMINARY LOCAL CLIMATOLOGICAL DATA (WS FORM: F-6) , PAGE 2
STATION: Wharton
MONTH: JANUARY
YEAR: 2022
LATITUDE: 29 15 N
LONGITUDE: 96 9 W
[TEMPERATURE DATA] [PRECIPITATION DATA] SYMBOLS USED IN COLUMN 16
AVERAGE MONTHLY: 52.1 TOTAL FOR MONTH: 2.49 1 = FOG OR MIST
DPTR FM NORMAL: 0.0 DPTR FM NORMAL: M 2 = FOG REDUCING VISIBILITY
HIGHEST: 83 ON 1 GRTST 24HR 1.33 ON 31-31 TO 1/4 MILE OR LESS
LOWEST: 25 ON 3 3 = THUNDER
SNOW, ICE PELLETS, HAIL 4 = ICE PELLETS
TOTAL MONTH: 0.0 INCH 5 = HAIL
GRTST 24HR 0.0 6 = FREEZING RAIN OR DRIZZLE
GRTST DEPTH: 0 7 = DUSTSTORM OR SANDSTORM:
VSBY 1/2 MILE OR LESS
8 = SMOKE OR HAZE
[NO. OF DAYS WITH] [WEATHER - DAYS WITH] 9 = BLOWING SNOW
X = TORNADO
MAX 32 OR BELOW: 0 0.01 INCH OR MORE: 5
MAX 90 OR ABOVE: 0 0.10 INCH OR MORE: 4
MIN 32 OR BELOW: 8 0.50 INCH OR MORE: 1
MIN 0 OR BELOW: 0 1.00 INCH OR MORE: 1
[HDD (BASE 65) ]
TOTAL THIS MO. 403 CLEAR (SCALE 0-3) 10
DPTR FM NORMAL M PTCLDY (SCALE 4-7) 13
TOTAL FM JUL 1 660 CLOUDY (SCALE 8-10) 8
DPTR FM NORMAL M
[CDD (BASE 65) ]
TOTAL THIS MO. 13
DPTR FM NORMAL M [PRESSURE DATA]
TOTAL FM JAN 1 13 HIGHEST SLP M ON M
DPTR FM NORMAL M LOWEST SLP M ON M
[REMARKS]
#FINAL-01-22#