000
CXUS51 KBUF 011346
CLMART
CLIMATE REPORT
NATIONAL WEATHER SERVICE BUFFALO NY
946 AM EDT MON MAY 01 2023
...................................
...THE WATERTOWN NY CLIMATE SUMMARY FOR THE MONTH OF APRIL 2023...
CLIMATE NORMAL PERIOD: 1991 TO 2020
CLIMATE RECORD PERIOD: 1949 TO 2023
WEATHER OBSERVED NORMAL DEPART LAST YEAR`S
VALUE DATE(S) VALUE FROM VALUE DATE(S)
NORMAL
................................................................
TEMPERATURE (F)
RECORD
HIGH 89 04/28/1990
LOW 6 04/01/1965
HIGHEST 82 04/15 79 04/25
LOWEST 18 04/08 22 04/29
04/09
AVG. MAXIMUM 59.5 53.7 5.8 54.5
AVG. MINIMUM 35.8 32.5 3.3 33.3
MEAN 47.6 43.1 4.5 43.9
DAYS MAX >= 90 0 0.0 0.0 0
DAYS MAX <= 32 0 0.4 -0.4 0
DAYS MIN <= 32 10 15.6 -5.6 15
DAYS MIN <= 0 0 0.0 0.0 0
PRECIPITATION (INCHES)
RECORD
MAXIMUM 5.42 2011
MINIMUM 0.61 2001
TOTALS 4.35 3.07 1.28 2.75
DAYS >= .01 10 13.0 -3.0 17
DAYS >= .10 7 7.5 -0.5 7
DAYS >= .50 4 1.9 2.1 1
DAYS >= 1.00 2 0.5 1.5 0
GREATEST
24 HR. TOTAL 1.21 04/05 TO 04/06 0.98 04/06 TO 04/07
DEGREE DAYS
HEATING TOTAL 512 658 -146 625
SINCE 7/1 6214 7099 -885 MM
COOLING TOTAL 0 1 -1 0
SINCE 1/1 0 1 -1 MM
................................................................
WIND (MPH)
AVERAGE WIND SPEED 8.4
HIGHEST WIND SPEED/DIRECTION 30/290
HIGHEST GUST SPEED/DIRECTION 50/280 DATE 04/05
SKY COVER
POSSIBLE SUNSHINE (PERCENT) MM
AVERAGE SKY COVER 0.44
NUMBER OF DAYS FAIR 15
NUMBER OF DAYS PC 9
NUMBER OF DAYS CLOUDY 6
AVERAGE RH (PERCENT) 65
WEATHER CONDITIONS. NUMBER OF DAYS WITH
THUNDERSTORM 1 MIXED PRECIP 0
HEAVY RAIN 4 RAIN 7
LIGHT RAIN 14 FREEZING RAIN 0
LT FREEZING RAIN 0 HAIL 0
HEAVY SNOW 0 SNOW 0
LIGHT SNOW 1 SLEET 0
FOG 7 FOG W/VIS <= 1/4 MILE 0
HAZE 1
- INDICATES NEGATIVE NUMBERS.
R INDICATES RECORD WAS SET OR TIED.
MM INDICATES DATA IS MISSING.
T INDICATES TRACE AMOUNT.
$$