000
CXUS53 KARX 120117
CF6ARX
PRELIMINARY LOCAL CLIMATOLOGICAL DATA (WS FORM: F-6)
STATION: La Crosse Weather Office WI
MONTH: OCTOBER
YEAR: 2020
LATITUDE: 43 49 N
LONGITUDE: 91 12 W
TEMPERATURE IN F: :PCPN: SNOW: WIND :SUNSHINE: SKY :PK WND
================================================================================
1 2 3 4 5 6A 6B 7 8 9 10 11 12 13 14 15 16 17 18
12Z AVG MX 2MIN
DY MAX MIN AVG DEP HDD CDD WTR SNW DPTH SPD SPD DIR MIN PSBL S-S WX SPD DR
================================================================================
1 54 38 46 -8 19 0 0.21 0.0 0 M M M M M M 39 M
2 49 35 42 -12 23 0 0.00 0.0 0 M M M M M M 1 24 M
3 48 35 42 -12 23 0 0.00 0.0 0 M M M M M M 13 M
4 52 33 43 -10 22 0 0.00 0.0 0 M M M M M M 19 M
5 64 39 52 -1 13 0 0.00 0.0 0 M M M M M M 30 M
6 73 48 61 9 4 0 0.00 0.0 0 M M M M M M 30 M
7 68 52 60 8 5 0 0.00 0.0 0 M M M M M M 24 M
8 65 45 55 3 10 0 0.00 0.0 0 M M M M M M 24 M
9 79 46 63 12 2 0 0.00 0.0 0 M M M M M M 28 M
10 66 48 57 6 8 0 0.00 0.0 0 M M M M M M 27 M
11 66 41 54 4 11 0 0.00 0.0 0 M M M M M M 28 M
12 66 48 57 7 8 0 0.51 0.0 0 M M M M M M 3 34 M
13 60 46 53 3 12 0 0.00 0.0 0 M M M M M M 32 M
14 60 44 52 3 13 0 T 0.0 0 M M M M M M 38 M
15 47 35 41 -8 24 0 T 0.0 0 M M M M M M 38 M
16 48 32 40 -8 25 0 0.02 T 0 M M M M M M 4 33 M
17 62 35 49 1 16 0 T 0.0 0 M M M M M M 36 M
18 42 26 34 -14 31 0 0.00 0.0 0 M M M M M M 36 M
19 34 24 29 -18 36 0 T T 0 M M M M M M 21 M
20 38 25 32 -15 33 0 0.12 0.1 0 M M M M M M 1 19 M
21 39 32 36 -10 29 0 0.00 0.0 0 M M M M M M 1 20 M
22 36 31 34 -12 31 0 0.98 0.0 0 M M M M M M 3 27 M
23 35 31 33 -13 32 0 0.01 T 0 M M M M M M 27 M
24 34 25 30 -15 35 0 T T 0 M M M M M M 21 M
25 30 23 27 -18 38 0 0.17 2.4 0 M M M M M M 14 M
26 31 20 26 -18 39 0 T 0.1 2 M M M M M M 15 M
27 34 18 26 -18 39 0 0.00 0.0 1 M M M M M M 25 M
28 53 27 40 -3 25 0 0.00 0.0 0 M M M M M M 30 240
29 38 27 33 -10 32 0 T T 0 M M M M M M 20 10
30 43 26 35 -7 30 0 0.00 0.0 0 M M M M M M 22 M
31 58 31 45 3 20 0 0.00 0.0 0 M M M M M M 36 M
================================================================================
SM 1572 1066 688 0 2.02 2.6 M M M
================================================================================
AV 50.7 34.4 M FASTST M M 4 MAX(MPH)
MISC ----> M M 39 M
================================================================================
NOTES:
# LAST OF SEVERAL OCCURRENCES
COLUMN 17 PEAK WIND IN M.P.H.
PRELIMINARY LOCAL CLIMATOLOGICAL DATA (WS FORM: F-6) , PAGE 2
STATION: La Crosse Weather Office WI
MONTH: OCTOBER
YEAR: 2020
LATITUDE: 43 49 N
LONGITUDE: 91 12 W
[TEMPERATURE DATA] [PRECIPITATION DATA] SYMBOLS USED IN COLUMN 16
AVERAGE MONTHLY: 42.6 TOTAL FOR MONTH: 2.02 1 = FOG OR MIST
DPTR FM NORMAL: -5.9 DPTR FM NORMAL: -0.48 2 = FOG REDUCING VISIBILITY
HIGHEST: 79 ON 9 GRTST 24HR 0.98 ON 22-22 TO 1/4 MILE OR LESS
LOWEST: 18 ON 27 3 = THUNDER
SNOW, ICE PELLETS, HAIL 4 = ICE PELLETS
TOTAL MONTH: 2.6 INCHES 5 = HAIL
GRTST 24HR 2.4 ON 25-25 6 = FREEZING RAIN OR DRIZZLE
GRTST DEPTH: 2 ON 26 7 = DUSTSTORM OR SANDSTORM:
VSBY 1/2 MILE OR LESS
8 = SMOKE OR HAZE
[NO. OF DAYS WITH] [WEATHER - DAYS WITH] 9 = BLOWING SNOW
X = TORNADO
MAX 32 OR BELOW: 2 0.01 INCH OR MORE: 7
MAX 90 OR ABOVE: 0 0.10 INCH OR MORE: 5
MIN 32 OR BELOW: 15 0.50 INCH OR MORE: 2
MIN 0 OR BELOW: 0 1.00 INCH OR MORE: 0
[HDD (BASE 65) ]
TOTAL THIS MO. 688 CLEAR (SCALE 0-3) 0
DPTR FM NORMAL 164 PTCLDY (SCALE 4-7) 0
TOTAL FM JUL 1 919 CLOUDY (SCALE 8-10) 0
DPTR FM NORMAL 194
[CDD (BASE 65) ]
TOTAL THIS MO. 0
DPTR FM NORMAL -8 [PRESSURE DATA]
TOTAL FM JAN 1 621 HIGHEST SLP M ON M
DPTR FM NORMAL 112 LOWEST SLP M ON M
[REMARKS]
#FINAL-10-20#