000
CXUS56 KPQR 011155
CF6AST
PRELIMINARY LOCAL CLIMATOLOGICAL DATA (WS FORM: F-6)
STATION: ASTORIA OR
MONTH: APRIL
YEAR: 2021
LATITUDE: 46 9 N
LONGITUDE: 123 53 W
TEMPERATURE IN F: :PCPN: SNOW: WIND :SUNSHINE: SKY :PK WND
================================================================================
1 2 3 4 5 6A 6B 7 8 9 10 11 12 13 14 15 16 17 18
12Z AVG MX 2MIN
DY MAX MIN AVG DEP HDD CDD WTR SNW DPTH SPD SPD DIR MIN PSBL S-S WX SPD DR
================================================================================
1 52 38 45 -3 20 0 0.00 M M 4.8 13 330 M M 4 16 270
2 55 40 48 0 17 0 0.01 M M 4.6 12 250 M M 5 1 15 270
3 59 37 48 0 17 0 0.00 M M 6.2 16 330 M M 3 21 330
4 51 34 43 -5 22 0 0.00 M M 12.6 22 320 M M 4 27 320
5 53 30 42 -6 23 0 0.00 M M 6.5 14 300 M M 4 18 280
6 54 43 49 1 16 0 0.00 M M 7.2 17 300 M M 5 21 310
7 49 42 46 -2 19 0 0.16 M M 9.8 21 280 M M 10 18 28 260
8 52 34 43 -5 22 0 0.02 M M 8.6 17 270 M M 4 24 280
9 50 30 40 -8 25 0 0.13 M M 9.2 20 230 M M 7 1 29 240
10 50 34 42 -6 23 0 0.02 M M 11.1 25 310 M M 6 33 320
11 53 30 42 -6 23 0 0.00 M M 8.1 23 320 M M 0 27 320
12 60 33 47 -1 18 0 0.00 M M 9.9 21 40 M M 0 28 30
13 65 48 57 9 8 0 0.00 M M 11.6 21 70 M M 0 25 70
14 66 33 50 2 15 0 0.00 M M 6.2 20 320 M M 0 24 320
15 72 35 54 6 11 0 0.00 M M 5.6 18 320 M M 0 23 320
16 79 39 59 10 6 0 0.00 M M 4.6 17 320 M M 0 21 310
17 80 40 60 11 5 0 0.00 M M 5.2 13 260 M M 0 15 300
18 59 42 51 2 14 0 0.00 M M 7.0 17 250 M M 3 20 250
19 61 45 53 4 12 0 0.00 M M 5.8 15 250 M M 7 18 260
20 63 45 54 5 11 0 0.00 M M 7.5 20 300 M M 5 23 300
21 57 47 52 3 13 0 0.00 M M 5.9 16 280 M M 10 1 18 280
22 55 49 52 3 13 0 0.00 M M 7.6 15 260 M M 10 20 250
23 54 47 51 2 14 0 0.02 M M 6.9 16 240 M M 10 22 250
24 50 45 48 -2 17 0 0.70 M M 8.7 25 190 M M 10 1 35 230
25 54 43 49 -1 16 0 0.06 M M 7.1 20 230 M M 8 1 27 220
26 56 44 50 0 15 0 0.00 M M 6.7 18 240 M M 6 24 240
27 58 39 49 -1 16 0 0.00 M M 5.6 14 260 M M 4 1 18 260
28 64 40 52 2 13 0 0.00 M M 4.8 13 340 M M 1 1 13 340
29 58 45 52 2 13 0 0.00 M M 6.7 17 260 M M 5 12 22 240
30 56 48 52 2 13 0 0.25 M M 7.0 16 210 M M 10 1 23 210
================================================================================
SM 1745 1199 470 0 1.37 M 219.1 M 141
================================================================================
AV 58.2 40.0 7.3 FASTST M M 5 MAX(MPH)
MISC ----> # 25 310 35 230
================================================================================
NOTES:
# LAST OF SEVERAL OCCURRENCES
COLUMN 17 PEAK WIND IN M.P.H.
PRELIMINARY LOCAL CLIMATOLOGICAL DATA (WS FORM: F-6) , PAGE 2
STATION: ASTORIA OR
MONTH: APRIL
YEAR: 2021
LATITUDE: 46 9 N
LONGITUDE: 123 53 W
[TEMPERATURE DATA] [PRECIPITATION DATA] SYMBOLS USED IN COLUMN 16
AVERAGE MONTHLY: 49.1 TOTAL FOR MONTH: 1.37 1 = FOG OR MIST
DPTR FM NORMAL: 0.4 DPTR FM NORMAL: -3.83 2 = FOG REDUCING VISIBILITY
HIGHEST: 80 ON 17 GRTST 24HR 0.72 ON 23-24 TO 1/4 MILE OR LESS
LOWEST: 30 ON 11, 9 3 = THUNDER
SNOW, ICE PELLETS, HAIL 4 = ICE PELLETS
TOTAL MONTH: M 5 = HAIL
GRTST 24HR M ON M 6 = FREEZING RAIN OR DRIZZLE
GRTST DEPTH: M ON M 7 = DUSTSTORM OR SANDSTORM:
VSBY 1/2 MILE OR LESS
8 = SMOKE OR HAZE
[NO. OF DAYS WITH] [WEATHER - DAYS WITH] 9 = BLOWING SNOW
X = TORNADO
MAX 32 OR BELOW: 0 0.01 INCH OR MORE: 9
MAX 90 OR ABOVE: 0 0.10 INCH OR MORE: 4
MIN 32 OR BELOW: 3 0.50 INCH OR MORE: 1
MIN 0 OR BELOW: 0 1.00 INCH OR MORE: 0
[HDD (BASE 65) ]
TOTAL THIS MO. 470 CLEAR (SCALE 0-3) 9
DPTR FM NORMAL -19 PTCLDY (SCALE 4-7) 14
TOTAL FM JUL 1 4330 CLOUDY (SCALE 8-10) 7
DPTR FM NORMAL -79
[CDD (BASE 65) ]
TOTAL THIS MO. 0
DPTR FM NORMAL 0 [PRESSURE DATA]
TOTAL FM JAN 1 0 HIGHEST SLP 30.38 ON 11
DPTR FM NORMAL 0 LOWEST SLP 29.66 ON 24
[REMARKS]
#FINAL-04-21#