000
CXUS52 KFFC 011447
CLMATL
CLIMATE REPORT
NATIONAL WEATHER SERVICE PEACHTREE CITY GA
1047 AM EDT SUN OCT 01 2023
...................................
...THE ATLANTA CLIMATE SUMMARY FOR THE MONTH OF SEPTEMBER 2023...
CLIMATE NORMAL PERIOD: 1991 TO 2020
CLIMATE RECORD PERIOD: 1878 TO 2023
WEATHER OBSERVED NORMAL DEPART LAST YEAR`S
VALUE DATE(S) VALUE FROM VALUE DATE(S)
NORMAL
................................................................
TEMPERATURE (F)
RECORD
HIGH 102 09/08/1925
09/07/1925
09/05/1925
LOW 36 09/30/1967
HIGHEST 93 09/11 MM MM 94 09/22
09/12
LOWEST 60 09/24 MM MM 55 09/24
09/27
09/28
AVG. MAXIMUM 84.7 83.9 0.8 83.7
AVG. MINIMUM 66.9 65.9 1.0 65.6
MEAN 75.8 74.9 0.9 74.6
DAYS MAX >= 90 6 4.9 1.1 4
DAYS MAX <= 32 0 0.0 0.0 0
DAYS MIN <= 32 0 0.0 0.0 0
DAYS MIN <= 0 0 0.0 0.0 0
PRECIPITATION (INCHES)
RECORD
MAXIMUM 14.26 1888
MINIMUM 0.04 1984
TOTALS 1.29 3.82 -2.53 0.99
DAILY AVG. 0.04 0.13 -0.09 0.03
DAYS >= .01 5 7.3 -2.3 7
DAYS >= .10 3 4.8 -1.8 4
DAYS >= .50 1 2.4 -1.4 0
DAYS >= 1.00 0 1.0 -1.0 0
GREATEST
24 HR. TOTAL 0.98 09/16 TO 09/17 0.38 09/20 TO 09/20
DEGREE DAYS
HEATING TOTAL 0 5 -5 0
SINCE 7/1 0 2 -2 MM
COOLING TOTAL 331 302 29 297
SINCE 1/1 2115 1950 165 MM
................................................................
WIND (MPH)
AVERAGE WIND SPEED 6.5
HIGHEST WIND SPEED/DIRECTION 24/320 DATE 09/23
HIGHEST GUST SPEED/DIRECTION 33/300 DATE 09/23
SKY COVER
POSSIBLE SUNSHINE (PERCENT) MM
AVERAGE SKY COVER 0.53
NUMBER OF DAYS FAIR 10
NUMBER OF DAYS PC 13
NUMBER OF DAYS CLOUDY 7
AVERAGE RH (PERCENT) 66
WEATHER CONDITIONS. NUMBER OF DAYS WITH
THUNDERSTORM 3 MIXED PRECIP 0
HEAVY RAIN 2 RAIN 4
LIGHT RAIN 7 FREEZING RAIN 0
LT FREEZING RAIN 0 HAIL 0
HEAVY SNOW 0 SNOW 0
LIGHT SNOW 0 SLEET 0
FOG 4 FOG W/VIS <= 1/4 MILE 0
HAZE 9
- INDICATES NEGATIVE NUMBERS.
R INDICATES RECORD WAS SET OR TIED.
MM INDICATES DATA IS MISSING.
T INDICATES TRACE AMOUNT.
$$