000
CXUS54 KEWX 040410
CLMATT
CLIMATE REPORT
NATIONAL WEATHER SERVICE AUSTIN/SAN ANTONIO
551 AM CDT TUE MAY 02 2023
...................................
...THE AUSTIN CAMP MABRY CLIMATE SUMMARY FOR THE MONTH OF APRIL 2023...
CLIMATE NORMAL PERIOD: 1991 TO 2020
CLIMATE RECORD PERIOD: 1897 TO 2023
WEATHER OBSERVED NORMAL DEPART LAST YEAR`S
VALUE DATE(S) VALUE FROM VALUE DATE(S)
NORMAL
................................................................
TEMPERATURE (F)
HIGHEST 94 04/15 96 04/05
LOWEST 47 04/06 44 04/09
AVG. MAXIMUM 79.0 80.3 -1.3 84.6
AVG. MINIMUM 57.9 58.9 -1.0 62.9
MEAN 68.5 69.6 -1.1 73.7
DAYS MAX >= 90 4 6
DAYS MAX <= 32 0 0
DAYS MIN <= 32 0 0
DAYS MIN <= 0 0 0
PRECIPITATION (INCHES)
TOTALS 4.18 2.42 1.76 1.72
DAILY AVG. 0.14 0.08 0.06 0.06
DAYS >= .01 7 8
DAYS >= .10 5 1
DAYS >= .50 4 1
DAYS >= 1.00 1 1
GREATEST
24 HR. TOTAL 2.16 04/06 TO 04/07
SNOWFALL (INCHES)
TOTALS 0.0 0.0 0.0 0.0
SINCE 7/1 0.0
DEGREE DAYS
HEATING TOTAL 39 34 5 3
SINCE 7/1 1298 1438 -140 MM
COOLING TOTAL 150 172 -22 273
SINCE 1/1 337 279 58 MM
................................................................
WIND (MPH)
AVERAGE WIND SPEED 5.2
HIGHEST WIND SPEED/DIRECTION 20/020 DATE 04/15
HIGHEST GUST SPEED/DIRECTION 37/030 DATE 04/15
37/160 04/28
SKY COVER
POSSIBLE SUNSHINE (PERCENT) MM
AVERAGE SKY COVER 0.54
NUMBER OF DAYS FAIR 10
NUMBER OF DAYS PC 9
NUMBER OF DAYS CLOUDY 11
AVERAGE RH (PERCENT) 69
WEATHER CONDITIONS. NUMBER OF DAYS WITH
THUNDERSTORM 10 MIXED PRECIP 0
HEAVY RAIN 6 RAIN 6
LIGHT RAIN 11 FREEZING RAIN 0
LT FREEZING RAIN 0 HAIL 0
HEAVY SNOW 0 SNOW 0
LIGHT SNOW 0 SLEET 0
FOG 11 FOG W/VIS <= 1/4 MILE 0
HAZE 2
- INDICATES NEGATIVE NUMBERS.
R INDICATES RECORD WAS SET OR TIED.
MM INDICATES DATA IS MISSING.
T INDICATES TRACE AMOUNT.
&&
MONTHLY CLIMATE SUMMARY:
APRIL 2023 WAS THE 60TH WARMEST AND 37TH WETTEST APRIL ON RECORD.
SEA LEVEL PRESSURE DATA:
HIGHEST SLP 30.33 ON THE 16TH
LOWEST SLP 29.52 ON THE 28TH
PRELIMINARY LOCAL CLIMATOLOGICAL DATA (WS FORM: F-6)
STATION: AUSTIN CAMP MABRY
MONTH: APRIL
YEAR: 2023
LATITUDE: 30 17 N
LONGITUDE: 97 42 W
TEMPERATURE IN F: :PCPN: SNOW: WIND :SUNSHINE: SKY :PK WND
================================================================================
1 2 3 4 5 6A 6B 7 8 9 10 11 12 13 14 15 16 17 18
12Z AVG MX 2MIN
DY MAX MIN AVG DEP HDD CDD WTR SNW DPTH SPD SPD DIR MIN PSBL S-S WX SPD DR
================================================================================
1 84 52 68 1 0 3 0.00 0.0 0 3.2 12 10 M M 0 21 360
2 86 63 75 8 0 10 0.00 0.0 0 4.6 13 160 M M 5 25 150
3 93 71 82 15 0 17 0.00 0.0 0 6.4 15 150 M M 5 1 28 150
4 91 73 82 15 0 17 T 0.0 0 7.9 15 140 M M 7 29 140
5 77 59 68 0 0 3 T 0.0 0 9.2 17 10 M M 9 38 36 340
6 61 47 54 -14 11 0 1.97 0.0 0 6.9 17 20 M M 10 13 31 10
7 54 50 52 -16 13 0 0.56 0.0 0 5.4 12 20 M M 10 13 23 360
8 62 53 58 -10 7 0 T 0.0 0 3.2 9 360 M M 10 1 16 70
9 74 55 65 -3 0 0 0.00 0.0 0 2.2 8 110 M M 8 14 80
10 74 55 65 -3 0 0 0.00 0.0 0 1.4 7 100 M M 5 15 110
11 77 53 65 -4 0 0 0.00 0.0 0 2.3 9 80 M M 2 1 17 110
12 79 51 65 -4 0 0 0.00 0.0 0 2.5 14 110 M M 1 22 100
13 81 55 68 -1 0 3 0.00 0.0 0 4.6 13 140 M M 2 22 130
14 81 61 71 2 0 6 T 0.0 0 6.2 14 170 M M 7 28 160
15 94 62 78 8 0 13 0.00 0.0 0 5.5 20 20 M M 3 3 37 30
16 76 56 66 -4 0 1 0.00 0.0 0 6.5 15 20 M M 0 28 350
17 79 49 64 -6 1 0 0.00 0.0 0 4.9 15 130 M M 2 25 130
18 80 62 71 1 0 6 0.01 0.0 0 7.4 14 160 M M 7 1 25 160
19 81 70 76 6 0 11 T 0.0 0 7.6 16 150 M M 10 28 150
20 88 65 77 7 0 12 0.24 0.0 0 5.6 14 30 M M 8 138 29 40
21 82 63 73 2 0 8 T 0.0 0 3.4 13 10 M M 5 3 20 20
22 81 57 69 -2 0 4 0.00 0.0 0 5.8 15 130 M M 4 27 120
23 68 52 60 -11 5 0 T 0.0 0 7.8 17 20 M M 10 3 34 360
24 71 54 63 -8 2 0 0.00 0.0 0 5.2 10 140 M M 8 17 70
25 75 62 69 -3 0 4 0.01 0.0 0 3.6 12 150 M M 9 1 22 130
26 86 64 75 3 0 10 0.85 0.0 0 6.0 13 120 M M 8 13 25 40
27 82 61 72 0 0 7 T 0.0 0 4.0 12 360 M M 4 13 21 280
28 86 57 72 0 0 7 0.54 0.0 0 6.8 18 170 M M 4 13 37 160
29 77 54 66 -6 0 1 0.00 0.0 0 7.6 18 340 M M 0 36 340
30 91 52 72 -1 0 7 0.00 0.0 0 3.6 12 170 M M 0 24 180
================================================================================
SM 2371 1738 39 150 4.18 0.0 157.3 M 163
================================================================================
AV 79.0 57.9 5.2 FASTST M M 5 MAX(MPH)
MISC ----> 20 20 # 37 30
================================================================================
NOTES:
# LAST OF SEVERAL OCCURRENCES
COLUMN 17 PEAK WIND IN M.P.H.
SYMBOLS USED IN COLUMN 16
1 = FOG OR MIST
2 = FOG REDUCING VISIBILITY TO 1/4 MILE OR LESS
3 = THUNDER
4 = ICE PELLETS
5 = HAIL
6 = FREEZING RAIN OR DRIZZLE
7 = DUSTSTORM OR SANDSTORM: VSBY 1/2 MILE OR LESS
8 = SMOKE OR HAZE
9 = BLOWING SNOW
X = TORNADO
$$