000
CXUS55 KABR 011100
CF6ATY
PRELIMINARY LOCAL CLIMATOLOGICAL DATA (WS FORM: F-6)
STATION: WATERTOWN SD
MONTH: AUGUST
YEAR: 2021
LATITUDE: 44 55 N
LONGITUDE: 97 9 W
TEMPERATURE IN F: :PCPN: SNOW: WIND :SUNSHINE: SKY :PK WND
================================================================================
1 2 3 4 5 6A 6B 7 8 9 10 11 12 13 14 15 16 17 18
12Z AVG MX 2MIN
DY MAX MIN AVG DEP HDD CDD WTR SNW DPTH SPD SPD DIR MIN PSBL S-S WX SPD DR
================================================================================
1 80 49 65 -6 0 0 0.00 0.0 0 5.4 16 340 M M 0 18 27 360
2 81 54 68 -3 0 3 0.00 0.0 0 3.5 12 220 M M 2 18 17 240
3 83 56 70 0 0 5 0.00 0.0 0 5.3 12 210 M M 0 18 16 190
4 80 59 70 0 0 5 0.03 0.0 0 11.1 20 200 M M 2 1 27 200
5 88 62 75 5 0 10 0.00 0.0 0 6.7 14 30 M M 1 18 19 30
6 84 56 70 0 0 5 0.00 0.0 0 6.0 13 100 M M 1 128 19 80
7 85 66 76 6 0 11 1.14 0.0 0 8.0 17 260 M M 5 13 24 140
8 81 65 73 3 0 8 0.88 0.0 0 5.8 20 360 M M 5 138 23 340
9 87 61 74 4 0 9 0.00 0.0 0 9.1 18 320 M M 2 12 30 100
10 84 62 73 3 0 8 0.00 0.0 0 9.2 21 340 M M 0 1 28 170
11 80 65 73 3 0 8 0.00 0.0 0 11.3 20 340 M M 1 27 330
12 76 56 66 -3 0 1 T 0.0 0 10.9 22 340 M M 1 28 320
13 77 50 64 -5 1 0 0.00 0.0 0 6.1 18 330 M M 0 25 330
14 87 52 70 1 0 5 0.00 0.0 0 11.0 21 210 M M 0 27 180
15 87 59 73 4 0 8 0.00 0.0 0 12.6 21 160 M M 0 29 170
16 87 63 75 6 0 10 0.00 0.0 0 13.8 24 170 M M 0 34 200
17 90 67 79 11 0 14 0.00 0.0 0 14.1 21 180 M M 0 29 170
18 89 69 79 11 0 14 0.00 0.0 0 14.6 23 170 M M 0 31 180
19 89 67 78 10 0 13 0.00 0.0 0 10.9 18 170 M M 0 1 25 170
20 83 62 73 5 0 8 0.09 0.0 0 12.8 23 200 M M 6 13 32 260
21 73 55 64 -4 1 0 0.00 0.0 0 12.2 22 320 M M 3 32 330
22 76 54 65 -3 0 0 0.11 0.0 0 11.8 26 160 M M 2 3 36 170
23 88 53 71 4 0 6 0.00 0.0 0 6.2 17 150 M M 2 12 25 150
24 87 63 75 8 0 10 0.55 0.0 0 11.4 31 350 M M 2 13 42 350
25 73 56 65 -2 0 0 0.00 0.0 0 6.9 16 20 M M 1 20 360
26 73 56 65 -2 0 0 1.33 0.0 0 11.8 58 330 M M 5 123 75 320
27 84 62 73 7 0 8 0.12 0.0 0 6.4 17 120 M M 4 13 30 110
28 76 63 70 4 0 5 0.52 0.0 0 9.3 39 340 M M 5 13 59 340
29 76 54 65 -1 0 0 0.00 0.0 0 8.5 16 310 M M 0 21 310
30 82 55 69 3 0 4 0.00 0.0 0 4.9 12 70 M M 1 18 140
31 79 62 71 5 0 6 0.00 0.0 0 7.1 17 140 M M 0 26 140
================================================================================
SM 2545 1833 2 184 4.77 0.0 284.7 M 51
================================================================================
AV 82.1 59.1 9.2 FASTST M M 2 MAX(MPH)
MISC ----> 58 330 75 320
================================================================================
NOTES:
# LAST OF SEVERAL OCCURRENCES
COLUMN 17 PEAK WIND IN M.P.H.
PRELIMINARY LOCAL CLIMATOLOGICAL DATA (WS FORM: F-6) , PAGE 2
STATION: WATERTOWN SD
MONTH: AUGUST
YEAR: 2021
LATITUDE: 44 55 N
LONGITUDE: 97 9 W
[TEMPERATURE DATA] [PRECIPITATION DATA] SYMBOLS USED IN COLUMN 16
AVERAGE MONTHLY: 70.6 TOTAL FOR MONTH: 4.77 1 = FOG OR MIST
DPTR FM NORMAL: 2.1 DPTR FM NORMAL: 1.88 2 = FOG REDUCING VISIBILITY
HIGHEST: 90 ON 17 GRTST 24HR 1.45 ON 26-27 TO 1/4 MILE OR LESS
LOWEST: 49 ON 1 3 = THUNDER
SNOW, ICE PELLETS, HAIL 4 = ICE PELLETS
TOTAL MONTH: 0.0 INCH 5 = HAIL
GRTST 24HR 0.0 6 = FREEZING RAIN OR DRIZZLE
GRTST DEPTH: 0 7 = DUSTSTORM OR SANDSTORM:
VSBY 1/2 MILE OR LESS
8 = SMOKE OR HAZE
[NO. OF DAYS WITH] [WEATHER - DAYS WITH] 9 = BLOWING SNOW
X = TORNADO
MAX 32 OR BELOW: 0 0.01 INCH OR MORE: 9
MAX 90 OR ABOVE: 1 0.10 INCH OR MORE: 7
MIN 32 OR BELOW: 0 0.50 INCH OR MORE: 5
MIN 0 OR BELOW: 0 1.00 INCH OR MORE: 2
[HDD (BASE 65) ]
TOTAL THIS MO. 2 CLEAR (SCALE 0-3) 25
DPTR FM NORMAL -33 PTCLDY (SCALE 4-7) 6
TOTAL FM JUL 1 3 CLOUDY (SCALE 8-10) 0
DPTR FM NORMAL -49
[CDD (BASE 65) ]
TOTAL THIS MO. 184
DPTR FM NORMAL 40 [PRESSURE DATA]
TOTAL FM JAN 1 695 HIGHEST SLP 30.27 ON 1
DPTR FM NORMAL 224 LOWEST SLP 29.61 ON 8
[REMARKS]
#FINAL-08-21#