000
CXUS54 KEWX 061420
CF6AUS
PRELIMINARY LOCAL CLIMATOLOGICAL DATA (WS FORM: F-6)
STATION: AUSTIN BERGSTROM
MONTH: NOVEMBER
YEAR: 2022
LATITUDE: 30 13 N
LONGITUDE: 97 40 W
TEMPERATURE IN F: :PCPN: SNOW: WIND :SUNSHINE: SKY :PK WND
================================================================================
1 2 3 4 5 6A 6B 7 8 9 10 11 12 13 14 15 16 17 18
12Z AVG MX 2MIN
DY MAX MIN AVG DEP HDD CDD WTR SNW DPTH SPD SPD DIR MIN PSBL S-S WX SPD DR
================================================================================
1 66 53 60 -4 5 0 0.01 0.0 0 1.9 10 130 M M 8 1 14 140
2 77 55 66 2 0 1 0.00 0.0 0 4.0 12 140 M M 8 12 17 150
3 85 69 77 14 0 12 T 0.0 0 12.8 24 180 M M 8 1 34 170
4 86 58 72 9 0 7 0.41 0.0 0 13.2 25 180 M M 8 13 35 170
5 72 49 61 -2 4 0 0.00 0.0 0 5.4 15 150 M M 2 19 140
6 84 46 65 3 0 0 0.00 0.0 0 4.9 20 200 M M 5 27 200
7 85 68 77 15 0 12 0.11 0.0 0 5.0 14 130 M M 8 1 19 90
8 79 60 70 8 0 5 0.02 0.0 0 3.9 10 150 M M 8 16 80
9 82 64 73 12 0 8 0.00 0.0 0 6.7 17 140 M M 6 1 22 140
10 82 63 73 12 0 8 0.00 0.0 0 7.0 17 190 M M 7 24 170
11 80 43 62 1 3 0 0.12 0.0 0 13.1 30 350 M M 9 13 38 360
12 58 34 46 -14 19 0 0.00 0.0 0 12.8 22 350 M M 4 28 350
13 59 29 44 -16 21 0 0.00 0.0 0 5.6 9 140 M M 4 17 70
14 53 48 51 -9 14 0 0.19 0.0 0 8.9 18 360 M M 10 1 25 20
15 51 38 45 -14 20 0 0.00 0.0 0 11.0 21 340 M M 7 29 330
16 56 39 48 -11 17 0 0.00 0.0 0 9.8 20 20 M M 6 27 20
17 58 39 49 -10 16 0 0.00 0.0 0 2.6 10 150 M M 8 17 120
18 55 47 51 -7 14 0 0.03 0.0 0 2.9 12 50 M M 10 16 50
19 48 37 43 -15 22 0 0.39 0.0 0 12.9 23 10 M M 10 1 30 10
20 47 38 43 -15 22 0 0.02 0.0 0 7.1 13 10 M M 10 20 40
21 45 41 43 -15 22 0 0.25 0.0 0 4.9 10 20 M M 10 1 14 60
22 54 44 49 -8 16 0 0.02 0.0 0 4.0 10 50 M M 10 1 16 50
23 66 52 59 2 6 0 0.10 0.0 0 2.8 9 130 M M 10 1 16 110
24 67 61 64 7 1 0 0.23 0.0 0 7.3 18 20 M M 10 12 30 60
25 61 56 59 3 6 0 0.70 0.0 0 12.7 22 30 M M 10 13 30 40
26 61 39 50 -6 15 0 1.30 0.0 0 8.4 21 240 M M 5 13 33 240
27 72 41 57 1 8 0 0.00 0.0 0 4.5 13 350 M M 0 20 330
28 75 37 56 0 9 0 0.00 0.0 0 6.0 18 170 M M 2 25 170
29 84 49 67 12 0 2 0.00 0.0 0 9.4 21 200 M M 5 1 32 200
30 59 37 48 -7 17 0 0.00 0.0 0 16.8 30 20 M M 0 38 20
================================================================================
SM 2007 1434 277 55 3.90 0.0 228.3 M 208
================================================================================
AV 66.9 47.8 7.6 FASTST M M 7 MAX(MPH)
MISC ----> # 30 350 # 38 360
================================================================================
NOTES:
# LAST OF SEVERAL OCCURRENCES
COLUMN 17 PEAK WIND IN M.P.H.
PRELIMINARY LOCAL CLIMATOLOGICAL DATA (WS FORM: F-6) , PAGE 2
STATION: AUSTIN BERGSTROM
MONTH: NOVEMBER
YEAR: 2022
LATITUDE: 30 13 N
LONGITUDE: 97 40 W
[TEMPERATURE DATA] [PRECIPITATION DATA] SYMBOLS USED IN COLUMN 16
AVERAGE MONTHLY: 57.4 TOTAL FOR MONTH: 3.90 1 = FOG OR MIST
DPTR FM NORMAL: -1.9 DPTR FM NORMAL: 1.22 2 = FOG REDUCING VISIBILITY
HIGHEST: 86 ON 4 GRTST 24HR 2.00 ON 25-26 TO 1/4 MILE OR LESS
LOWEST: 29 ON 13 3 = THUNDER
SNOW, ICE PELLETS, HAIL 4 = ICE PELLETS
TOTAL MONTH: 0.0 INCH 5 = HAIL
GRTST 24HR 0.0 6 = FREEZING RAIN OR DRIZZLE
GRTST DEPTH: 0 7 = DUSTSTORM OR SANDSTORM:
VSBY 1/2 MILE OR LESS
8 = SMOKE OR HAZE
[NO. OF DAYS WITH] [WEATHER - DAYS WITH] 9 = BLOWING SNOW
X = TORNADO
MAX 32 OR BELOW: 0 0.01 INCH OR MORE: 15
MAX 90 OR ABOVE: 0 0.10 INCH OR MORE: 10
MIN 32 OR BELOW: 1 0.50 INCH OR MORE: 2
MIN 0 OR BELOW: 0 1.00 INCH OR MORE: 1
[HDD (BASE 65) ]
TOTAL THIS MO. 277 CLEAR (SCALE 0-3) 4
DPTR FM NORMAL 58 PTCLDY (SCALE 4-7) 13
TOTAL FM JUL 1 320 CLOUDY (SCALE 8-10) 13
DPTR FM NORMAL 55
[CDD (BASE 65) ]
TOTAL THIS MO. 55
DPTR FM NORMAL 7 [PRESSURE DATA]
TOTAL FM JAN 1 3378 HIGHEST SLP 30.52 ON 20
DPTR FM NORMAL 396 LOWEST SLP 29.67 ON 29
[REMARKS]
#FINAL-11-22#