000
CXUS53 KGRB 010715
CLMAUW
CLIMATE REPORT
NATIONAL WEATHER SERVICE GREEN BAY
215 AM CDT MON APR 01 2024
...................................
...THE WAUSAU WI CLIMATE SUMMARY FOR THE MONTH OF MARCH 2024...
CLIMATE NORMAL PERIOD: 1991 TO 2020
CLIMATE RECORD PERIOD: 1896 TO 2024
WEATHER OBSERVED NORMAL DEPART LAST YEAR`S
VALUE DATE(S) VALUE FROM VALUE DATE(S)
NORMAL
................................................................
TEMPERATURE (F)
RECORD
HIGH 80 03/30/1910
03/29/1910
LOW -33 03/01/1962
HIGHEST 68 03/12 61 7 46 03/15
03/26
LOWEST 13 03/23 -2 15 1 03/14
AVG. MAXIMUM 45.9 39.6 6.3 37.9
AVG. MINIMUM 25.3 20.6 4.7 20.8
MEAN 35.6 30.1 5.5 29.3
DAYS MAX >= 90 0 0.0 0.0 0
DAYS MAX <= 32 6 7.2 -1.2 5
DAYS MIN <= 32 28 26.1 1.9 30
DAYS MIN <= 0 0 2.0 -2.0 0
PRECIPITATION (INCHES)
RECORD
MAXIMUM 4.95 2016
MINIMUM 0.05 1960
TOTALS 2.79 1.83 0.96 3.58
DAYS >= .01 7 9.4 -2.4 13
DAYS >= .10 6 4.9 1.1 7
DAYS >= .50 3 1.1 1.9
DAYS >= 1.00 0 0.2 -0.2 1
GREATEST
STORM TOTAL 0.64
(MM/DD(HH))
SNOWFALL (INCHES)
RECORDS
TOTAL 36.2 1956
24 HR TOTAL 7.0 03/23/2016 TO 03/23/2016
TOTALS 15.2 8.3 6.9 24.0
SINCE 7/1 34.5 57.6 -23.1 MM
DAYS >= TRACE 7 6.3 0.7
DAYS >= 1.0 3 2.8 0.2 6
GREATEST
SNOW DEPTH 9 03/24 23 03/12
03/13
24 HR TOTAL MM
DEGREE DAYS
HEATING TOTAL 902 1082 -180 1099
SINCE 7/1 5737 7132 -1395 MM
COOLING TOTAL 0 0 0 0
SINCE 1/1 0 0 0 MM
................................................................
WIND (MPH)
AVERAGE WIND SPEED 8.4
HIGHEST WIND SPEED/DIRECTION 30/290 DATE 03/16
HIGHEST GUST SPEED/DIRECTION 40/180 DATE 03/01
40/260 03/03
40/280 03/16
SKY COVER
POSSIBLE SUNSHINE (PERCENT) MM
AVERAGE SKY COVER 0.44
NUMBER OF DAYS FAIR 14
NUMBER OF DAYS PC 8
NUMBER OF DAYS CLOUDY 8
AVERAGE RH (PERCENT) 60
WEATHER CONDITIONS. NUMBER OF DAYS WITH
THUNDERSTORM 1 MIXED PRECIP 0
HEAVY RAIN 2 RAIN 3
LIGHT RAIN 5 FREEZING RAIN 0
LT FREEZING RAIN 0 HAIL 0
HEAVY SNOW 1 SNOW 2
LIGHT SNOW 7 SLEET 0
FOG 9 FOG W/VIS <= 1/4 MILE 2
HAZE 5
- INDICATES NEGATIVE NUMBERS.
R INDICATES RECORD WAS SET OR TIED.
MM INDICATES DATA IS MISSING.
T INDICATES TRACE AMOUNT.
$$