000
CXUS53 KGRR 010910
CF6AZO
PRELIMINARY LOCAL CLIMATOLOGICAL DATA (WS FORM: F-6)
STATION: KALAMAZOO
MONTH: SEPTEMBER
YEAR: 2021
LATITUDE: 42 13 N
LONGITUDE: 85 33 W
TEMPERATURE IN F: :PCPN: SNOW: WIND :SUNSHINE: SKY :PK WND
================================================================================
1 2 3 4 5 6A 6B 7 8 9 10 11 12 13 14 15 16 17 18
12Z AVG MX 2MIN
DY MAX MIN AVG DEP HDD CDD WTR SNW DPTH SPD SPD DIR MIN PSBL S-S WX SPD DR
================================================================================
1 80 58 69 1 0 4 0.00 M M 5.7 15 20 M M 2 22 20
2 79 51 65 -3 0 0 0.00 M M 2.0 8 30 M M 0 13 60
3 78 55 67 -1 0 2 T M M 1.6 10 190 M M 2 14 200
4 77 64 71 4 0 6 0.04 M M 7.2 16 200 M M 10 1 22 180
5 80 59 70 3 0 5 0.00 M M 7.4 21 300 M M 4 31 320
6 78 55 67 0 0 2 0.02 M M 6.0 16 310 M M 3 1 25 330
7 87 52 70 4 0 5 0.46 M M 9.5 41 290 M M 2 13 69 300
8 78 58 68 2 0 3 T M M 8.2 22 290 M M 2 1 33 300
9 75 52 64 -2 1 0 0.00 M M 6.2 17 320 M M 3 25 280
10 78 49 64 -1 1 0 0.00 M M 3.7 14 190 M M 2 1 19 210
11 83 59 71 6 0 6 0.00 M M 9.8 18 190 M M 0 26 210
12 85 71 78 13 0 13 0.00 M M 8.2 16 250 M M 3 23 260
13 82 67 75 11 0 10 0.00 M M 3.6 10 10 M M 6 1 15 70
14 90 66 78 14 0 13 0.04 M M 11.4 24 210 M M 3 13 38 200
15 79 55 67 3 0 2 0.00 M M 4.2 14 320 M M 2 20 20
16 81 49 65 2 0 0 0.00 M M 2.8 12 200 M M 0 1 18 200
17 87 56 72 9 0 7 0.00 M M 4.7 14 200 M M 1 21 260
18 82 64 73 10 0 8 0.00 M M 4.3 12 50 M M 1 19 60
19 87 57 72 10 0 7 0.00 M M 3.1 12 180 M M 0 17 190
20 80 67 74 12 0 9 0.03 M M 9.0 23 190 M M 5 18 30 200
21 74 57 66 5 0 1 0.51 M M 10.3 18 180 M M 10 1 25 180
22 58 49 54 -7 11 0 0.44 M M 12.1 24 350 M M 10 1 32 350
23 59 48 54 -7 11 0 1.40 M M 15.3 25 300 M M 10 1 35 330
24 75 47 61 1 4 0 T M M 9.8 18 190 M M 1 26 180
25 68 51 60 0 5 0 0.17 M M 9.2 22 280 M M 6 1 31 280
26 81 50 66 7 0 1 0.00 M M 10.3 21 250 M M 1 33 220
27 82 60 71 12 0 6 0.00 M M 8.9 16 220 M M 0 23 220
28 75 53 64 5 1 0 0.00 M M 3.6 9 30 M M 0 16 60
29 78 47 63 5 2 0 0.00 M M 0.9 8 170 M M 0 1 11 170
30 77 48 63 5 2 0 0.00 M M 1.1 8 170 M M 0 1 12 150
================================================================================
SM 2353 1674 38 110 3.11 M 200.1 M 89
================================================================================
AV 78.4 55.8 6.7 FASTST M M 3 MAX(MPH)
MISC ----> 41 290 69 300
================================================================================
NOTES:
# LAST OF SEVERAL OCCURRENCES
COLUMN 17 PEAK WIND IN M.P.H.
PRELIMINARY LOCAL CLIMATOLOGICAL DATA (WS FORM: F-6) , PAGE 2
STATION: KALAMAZOO
MONTH: SEPTEMBER
YEAR: 2021
LATITUDE: 42 13 N
LONGITUDE: 85 33 W
[TEMPERATURE DATA] [PRECIPITATION DATA] SYMBOLS USED IN COLUMN 16
AVERAGE MONTHLY: 67.1 TOTAL FOR MONTH: 3.11 1 = FOG OR MIST
DPTR FM NORMAL: 3.8 DPTR FM NORMAL: -0.16 2 = FOG REDUCING VISIBILITY
HIGHEST: 90 ON 14 GRTST 24HR 1.62 ON 22-23 TO 1/4 MILE OR LESS
LOWEST: 47 ON 29,24 3 = THUNDER
SNOW, ICE PELLETS, HAIL 4 = ICE PELLETS
TOTAL MONTH: M 5 = HAIL
GRTST 24HR M ON M 6 = FREEZING RAIN OR DRIZZLE
GRTST DEPTH: M ON M 7 = DUSTSTORM OR SANDSTORM:
VSBY 1/2 MILE OR LESS
8 = SMOKE OR HAZE
[NO. OF DAYS WITH] [WEATHER - DAYS WITH] 9 = BLOWING SNOW
X = TORNADO
MAX 32 OR BELOW: 0 0.01 INCH OR MORE: 9
MAX 90 OR ABOVE: 1 0.10 INCH OR MORE: 5
MIN 32 OR BELOW: 0 0.50 INCH OR MORE: 2
MIN 0 OR BELOW: 0 1.00 INCH OR MORE: 1
[HDD (BASE 65) ]
TOTAL THIS MO. 38 CLEAR (SCALE 0-3) 21
DPTR FM NORMAL -82 PTCLDY (SCALE 4-7) 5
TOTAL FM JUL 1 38 CLOUDY (SCALE 8-10) 4
DPTR FM NORMAL -100
[CDD (BASE 65) ]
TOTAL THIS MO. 110
DPTR FM NORMAL 41 [PRESSURE DATA]
TOTAL FM JAN 1 1027 HIGHEST SLP 30.24 ON 30
DPTR FM NORMAL 326 LOWEST SLP 29.62 ON 7
[REMARKS]
#FINAL-09-21#