000
CXUS53 KLBF 011410
CF6BBW
PRELIMINARY LOCAL CLIMATOLOGICAL DATA (WS FORM: F-6)
STATION: BROKEN BOW
MONTH: MAY
YEAR: 2023
LATITUDE: 41 26 N
LONGITUDE: 99 39 W
TEMPERATURE IN F: :PCPN: SNOW: WIND :SUNSHINE: SKY :PK WND
================================================================================
1 2 3 4 5 6A 6B 7 8 9 10 11 12 13 14 15 16 17 18
12Z AVG MX 2MIN
DY MAX MIN AVG DEP HDD CDD WTR SNW DPTH SPD SPD DIR MIN PSBL S-S WX SPD DR
================================================================================
1 66 25 46 -7 19 0 0.00 M M 9.4 22 340 M M 0 8 30 340
2 68 28 48 -6 17 0 0.00 M M 6.9 15 330 M M 0 21 340
3 79 26 53 -1 12 0 0.00 M M 8.1 21 160 M M 0 31 170
4 84 48 66 12 0 1 1.12 M M 11.0 31 40 M M 2 13 41 40
5 74 55 65 10 0 0 1.27 M M 9.6 47 290 M M 6 13 70 300
6 77 50 64 9 1 0 0.06 M M 4.4 28 30 M M 2 3 38 20
7 77 49 63 7 2 0 0.02 M M 12.1 30 350 M M 5 3 38 340
8 80 44 62 6 3 0 0.00 M M 5.8 20 240 M M 0 25 240
9 71 55 63 7 2 0 0.17 M M 11.1 29 110 M M 3 1 39 110
10 72 50 61 4 4 0 1.58 M M 9.1 20 120 M M 5 13 27 130
11 77 55 66 9 0 1 0.78 M M 12.9 28 100 M M 8 13 37 100
12 71 55 63 5 2 0 0.87 M M 12.7 41 100 M M 9 13 54 110
13 72 59 66 8 0 1 T M M 14.7 23 330 M M 8 1 31 320
14 61 53 57 -1 8 0 T M M 14.1 22 20 M M 10 1 31 20
15 54 50 52 -7 13 0 0.02 M M 8.9 18 30 M M 10 1 24 30
16 74 47 61 2 4 0 0.00 M M 2.8 8 60 M M 1 18 12 80
17 78 44 61 1 4 0 T M M 5.9 30 300 M M 1 8 40 300
18 73 51 62 2 3 0 0.00 M M 9.6 18 340 M M 8 18 25 340
19 67 44 56 -5 9 0 0.00 M M 14.9 26 360 M M 2 8 39 360
20 74 37 56 -5 9 0 0.00 M M 4.0 14 200 M M 0 19 200
21 81 50 66 5 0 1 0.00 M M 6.4 18 190 M M 2 28 200
22 80 54 67 5 0 2 0.00 M M 6.5 20 160 M M 1 18 27 130
23 79 53 66 4 0 1 0.00 M M 7.2 17 170 M M 1 18 23 180
24 79 53 66 3 0 1 0.00 M M 6.2 20 180 M M 4 18 26 180
25 78 50 64 1 1 0 T M M 10.2 25 180 M M 3 13 33 170
26 76 59 68 4 0 3 0.01 M M 11.2 21 160 M M 6 1 27 170
27 81 56 69 5 0 4 0.00 M M 14.8 29 160 M M 4 37 160
28 73 60 67 3 0 2 0.32 M M 11.3 25 130 M M 5 13 36 120
29 87 55 71 6 0 6 0.06 M M 10.7 22 250 M M 3 13 29 240
30 85 57 71 6 0 6 0.12 M M 8.0 38 270 M M 0 138 57 270
31 82 58 70 5 0 5 0.06 M M 6.4 36 300 M M 1 13 50 310
================================================================================
SM 2330 1530 113 34 6.46 M 286.9 M 110
================================================================================
AV 75.2 49.4 9.3 FASTST M M 4 MAX(MPH)
MISC ----> 47 290 70 300
================================================================================
NOTES:
# LAST OF SEVERAL OCCURRENCES
COLUMN 17 PEAK WIND IN M.P.H.
PRELIMINARY LOCAL CLIMATOLOGICAL DATA (WS FORM: F-6) , PAGE 2
STATION: BROKEN BOW
MONTH: MAY
YEAR: 2023
LATITUDE: 41 26 N
LONGITUDE: 99 39 W
[TEMPERATURE DATA] [PRECIPITATION DATA] SYMBOLS USED IN COLUMN 16
AVERAGE MONTHLY: 62.3 TOTAL FOR MONTH: 6.46 1 = FOG OR MIST
DPTR FM NORMAL: 3.0 DPTR FM NORMAL: 2.51 2 = FOG REDUCING VISIBILITY
HIGHEST: 87 ON 29 GRTST 24HR 2.10 ON 4- 5 TO 1/4 MILE OR LESS
LOWEST: 25 ON 1 3 = THUNDER
SNOW, ICE PELLETS, HAIL 4 = ICE PELLETS
TOTAL MONTH: M 5 = HAIL
GRTST 24HR M ON M 6 = FREEZING RAIN OR DRIZZLE
GRTST DEPTH: M ON M 7 = DUSTSTORM OR SANDSTORM:
VSBY 1/2 MILE OR LESS
8 = SMOKE OR HAZE
[NO. OF DAYS WITH] [WEATHER - DAYS WITH] 9 = BLOWING SNOW
X = TORNADO
MAX 32 OR BELOW: 0 0.01 INCH OR MORE: 14
MAX 90 OR ABOVE: 0 0.10 INCH OR MORE: 8
MIN 32 OR BELOW: 3 0.50 INCH OR MORE: 5
MIN 0 OR BELOW: 0 1.00 INCH OR MORE: 3
[HDD (BASE 65) ]
TOTAL THIS MO. 113 CLEAR (SCALE 0-3) 16
DPTR FM NORMAL -106 PTCLDY (SCALE 4-7) 11
TOTAL FM JUL 1 6595 CLOUDY (SCALE 8-10) 4
DPTR FM NORMAL 349
[CDD (BASE 65) ]
TOTAL THIS MO. 34
DPTR FM NORMAL -8 [PRESSURE DATA]
TOTAL FM JAN 1 51 HIGHEST SLP 30.40 ON 15
DPTR FM NORMAL 5 LOWEST SLP 29.62 ON 4
[REMARKS]
#FINAL-05-23#