000
CXUS55 KLBF 011410
CF6BBW
PRELIMINARY LOCAL CLIMATOLOGICAL DATA (WS FORM: F-6)
STATION: BROKEN BOW
MONTH: MARCH
YEAR: 2023
LATITUDE: 41 26 N
LONGITUDE: 99 39 W
TEMPERATURE IN F: :PCPN: SNOW: WIND :SUNSHINE: SKY :PK WND
================================================================================
1 2 3 4 5 6A 6B 7 8 9 10 11 12 13 14 15 16 17 18
12Z AVG MX 2MIN
DY MAX MIN AVG DEP HDD CDD WTR SNW DPTH SPD SPD DIR MIN PSBL S-S WX SPD DR
================================================================================
1 39 25 32 -1 33 0 0.00 M M 13.0 22 290 M M 3 32 270
2 43 21 32 -2 33 0 0.00 M M 6.3 14 190 M M 5 18 200
3 47 26 37 3 28 0 0.00 M M 9.8 23 340 M M 1 30 350
4 44 27 36 1 29 0 0.00 M M 7.0 32 330 M M 2 41 340
5 53 32 43 8 22 0 0.00 M M 8.4 18 110 M M 6 24 120
6 35 28 32 -4 33 0 0.00 M M 12.4 24 340 M M 8 1 32 340
7 29 27 28 -8 37 0 T M M 8.6 14 60 M M 10 126 19 60
8 30 25 28 -8 37 0 0.00 M M 10.2 18 350 M M 10 1 23 350
9 32 22 27 -10 38 0 0.08 M M 10.6 21 310 M M 10 128 24 310
10 33 12 23 -14 42 0 0.00 M M 11.9 21 140 M M 5 27 130
11 50 30 40 2 25 0 0.04 M M 9.0 23 340 M M 5 16 30 340
12 32 19 26 -12 39 0 0.00 M M 18.1 30 320 M M 1 39 310
13 37 17 27 -11 38 0 T M M 9.2 18 320 M M 5 8 23 350
14 58 24 41 2 24 0 0.00 M M 16.2 29 180 M M 1 36 180
15 70 38 54 15 11 0 T M M 12.1 36 330 M M 0 45 330
16 41 26 34 -6 31 0 0.04 M M 26.9 43 340 M M 5 1268 56 330
17 40 17 29 -11 36 0 T M M 19.0 38 340 M M 3 8 47 340
18 30 11 21 -20 44 0 0.00 M M 13.0 28 330 M M 1 36 350
19 57 10 34 -7 31 0 0.00 M M 14.0 29 210 M M 0 38 210
20 53 24 39 -2 26 0 0.00 M M 10.1 21 70 M M 0 27 80
21 52 25 39 -3 26 0 0.00 M M 5.6 22 300 M M 5 18 27 320
22 49 24 37 -5 28 0 T M M 12.8 24 350 M M 5 31 360
23 50 20 35 -7 30 0 T M M 6.0 13 160 M M 4 19 170
24 52 27 40 -3 25 0 0.00 M M 7.8 16 180 M M 4 21 190
25 51 29 40 -3 25 0 0.00 M M 12.2 22 360 M M 2 33 70
26 34 18 26 -17 39 0 0.00 M M 10.1 20 350 M M 8 1 25 340
27 40 13 27 -17 38 0 0.00 M M 4.3 14 30 M M 4 20 50
28 52 14 33 -11 32 0 0.00 M M 8.9 24 240 M M 0 34 230
29 43 19 31 -13 34 0 0.00 M M 11.2 18 100 M M 1 29 130
30 63 25 44 0 21 0 0.06 M M 7.1 22 170 M M 2 3 29 170
31 50 26 38 -7 27 0 T M M 23.9 41 310 M M 10 18 56 310
================================================================================
SM 1389 701 962 0 0.22 M 355.7 M 126
================================================================================
AV 44.8 22.6 11.5 FASTST M M 4 MAX(MPH)
MISC ----> 43 340 # 56 330
================================================================================
NOTES:
# LAST OF SEVERAL OCCURRENCES
COLUMN 17 PEAK WIND IN M.P.H.
PRELIMINARY LOCAL CLIMATOLOGICAL DATA (WS FORM: F-6) , PAGE 2
STATION: BROKEN BOW
MONTH: MARCH
YEAR: 2023
LATITUDE: 41 26 N
LONGITUDE: 99 39 W
[TEMPERATURE DATA] [PRECIPITATION DATA] SYMBOLS USED IN COLUMN 16
AVERAGE MONTHLY: 33.7 TOTAL FOR MONTH: 0.22 1 = FOG OR MIST
DPTR FM NORMAL: -5.8 DPTR FM NORMAL: -0.94 2 = FOG REDUCING VISIBILITY
HIGHEST: 70 ON 15 GRTST 24HR 0.08 ON 9- 9 TO 1/4 MILE OR LESS
LOWEST: 10 ON 19 3 = THUNDER
SNOW, ICE PELLETS, HAIL 4 = ICE PELLETS
TOTAL MONTH: M 5 = HAIL
GRTST 24HR M ON M 6 = FREEZING RAIN OR DRIZZLE
GRTST DEPTH: M ON M 7 = DUSTSTORM OR SANDSTORM:
VSBY 1/2 MILE OR LESS
8 = SMOKE OR HAZE
[NO. OF DAYS WITH] [WEATHER - DAYS WITH] 9 = BLOWING SNOW
X = TORNADO
MAX 32 OR BELOW: 5 0.01 INCH OR MORE: 4
MAX 90 OR ABOVE: 0 0.10 INCH OR MORE: 0
MIN 32 OR BELOW: 30 0.50 INCH OR MORE: 0
MIN 0 OR BELOW: 0 1.00 INCH OR MORE: 0
[HDD (BASE 65) ]
TOTAL THIS MO. 962 CLEAR (SCALE 0-3) 13
DPTR FM NORMAL 171 PTCLDY (SCALE 4-7) 14
TOTAL FM JUL 1 5971 CLOUDY (SCALE 8-10) 4
DPTR FM NORMAL 439
[CDD (BASE 65) ]
TOTAL THIS MO. 0
DPTR FM NORMAL -1 [PRESSURE DATA]
TOTAL FM JAN 1 0 HIGHEST SLP 30.54 ON 18
DPTR FM NORMAL -1 LOWEST SLP 29.33 ON 31
[REMARKS]
#FINAL-03-23#