000
CXUS55 KLBF 011510
CF6BBW
PRELIMINARY LOCAL CLIMATOLOGICAL DATA (WS FORM: F-6)
STATION: BROKEN BOW
MONTH: FEBRUARY
YEAR: 2022
LATITUDE: 41 26 N
LONGITUDE: 99 39 W
TEMPERATURE IN F: :PCPN: SNOW: WIND :SUNSHINE: SKY :PK WND
================================================================================
1 2 3 4 5 6A 6B 7 8 9 10 11 12 13 14 15 16 17 18
12Z AVG MX 2MIN
DY MAX MIN AVG DEP HDD CDD WTR SNW DPTH SPD SPD DIR MIN PSBL S-S WX SPD DR
================================================================================
1 38 14 26 0 39 0 0.00 M M 16.4 26 350 M M 4 34 340
2 15 4 10 -17 55 0 0.00 M M 12.1 22 360 M M 6 29 360
3 23 -8 8 -19 57 0 0.00 M M 6.5 16 200 M M 2 21 170
4 36 9 23 -4 42 0 0.00 M M 6.9 21 340 M M 1 27 350
5 60 11 36 9 29 0 0.00 M M 7.1 16 340 M M 1 23 10
6 47 28 38 11 27 0 T M M 13.8 32 340 M M 7 41 330
7 61 24 43 16 22 0 0.00 M M 11.2 23 300 M M 1 30 290
8 58 31 45 18 20 0 0.00 M M 18.0 35 310 M M 1 47 330
9 54 31 43 16 22 0 T M M 15.9 29 310 M M 4 38 300
10 64 17 41 14 24 0 0.00 M M 11.9 26 270 M M 3 35 260
11 48 12 30 2 35 0 T M M 22.1 38 330 M M 3 1 51 320
12 42 3 23 -5 42 0 0.00 M M 9.2 30 320 M M 4 45 310
13 49 12 31 3 34 0 0.00 M M 9.3 25 350 M M 2 35 330
14 49 20 35 7 30 0 0.00 M M 8.3 17 140 M M 0 23 140
15 53 19 36 8 29 0 0.00 M M 8.9 32 340 M M 0 44 330
16 36 21 29 0 36 0 T M M 16.8 28 340 M M 7 1 37 350
17 35 7 21 -8 44 0 0.00 M M 11.2 28 350 M M 2 35 360
18 58 22 40 11 25 0 T M M 16.0 36 350 M M 4 46 350
19 51 14 33 3 32 0 0.00 M M 13.2 31 180 M M 3 42 190
20 65 25 45 15 20 0 0.00 M M 8.1 20 340 M M 0 26 300
21 38 -1 19 -11 46 0 T M M 22.2 33 340 M M 7 49 340
22 8 -5 2 -29 63 0 T M M 24.2 35 330 M M 7 51 340
23 11 -5 3 -28 62 0 T M M 9.6 23 340 M M 6 29 340
24 14 -8 3 -28 62 0 T M M 4.3 12 340 M M 6 8 14 350
25 36 -10 13 -19 52 0 0.00 M M 4.2 14 230 M M 0 19 250
26 49 3 26 -6 39 0 0.00 M M 7.8 22 290 M M 0 31 270
27 63 11 37 5 28 0 0.00 M M 6.8 21 250 M M 0 31 270
28 69 19 44 11 21 0 0.00 M M 6.6 20 240 M M 0 26 230
================================================================================
SM 1230 320 1037 0 T M 328.6 M 81
================================================================================
AV 43.9 11.4 11.7 FASTST M M 3 MAX(MPH)
MISC ----> 38 330 # 51 320
================================================================================
NOTES:
# LAST OF SEVERAL OCCURRENCES
COLUMN 17 PEAK WIND IN M.P.H.
PRELIMINARY LOCAL CLIMATOLOGICAL DATA (WS FORM: F-6) , PAGE 2
STATION: BROKEN BOW
MONTH: FEBRUARY
YEAR: 2022
LATITUDE: 41 26 N
LONGITUDE: 99 39 W
[TEMPERATURE DATA] [PRECIPITATION DATA] SYMBOLS USED IN COLUMN 16
AVERAGE MONTHLY: 27.7 TOTAL FOR MONTH: T 1 = FOG OR MIST
DPTR FM NORMAL: -1.1 DPTR FM NORMAL: -0.46 2 = FOG REDUCING VISIBILITY
HIGHEST: 69 ON 28 GRTST 24HR T ON 6- 6 TO 1/4 MILE OR LESS
LOWEST: -10 ON 25 3 = THUNDER
SNOW, ICE PELLETS, HAIL 4 = ICE PELLETS
TOTAL MONTH: M 5 = HAIL
GRTST 24HR M ON M 6 = FREEZING RAIN OR DRIZZLE
GRTST DEPTH: M ON M 7 = DUSTSTORM OR SANDSTORM:
VSBY 1/2 MILE OR LESS
8 = SMOKE OR HAZE
[NO. OF DAYS WITH] [WEATHER - DAYS WITH] 9 = BLOWING SNOW
X = TORNADO
MAX 32 OR BELOW: 5 0.01 INCH OR MORE: 0
MAX 90 OR ABOVE: 0 0.10 INCH OR MORE: 0
MIN 32 OR BELOW: 28 0.50 INCH OR MORE: 0
MIN 0 OR BELOW: 6 1.00 INCH OR MORE: 0
[HDD (BASE 65) ]
TOTAL THIS MO. 1037 CLEAR (SCALE 0-3) 15
DPTR FM NORMAL 25 PTCLDY (SCALE 4-7) 13
TOTAL FM JUL 1 4251 CLOUDY (SCALE 8-10) 0
DPTR FM NORMAL -488
[CDD (BASE 65) ]
TOTAL THIS MO. 0
DPTR FM NORMAL 0 [PRESSURE DATA]
TOTAL FM JAN 1 0 HIGHEST SLP 30.77 ON 23
DPTR FM NORMAL 0 LOWEST SLP 29.61 ON 15
[REMARKS]
#FINAL-02-22#