000
CXUS55 KLBF 011355
CF6BBW
PRELIMINARY LOCAL CLIMATOLOGICAL DATA (WS FORM: F-6)
STATION: BROKEN BOW
MONTH: OCTOBER
YEAR: 2020
LATITUDE: 41 26 N
LONGITUDE: 99 39 W
TEMPERATURE IN F: :PCPN: SNOW: WIND :SUNSHINE: SKY :PK WND
================================================================================
1 2 3 4 5 6A 6B 7 8 9 10 11 12 13 14 15 16 17 18
12Z AVG MX 2MIN
DY MAX MIN AVG DEP HDD CDD WTR SNW DPTH SPD SPD DIR MIN PSBL S-S WX SPD DR
================================================================================
1 61 36 49 -6 16 0 0.00 M M 11.5 24 340 M M 0 36 360
2 72 27 50 -5 15 0 0.01 M M 6.9 28 360 M M 2 41 30
3 64 35 50 -4 15 0 0.00 M M 6.1 16 350 M M 2 23 350
4 77 32 55 1 10 0 T M M 8.0 23 190 M M 1 30 170
5 89 43 66 12 0 1 0.00 M M 9.0 25 360 M M 0 34 350
6 89 39 64 11 1 0 0.00 M M 6.1 25 230 M M 0 33 230
7 82 39 61 8 4 0 0.00 M M 9.9 20 50 M M 0 27 50
8 86 50 68 16 0 3 0.00 M M 9.9 25 190 M M 0 33 190
9 91 48 70 18 0 5 0.00 M M 5.9 14 360 M M 0 18 360
10 79 41 60 8 5 0 0.00 M M 7.7 17 120 M M 0 23 120
11 80 47 64 13 1 0 0.06 M M 16.6 49 310 M M 4 68 310
12 74 35 55 4 10 0 0.00 M M 11.3 28 250 M M 0 41 260
13 69 44 57 7 8 0 0.00 M M 10.8 22 340 M M 0 30 330
14 68 45 57 7 8 0 0.00 M M 14.8 32 320 M M 2 44 340
15 55 30 43 -7 22 0 0.00 M M 11.4 23 310 M M 4 30 300
16 63 27 45 -4 20 0 0.00 M M 9.3 25 200 M M 5 33 190
17 66 33 50 1 15 0 0.19 M M 12.0 26 360 M M 4 1 33 360
18 34 30 32 -17 33 0 0.11 M M 9.0 18 350 M M 9 1 24 20
19 52 31 42 -6 23 0 T M M 9.5 20 180 M M 6 24 190
20 62 36 49 1 16 0 0.00 M M 10.3 24 190 M M 3 18 35 160
21 54 36 45 -3 20 0 0.00 M M 11.2 22 150 M M 6 1 29 140
22 42 31 37 -10 28 0 0.03 M M 16.9 30 340 M M 10 1 39 340
23 32 26 29 -18 36 0 T M M 14.1 28 350 M M 10 1 38 360
24 31 26 29 -17 36 0 0.10 M M 11.1 20 140 M M 10 1 25 140
25 27 16 22 -24 43 0 0.04 M M 14.9 24 350 M M 9 1 31 350
26 22 12 17 -29 48 0 0.00 M M 6.9 17 340 M M 2 22 330
27 41 7 24 -21 41 0 0.00 M M 5.8 16 220 M M 0 20 220
28 59 16 38 -7 27 0 0.00 M M 9.3 21 350 M M 0 27 350
29 58 27 43 -1 22 0 0.00 M M 6.8 17 350 M M 2 1 22 340
30 70 32 51 7 14 0 0.00 M M 6.6 18 160 M M 0 25 150
31 63 38 51 7 14 0 0.00 M M 16.1 32 330 M M 0 43 320
================================================================================
SM 1912 1015 551 9 0.54 M 315.7 M 91
================================================================================
AV 61.7 32.7 10.2 FASTST M M 3 MAX(MPH)
MISC ----> 49 310 68 310
================================================================================
NOTES:
# LAST OF SEVERAL OCCURRENCES
COLUMN 17 PEAK WIND IN M.P.H.
PRELIMINARY LOCAL CLIMATOLOGICAL DATA (WS FORM: F-6) , PAGE 2
STATION: BROKEN BOW
MONTH: OCTOBER
YEAR: 2020
LATITUDE: 41 26 N
LONGITUDE: 99 39 W
[TEMPERATURE DATA] [PRECIPITATION DATA] SYMBOLS USED IN COLUMN 16
AVERAGE MONTHLY: 47.2 TOTAL FOR MONTH: 0.54 1 = FOG OR MIST
DPTR FM NORMAL: -2.2 DPTR FM NORMAL: -1.30 2 = FOG REDUCING VISIBILITY
HIGHEST: 91 ON 9 GRTST 24HR 0.30 ON 17-18 TO 1/4 MILE OR LESS
LOWEST: 7 ON 27 3 = THUNDER
SNOW, ICE PELLETS, HAIL 4 = ICE PELLETS
TOTAL MONTH: M 5 = HAIL
GRTST 24HR M ON M 6 = FREEZING RAIN OR DRIZZLE
GRTST DEPTH: M ON M 7 = DUSTSTORM OR SANDSTORM:
VSBY 1/2 MILE OR LESS
8 = SMOKE OR HAZE
[NO. OF DAYS WITH] [WEATHER - DAYS WITH] 9 = BLOWING SNOW
X = TORNADO
MAX 32 OR BELOW: 4 0.01 INCH OR MORE: 7
MAX 90 OR ABOVE: 1 0.10 INCH OR MORE: 3
MIN 32 OR BELOW: 15 0.50 INCH OR MORE: 0
MIN 0 OR BELOW: 0 1.00 INCH OR MORE: 0
[HDD (BASE 65) ]
TOTAL THIS MO. 551 CLEAR (SCALE 0-3) 20
DPTR FM NORMAL 62 PTCLDY (SCALE 4-7) 6
TOTAL FM JUL 1 682 CLOUDY (SCALE 8-10) 5
DPTR FM NORMAL 26
[CDD (BASE 65) ]
TOTAL THIS MO. 9
DPTR FM NORMAL 3 [PRESSURE DATA]
TOTAL FM JAN 1 987 HIGHEST SLP 30.58 ON 26
DPTR FM NORMAL 219 LOWEST SLP 29.47 ON 11
[REMARKS]
#FINAL-10-20#