000
CXUS55 KLBF 011200
CF6BBW
PRELIMINARY LOCAL CLIMATOLOGICAL DATA (WS FORM: F-6)
STATION: BROKEN BOW
MONTH: AUGUST
YEAR: 2020
LATITUDE: 41 26 N
LONGITUDE: 99 39 W
TEMPERATURE IN F: :PCPN: SNOW: WIND :SUNSHINE: SKY :PK WND
================================================================================
1 2 3 4 5 6A 6B 7 8 9 10 11 12 13 14 15 16 17 18
12Z AVG MX 2MIN
DY MAX MIN AVG DEP HDD CDD WTR SNW DPTH SPD SPD DIR MIN PSBL S-S WX SPD DR
================================================================================
1 82 58 70 -4 0 5 0.00 M M 9.0 18 20 M M 2 29 340
2 78 52 65 -9 0 0 0.00 M M 5.5 16 350 M M 2 24 340
3 77 50 64 -10 1 0 0.00 M M 3.5 10 140 M M 4 15 110
4 76 57 67 -7 0 2 0.35 M M 9.7 18 150 M M 5 1 25 130
5 86 58 72 -2 0 7 0.00 M M 5.6 12 200 M M 1 18 190
6 87 60 74 1 0 9 0.01 M M 7.6 16 150 M M 1 12 23 140
7 88 69 79 6 0 14 0.02 M M 10.7 21 160 M M 3 1 29 160
8 93 67 80 7 0 15 0.00 M M 7.7 33 300 M M 2 13 49 320
9 94 60 77 4 0 12 0.00 M M 4.6 17 360 M M 0 29 360
10 80 60 70 -3 0 5 0.00 M M 8.6 21 360 M M 1 31 30
11 88 58 73 0 0 8 0.00 M M 8.9 21 330 M M 2 29 150
12 90 60 75 2 0 10 T M M 6.4 15 150 M M 0 21 160
13 88 68 78 6 0 13 0.00 M M 10.4 18 170 M M 2 1 27 170
14 83 58 71 -1 0 6 0.00 0.0 0 7.9 22 340 M M 1 30 330
15 85 52 69 -3 0 4 T M M 5.8 16 140 M M 1 21 170
16 93 60 77 5 0 12 0.00 M M 4.7 15 350 M M 1 21 350
17 90 56 73 1 0 8 0.00 M M 2.7 10 60 M M 0 14 60
18 87 59 73 1 0 8 0.15 M M 8.9 22 10 M M 2 3 35 360
19 85 65 75 3 0 10 0.00 M M 10.1 20 190 M M 0 29 190
20 90 59 75 4 0 10 0.00 M M 5.6 15 190 M M 0 19 170
21 92 62 77 6 0 12 0.00 M M 5.3 13 170 M M 0 17 160
22 94 59 77 6 0 12 0.00 M M 2.6 12 170 M M 0 1 16 190
23 96 63 80 9 0 15 0.00 M M 3.5 14 180 M M 1 18 190
24 95 62 79 9 0 14 0.00 M M 7.6 18 160 M M 0 26 160
25 95 61 78 8 0 13 0.00 M M 11.3 24 180 M M 0 37 180
26 94 67 81 11 0 16 0.00 M M 10.7 24 200 M M 0 35 200
27 96 62 79 9 0 14 0.00 M M 5.8 18 170 M M 0 28 160
28 87 63 75 6 0 10 0.00 M M 8.4 21 360 M M 0 29 30
29 80 50 65 -4 0 0 0.00 M M 5.3 10 120 M M 0 16 140
30 85 61 73 4 0 8 T M M 14.0 29 340 M M 3 3 44 340
31 75 51 63 -5 2 0 0.00 M M 9.0 30 340 M M 3 46 340
================================================================================
SM 2709 1847 3 272 0.53 0.0 227.4 M 37
================================================================================
AV 87.4 59.6 7.3 FASTST M M 1 MAX(MPH)
MISC ----> # 33 300 # 49 320
================================================================================
NOTES:
# LAST OF SEVERAL OCCURRENCES
COLUMN 17 PEAK WIND IN M.P.H.
PRELIMINARY LOCAL CLIMATOLOGICAL DATA (WS FORM: F-6) , PAGE 2
STATION: BROKEN BOW
MONTH: AUGUST
YEAR: 2020
LATITUDE: 41 26 N
LONGITUDE: 99 39 W
[TEMPERATURE DATA] [PRECIPITATION DATA] SYMBOLS USED IN COLUMN 16
AVERAGE MONTHLY: 73.5 TOTAL FOR MONTH: 0.53 1 = FOG OR MIST
DPTR FM NORMAL: 1.7 DPTR FM NORMAL: -1.70 2 = FOG REDUCING VISIBILITY
HIGHEST: 96 ON 27,23 GRTST 24HR 0.35 ON 4- 4 TO 1/4 MILE OR LESS
LOWEST: 50 ON 29, 3 3 = THUNDER
SNOW, ICE PELLETS, HAIL 4 = ICE PELLETS
TOTAL MONTH: 0.0 INCH 5 = HAIL
GRTST 24HR 0.0 6 = FREEZING RAIN OR DRIZZLE
GRTST DEPTH: 0 7 = DUSTSTORM OR SANDSTORM:
VSBY 1/2 MILE OR LESS
8 = SMOKE OR HAZE
[NO. OF DAYS WITH] [WEATHER - DAYS WITH] 9 = BLOWING SNOW
X = TORNADO
MAX 32 OR BELOW: 0 0.01 INCH OR MORE: 4
MAX 90 OR ABOVE: 13 0.10 INCH OR MORE: 2
MIN 32 OR BELOW: 0 0.50 INCH OR MORE: 0
MIN 0 OR BELOW: 0 1.00 INCH OR MORE: 0
[HDD (BASE 65) ]
TOTAL THIS MO. 3 CLEAR (SCALE 0-3) 28
DPTR FM NORMAL -10 PTCLDY (SCALE 4-7) 3
TOTAL FM JUL 1 3 CLOUDY (SCALE 8-10) 0
DPTR FM NORMAL -15
[CDD (BASE 65) ]
TOTAL THIS MO. 272
DPTR FM NORMAL 50 [PRESSURE DATA]
TOTAL FM JAN 1 904 HIGHEST SLP 30.23 ON 17
DPTR FM NORMAL 208 LOWEST SLP 29.43 ON 30
[REMARKS]
#FINAL-08-20#