000
CXUS55 KLBF 011200
CF6BBW
PRELIMINARY LOCAL CLIMATOLOGICAL DATA (WS FORM: F-6)
STATION: BROKEN BOW
MONTH: FEBRUARY
YEAR: 2020
LATITUDE: 41 26 N
LONGITUDE: 99 39 W
TEMPERATURE IN F: :PCPN: SNOW: WIND :SUNSHINE: SKY :PK WND
================================================================================
1 2 3 4 5 6A 6B 7 8 9 10 11 12 13 14 15 16 17 18
12Z AVG MX 2MIN
DY MAX MIN AVG DEP HDD CDD WTR SNW DPTH SPD SPD DIR MIN PSBL S-S WX SPD DR
================================================================================
1 56 27 42 16 23 0 0.00 M M 10.1 18 270 M M 0 24 260
2 61 33 47 21 18 0 0.00 M M 12.8 23 280 M M 0 31 290
3 33 23 28 2 37 0 0.00 M M 19.5 36 30 M M 10 47 20
4 28 19 24 -2 41 0 0.00 M M 11.9 24 360 M M 10 32 360
5 31 13 22 -4 43 0 T M M 3.9 17 230 M M 5 24 220
6 42 12 27 1 38 0 T M M 7.2 22 340 M M 3 28 340
7 30 18 24 -2 41 0 T M M 8.6 17 350 M M 9 23 330
8 45 16 31 5 34 0 0.00 M M 8.2 23 160 M M 4 29 170
9 39 17 28 2 37 0 0.00 M M 15.9 39 340 M M 7 51 360
10 43 18 31 4 34 0 0.00 M M 10.7 23 330 M M 2 30 320
11 43 17 30 3 35 0 0.00 M M 12.6 23 210 M M 0 31 210
12 43 3 23 -4 42 0 T M M 18.1 41 340 M M 4 51 350
13 23 -5 9 -18 56 0 0.00 M M 6.5 21 350 M M 0 26 340
14 42 12 27 0 38 0 0.00 M M 17.0 30 180 M M 0 39 200
15 50 18 34 6 31 0 0.00 M M 6.5 22 350 M M 2 28 350
16 50 25 38 10 27 0 T M M 5.6 18 180 M M 5 25 180
17 43 23 33 5 32 0 T M M 13.1 29 340 M M 5 37 350
18 43 20 32 4 33 0 0.00 M M 6.9 21 360 M M 5 28 360
19 22 -9 7 -22 58 0 0.01 M M 9.5 15 30 M M 9 18 21 360
20 31 -16 8 -21 57 0 0.00 M M 5.8 15 220 M M 0 19 250
21 50 18 34 5 31 0 0.00 M M 6.6 17 200 M M 0 22 220
22 59 20 40 10 25 0 0.00 M M 5.1 21 280 M M 0 28 270
23 54 28 41 11 24 0 0.00 M M 7.7 20 350 M M 0 24 360
24 44 21 33 3 32 0 T M M 5.9 16 110 M M 6 1 20 110
25 31 22 27 -4 38 0 0.02 M M 17.6 29 360 M M 9 1 39 360
26 33 14 24 -7 41 0 T M M 8.8 17 220 M M 2 24 250
27 41 26 34 3 31 0 T M M 11.2 23 300 M M 5 30 300
28 53 24 39 7 26 0 0.00 M M 13.6 28 300 M M 1 34 300
29 60 25 43 11 22 0 0.00 M M 6.5 18 180 M M 0 21 190
================================================================================
SM 1223 482 1025 0 0.03 M 293.4 M 103
================================================================================
AV 42.2 16.6 10.1 FASTST M M 4 MAX(MPH)
MISC ----> # 41 340 # 51 360
================================================================================
NOTES:
# LAST OF SEVERAL OCCURRENCES
COLUMN 17 PEAK WIND IN M.P.H.
PRELIMINARY LOCAL CLIMATOLOGICAL DATA (WS FORM: F-6) , PAGE 2
STATION: BROKEN BOW
MONTH: FEBRUARY
YEAR: 2020
LATITUDE: 41 26 N
LONGITUDE: 99 39 W
[TEMPERATURE DATA] [PRECIPITATION DATA] SYMBOLS USED IN COLUMN 16
AVERAGE MONTHLY: 29.4 TOTAL FOR MONTH: 0.03 1 = FOG OR MIST
DPTR FM NORMAL: 1.4 DPTR FM NORMAL: -0.53 2 = FOG REDUCING VISIBILITY
HIGHEST: 61 ON 2 GRTST 24HR 0.02 ON 25-25 TO 1/4 MILE OR LESS
LOWEST: -16 ON 20 3 = THUNDER
SNOW, ICE PELLETS, HAIL 4 = ICE PELLETS
TOTAL MONTH: M 5 = HAIL
GRTST 24HR M ON M 6 = FREEZING RAIN OR DRIZZLE
GRTST DEPTH: M ON M 7 = DUSTSTORM OR SANDSTORM:
VSBY 1/2 MILE OR LESS
8 = SMOKE OR HAZE
[NO. OF DAYS WITH] [WEATHER - DAYS WITH] 9 = BLOWING SNOW
X = TORNADO
MAX 32 OR BELOW: 7 0.01 INCH OR MORE: 2
MAX 90 OR ABOVE: 0 0.10 INCH OR MORE: 0
MIN 32 OR BELOW: 28 0.50 INCH OR MORE: 0
MIN 0 OR BELOW: 3 1.00 INCH OR MORE: 0
[HDD (BASE 65) ]
TOTAL THIS MO. 1025 CLEAR (SCALE 0-3) 15
DPTR FM NORMAL -12 PTCLDY (SCALE 4-7) 9
TOTAL FM JUL 1 4817 CLOUDY (SCALE 8-10) 5
DPTR FM NORMAL -231
[CDD (BASE 65) ]
TOTAL THIS MO. 0
DPTR FM NORMAL 0 [PRESSURE DATA]
TOTAL FM JAN 1 0 HIGHEST SLP 30.86 ON 20
DPTR FM NORMAL 0 LOWEST SLP 29.54 ON 6
[REMARKS]
#FINAL-02-20#