000
CXUS51 KBOX 011218
CF6BDL
PRELIMINARY LOCAL CLIMATOLOGICAL DATA (WS FORM: F-6)
STATION: HARTFORD CT
MONTH: OCTOBER
YEAR: 2022
LATITUDE: 41 55 N
LONGITUDE: 72 41 W
TEMPERATURE IN F: :PCPN: SNOW: WIND :SUNSHINE: SKY :PK WND
================================================================================
1 2 3 4 5 6A 6B 7 8 9 10 11 12 13 14 15 16 17 18
12Z AVG MX 2MIN
DY MAX MIN AVG DEP HDD CDD WTR SNW DPTH SPD SPD DIR MIN PSBL S-S WX SPD DR
================================================================================
1 65 50 58 -1 7 0 0.03 0.0 0 8.5 17 40 M M 10 21 40
2 59 48 54 -4 11 0 0.00 0.0 0 13.8 26 30 M M 9 33 30
3 56 47 52 -6 13 0 T 0.0 0 12.7 21 30 M M 9 25 40
4 56 48 52 -5 13 0 0.26 0.0 0 13.9 24 30 M M 10 1 31 10
5 62 52 57 0 8 0 2.17 0.0 0 10.8 17 360 M M 10 13 24 10
6 76 52 64 7 1 0 T 0.0 0 2.9 16 350 M M 4 1 20 330
7 80 51 66 10 0 1 0.01 0.0 0 5.4 21 310 M M 6 1 26 300
8 59 37 48 -8 17 0 0.00 0.0 0 7.5 17 320 M M 3 22 310
9 64 34 49 -7 16 0 0.00 0.0 0 6.3 15 270 M M 3 21 240
10 68 45 57 2 8 0 0.00 0.0 0 4.7 16 200 M M 7 20 210
11 71 39 55 0 10 0 0.00 0.0 0 3.7 15 260 M M 2 19 260
12 74 41 58 4 7 0 0.00 0.0 0 5.7 20 200 M M 5 1 26 220
13 73 49 61 7 4 0 0.57 0.0 0 10.4 26 170 M M 9 1 32 160
14 66 46 56 2 9 0 0.50 0.0 0 6.2 20 250 M M 7 1 24 250
15 71 38 55 2 10 0 0.00 0.0 0 4.1 16 180 M M 1 1 20 190
16 67 43 55 2 10 0 0.00 0.0 0 2.4 8 170 M M 4 1 11 20
17 54 42 48 -4 17 0 0.40 0.0 0 3.9 16 280 M M 9 13 21 280
18 61 37 49 -3 16 0 T 0.0 0 5.5 15 200 M M 6 1 20 220
19 56 35 46 -6 19 0 0.00 0.0 0 8.1 21 230 M M 3 25 250
20 59 36 48 -3 17 0 0.00 0.0 0 9.2 23 210 M M 1 33 190
21 64 30 47 -4 18 0 0.00 0.0 0 3.2 13 180 M M 1 1 16 190
22 70 33 52 1 13 0 0.00 0.0 0 4.1 15 190 M M 3 19 190
23 58 42 50 0 15 0 0.08 0.0 0 5.0 12 10 M M 9 1 15 10
24 58 54 56 6 9 0 1.00 0.0 0 7.2 13 360 M M 10 138 16 30
25 70 57 64 14 1 0 0.01 0.0 0 3.6 9 360 M M 9 12 13 10
26 74 60 67 18 0 2 T 0.0 0 3.9 9 180 M M 8 1 12 190
27 67 47 57 8 8 0 0.00 0.0 0 9.6 20 310 M M 1 27 330
28 57 38 48 -1 17 0 0.00 0.0 0 6.4 16 360 M M 6 19 10
29 63 30 47 -1 18 0 0.00 0.0 0 2.5 10 20 M M 2 14 10
30 67 28 48 0 17 0 0.00 0.0 0 1.8 8 160 M M 4 1 10 160
31 70 40 55 7 10 0 T 0.0 0 6.0 18 230 M M 8 23 190
================================================================================
SM 2015 1329 339 3 5.03 0.0 199.0 M 179
================================================================================
AV 65.0 42.9 6.4 FASTST M M 6 MAX(MPH)
MISC ----> # 26 30 # 33 30
================================================================================
NOTES:
# LAST OF SEVERAL OCCURRENCES
COLUMN 17 PEAK WIND IN M.P.H.
PRELIMINARY LOCAL CLIMATOLOGICAL DATA (WS FORM: F-6) , PAGE 2
STATION: HARTFORD CT
MONTH: OCTOBER
YEAR: 2022
LATITUDE: 41 55 N
LONGITUDE: 72 41 W
[TEMPERATURE DATA] [PRECIPITATION DATA] SYMBOLS USED IN COLUMN 16
AVERAGE MONTHLY: 53.9 TOTAL FOR MONTH: 5.03 1 = FOG OR MIST
DPTR FM NORMAL: 0.9 DPTR FM NORMAL: 0.51 2 = FOG REDUCING VISIBILITY
HIGHEST: 80 ON 7 GRTST 24HR 2.39 ON 4- 5 TO 1/4 MILE OR LESS
LOWEST: 28 ON 30 3 = THUNDER
SNOW, ICE PELLETS, HAIL 4 = ICE PELLETS
TOTAL MONTH: 0.0 INCH 5 = HAIL
GRTST 24HR 0.0 6 = FREEZING RAIN OR DRIZZLE
GRTST DEPTH: 0 7 = DUSTSTORM OR SANDSTORM:
VSBY 1/2 MILE OR LESS
8 = SMOKE OR HAZE
[NO. OF DAYS WITH] [WEATHER - DAYS WITH] 9 = BLOWING SNOW
X = TORNADO
MAX 32 OR BELOW: 0 0.01 INCH OR MORE: 10
MAX 90 OR ABOVE: 0 0.10 INCH OR MORE: 6
MIN 32 OR BELOW: 3 0.50 INCH OR MORE: 4
MIN 0 OR BELOW: 0 1.00 INCH OR MORE: 2
[HDD (BASE 65) ]
TOTAL THIS MO. 339 CLEAR (SCALE 0-3) 10
DPTR FM NORMAL -43 PTCLDY (SCALE 4-7) 9
TOTAL FM JUL 1 409 CLOUDY (SCALE 8-10) 12
DPTR FM NORMAL -73
[CDD (BASE 65) ]
TOTAL THIS MO. 3
DPTR FM NORMAL -5 [PRESSURE DATA]
TOTAL FM JAN 1 1068 HIGHEST SLP 30.58 ON 28
DPTR FM NORMAL 249 LOWEST SLP 29.53 ON 18
[REMARKS]
#FINAL-10-22#