000
CXUS51 KBOX 021438
CLMBDL
CLIMATE REPORT
NATIONAL WEATHER SERVICE BOSTON/NORTON MA
938 AM EST FRI FEB 02 2024
...................................
...THE HARTFORD CT CLIMATE SUMMARY FOR THE MONTH OF JANUARY 2024...
CLIMATE NORMAL PERIOD 1991 TO 2020
CLIMATE RECORD PERIOD 1904 TO 2024
WEATHER OBSERVED NORMAL DEPART LAST YEAR`S
VALUE DATE(S) VALUE FROM VALUE
NORMAL
..............................................................
TEMPERATURE (F)
RECORD
HIGH 72 01/06/2007
LOW -26 01/22/1961
HIGHEST 55 01/13 56
LOWEST 6 01/22 22
AVG. MAXIMUM 38.2 35.3 2.9
AVG. MINIMUM 24.6 18.8 5.8
MEAN 31.4 27.1 4.3
DAYS MAX >= 90 0 0.0 0.0
DAYS MAX <= 32 6 12.2 -6.2
DAYS MIN <= 32 22 27.2 -5.2
DAYS MIN <= 0 0 2.1 -2.1
PRECIPITATION (INCHES)
RECORD
MAXIMUM 9.61 1978
MINIMUM 0.38 1981
TOTALS 8.37 3.28 5.09
DAILY AVG. 0.27 0.11 0.16
DAYS >= .01 13 10.9 2.1
DAYS >= .10 10 6.2 3.8
DAYS >= .50 7 2.4 4.6
DAYS >= 1.00 4 0.8 3.2
GREATEST
24 HR. TOTAL 3.23 01/09 TO 01/10
SNOWFALL (INCHES)
RECORDS
MAXIMUM 54.3 2011
MINIMUM 0.2 1980
SNOW DEPTH 40 01/31/1923
TOTALS 15.5 14.2 1.3
LIQUID EQUIV 1.60
SINCE 7/1 15.5 26.4 -10.9
SNOWDEPTH AVG. 2
DAYS >= TRACE 14 6.1 7.9
DAYS >= 1.0 4 3.6 0.4
GREATEST
SNOW DEPTH 10 01/08
24 HR TOTAL 8.0 01/07 TO 01/07
DEGREE DAYS
HEATING TOTAL 1034 1176 -142
SINCE 7/1 2881 3343 -462
COOLING TOTAL 0 0 0
SINCE 1/1 0 0 0
..............................................................
WIND (MPH)
AVERAGE WIND SPEED 7.3
RESULTANT WIND SPEED/DIRECTION 3/300
HIGHEST WIND SPEED/DIRECTION 35/270 DATE 01/14
HIGHEST GUST SPEED/DIRECTION 44/270 DATE 01/14
SKY COVER
POSSIBLE SUNSHINE (PERCENT) MM
AVERAGE SKY COVER 0.71
NUMBER OF DAYS FAIR 5
NUMBER OF DAYS PC 7
NUMBER OF DAYS CLOUDY 19
AVERAGE RH (PERCENT) 70
WEATHER CONDITIONS. NUMBER OF DAYS WITH
THUNDERSTORM 0 MIXED PRECIP 0
HEAVY RAIN 4 RAIN 7
LIGHT RAIN 10 FREEZING RAIN 0
LT FREEZING RAIN 3 HAIL 2
HEAVY SNOW 0 SNOW 4
LIGHT SNOW 14 SLEET 5
FOG 15 FOG W/VIS <= 1/4 MILE 2
HAZE 2
- INDICATES NEGATIVE NUMBERS.
R INDICATES RECORD WAS SET OR TIED.
MM INDICATES DATA IS MISSING.
T INDICATES TRACE AMOUNT.
$$