000
CXUS51 KOKX 011559
CF6BDR
PRELIMINARY LOCAL CLIMATOLOGICAL DATA (WS FORM: F-6)
STATION: BRIDGEPORT CT
MONTH: FEBRUARY
YEAR: 2021
LATITUDE: 41 10 N
LONGITUDE: 73 8 W
TEMPERATURE IN F: :PCPN: SNOW: WIND :SUNSHINE: SKY :PK WND
================================================================================
1 2 3 4 5 6A 6B 7 8 9 10 11 12 13 14 15 16 17 18
12Z AVG MX 2MIN
DY MAX MIN AVG DEP HDD CDD WTR SNW DPTH SPD SPD DIR MIN PSBL S-S WX SPD DR
================================================================================
1 35 24 30 0 35 0 0.95 15.2 3 23.8 36 20 M M 10 12 50 20
2 36 29 33 2 32 0 0.02 0.6 16 16.1 28 30 M M 10 18 37 20
3 37 29 33 2 32 0 T T 15 12.5 22 310 M M 10 28 310
4 43 28 36 5 29 0 0.00 0.0 12 7.6 21 340 M M 3 26 340
5 45 26 36 5 29 0 0.04 0.0 10 6.0 26 200 M M 5 18 35 200
6 45 29 37 6 28 0 0.00 0.0 8 9.2 21 260 M M 0 31 250
7 36 27 32 1 33 0 0.49 7.8 6 8.0 17 330 M M 7 12 24 330
8 29 16 23 -8 42 0 0.00 0.0 14 7.5 14 310 M M 0 17 300
9 32 18 25 -7 40 0 0.06 0.4 13 7.2 15 360 M M 7 16 19 350
10 34 14 24 -8 41 0 0.00 0.0 13 3.9 12 220 M M 2 15 230
11 34 22 28 -4 37 0 0.09 1.8 14 7.9 17 320 M M 5 1 23 310
12 31 16 24 -8 41 0 0.00 0.0 13 6.9 14 350 M M 6 18 360
13 30 24 27 -5 38 0 T T 12 8.8 14 20 M M 7 4 18 40
14 36 27 32 0 33 0 T T 12 5.5 15 30 M M 10 4 18 20
15 35 33 34 2 31 0 T T 9 8.8 16 80 M M 10 148 20 70
16 48 34 41 8 24 0 0.97 T 6 11.2 24 300 M M 8 124 34 270
17 34 24 29 -4 36 0 0.00 0.0 5 11.6 23 300 M M 0 33 290
18 28 25 27 -6 38 0 0.42 4.0 4 10.5 18 20 M M 10 1268 25 30
19 34 28 31 -2 34 0 0.09 0.4 8 10.4 18 30 M M 10 16 22 30
20 35 26 31 -2 34 0 0.01 T 8 10.3 18 330 M M 8 8 26 340
21 37 19 28 -6 37 0 0.00 0.0 8 6.6 18 330 M M 0 8 30 320
22 40 22 31 -3 34 0 0.54 0.5 7 7.2 21 200 M M 6 1 26 220
23 43 33 38 4 27 0 0.03 0.0 5 10.3 20 270 M M 4 1 27 290
24 50 37 44 10 21 0 0.00 0.0 4 11.2 21 210 M M 1 28 290
25 49 36 43 9 22 0 0.00 0.0 3 12.6 28 300 M M 1 36 310
26 43 27 35 1 30 0 0.00 0.0 2 5.2 14 180 M M 0 15 150
27 50 35 43 8 22 0 0.60 T 1 7.8 20 50 M M 7 12 23 60
28 44 35 40 5 25 0 0.16 0.0 T 5.1 14 50 M M 5 1 18 60
================================================================================
SM 1073 743 905 0 4.47 30.7 259.7 M 152
================================================================================
AV 38.3 26.5 9.3 FASTST M M 5 MAX(MPH)
MISC ----> 36 20 50 20
================================================================================
NOTES:
# LAST OF SEVERAL OCCURRENCES
COLUMN 17 PEAK WIND IN M.P.H.
PRELIMINARY LOCAL CLIMATOLOGICAL DATA (WS FORM: F-6) , PAGE 2
STATION: BRIDGEPORT CT
MONTH: FEBRUARY
YEAR: 2021
LATITUDE: 41 10 N
LONGITUDE: 73 8 W
[TEMPERATURE DATA] [PRECIPITATION DATA] SYMBOLS USED IN COLUMN 16
AVERAGE MONTHLY: 32.4 TOTAL FOR MONTH: 4.47 1 = FOG OR MIST
DPTR FM NORMAL: 0.0 DPTR FM NORMAL: 1.68 2 = FOG REDUCING VISIBILITY
HIGHEST: 50 ON 27,24 GRTST 24HR 0.97 ON 16-16 TO 1/4 MILE OR LESS
LOWEST: 14 ON 10 3 = THUNDER
SNOW, ICE PELLETS, HAIL 4 = ICE PELLETS
TOTAL MONTH: 30.7 INCHES 5 = HAIL
GRTST 24HR 15.2 ON 1- 1 6 = FREEZING RAIN OR DRIZZLE
GRTST DEPTH: 16 ON 2 7 = DUSTSTORM OR SANDSTORM:
VSBY 1/2 MILE OR LESS
8 = SMOKE OR HAZE
[NO. OF DAYS WITH] [WEATHER - DAYS WITH] 9 = BLOWING SNOW
X = TORNADO
MAX 32 OR BELOW: 5 0.01 INCH OR MORE: 14
MAX 90 OR ABOVE: 0 0.10 INCH OR MORE: 7
MIN 32 OR BELOW: 21 0.50 INCH OR MORE: 4
MIN 0 OR BELOW: 0 1.00 INCH OR MORE: 0
[HDD (BASE 65) ]
TOTAL THIS MO. 905 CLEAR (SCALE 0-3) 9
DPTR FM NORMAL -6 PTCLDY (SCALE 4-7) 12
TOTAL FM JUL 1 3480 CLOUDY (SCALE 8-10) 7
DPTR FM NORMAL -408
[CDD (BASE 65) ]
TOTAL THIS MO. 0
DPTR FM NORMAL 0 [PRESSURE DATA]
TOTAL FM JAN 1 0 HIGHEST SLP M ON M
DPTR FM NORMAL 0 LOWEST SLP 29.35 ON 2
[REMARKS]
#FINAL-02-21#