000
CXUS51 KOKX 031231
CLSBDR
NYCCLSBDR 000
TTAA00 OKX 031219
CLIMATE REPORT
NATIONAL WEATHER SERVICE NEW YORK, NY
831 AM EDT FRI SEP 03 2021
...................................
...THE BRIDGEPORT CT CLIMATE SUMMARY FOR THE SEASON, FROM
6/1/2021 TO 8/31/2021...
CLIMATE NORMAL PERIOD 1991 TO 2020
CLIMATE RECORD PERIOD 1948 TO 2021
WEATHER OBSERVED NORMAL DEPART LAST YEAR`S
VALUE DATE(S) VALUE FROM VALUE
NORMAL
..............................................................
TEMPERATURE (F)
RECORD
HIGH 103 07/22/2011
07/22/1957
07/22/1957
LOW 41 06/01/1967
HIGHEST 96 06/30 MM MM
LOWEST 49 06/01 MM MM
AVG. MAXIMUM 81.7 81.0 0.7
AVG. MINIMUM 66.7 65.5 1.2
MEAN 74.2 73.3 0.9
DAYS MAX >= 90 12 8.7 3.3
DAYS MAX <= 32 0 0.0 0.0
DAYS MIN <= 32 0 0.0 0.0
DAYS MIN <= 0 0 0.0 0.0
PRECIPITATION (INCHES)
RECORD
MAXIMUM 20.23 1972
MINIMUM 4.13 1995
TOTALS 12.31 11.07 1.24 10.97
DAILY AVG. 0.13 0.12 0.01
DAYS >= .01 35 29.3 5.7
DAYS >= .10 17 18.5 -1.5
DAYS >= .50 7 7.2 -0.2
DAYS >= 1.00 3 2.6 0.4
GREATEST
24 HR. TOTAL 5.16 07/08 TO 07/09
STORM TOTAL 4.15
(MM/DD(HH))
SNOWFALL (INCHES)
RECORDS
TOTAL T 2008
24 HR TOTAL MM
TOTALS 0.0 0.0 0.0
LIQUID EQUIV 0.00 0.00 0.00
SINCE 7/1 0.0 0.0 0.0
LIQUID 7/1 0.00
DAYS >= TRACE 0 0.0 0.0
DAYS >= 1.0 0 0.0 0.0
GREATEST
SNOW DEPTH 0
24 HR TOTAL 0.0
STORM TOTAL 0.0
(MM/DD(HH))
DEGREE DAYS
HEATING TOTAL 10 26 -16
SINCE 7/1 3 0 3
COOLING TOTAL 884 787 97
SINCE 1/1 924 817 107
..............................................................
WIND (MPH)
AVERAGE WIND SPEED 7.5
HIGHEST WIND SPEED/DIRECTION 32/050 DATE 07/09
HIGHEST GUST SPEED/DIRECTION 42/040 DATE 07/09
SKY COVER
POSSIBLE SUNSHINE (PERCENT) MM
AVERAGE SKY COVER 0.36
NUMBER OF DAYS FAIR 48
NUMBER OF DAYS PC 29
NUMBER OF DAYS CLOUDY 15
AVERAGE RH (PERCENT) 73
WEATHER CONDITIONS. NUMBER OF DAYS WITH
THUNDERSTORM 11 MIXED PRECIP 0
HEAVY RAIN 13 RAIN 18
LIGHT RAIN 41 FREEZING RAIN 0
LT FREEZING RAIN 0 HAIL 0
HEAVY SNOW 0 SNOW 0
LIGHT SNOW 0 SLEET 0
FOG 43 FOG W/VIS <= 1/4 MILE 1
HAZE 8
- INDICATES NEGATIVE NUMBERS.
R INDICATES RECORD WAS SET OR TIED.
MM INDICATES DATA IS MISSING.
T INDICATES TRACE AMOUNT.
$$