000
CXUS51 KOKX 020227 CCA
CLSBDR
CLIMATE REPORT
NATIONAL WEATHER SERVICE NEW YORK NY
943 PM EDT TUE SEP 1 2020
...................................
...THE BRIDGEPORT CT CLIMATE SUMMARY FOR THE SEASON, FROM
6/1/2020 TO 8/31/2020...
CLIMATE NORMAL PERIOD 1981 TO 2010
CLIMATE RECORD PERIOD 1948 TO 2020
WEATHER OBSERVED NORMAL DEPART LAST YEAR`S
VALUE DATE(S) VALUE FROM VALUE
NORMAL
.............................................................
TEMPERATURE (F)
RECORD
HIGH 103 07/22/2011
07/22/1957
07/22/1957
LOW 41 06/01/1967
HIGHEST 95 07/20 MM MM
LOWEST 46 06/01 MM MM
AVG. MAXIMUM 82.9 80.0 2.9
AVG. MINIMUM 67.7 64.2 3.5
MEAN 75.3 72.1 3.2
DAYS MAX >= 90 11 5.9 5.1
DAYS MAX <= 32 0 0.0 0.0
DAYS MIN <= 32 0 0.0 0.0
DAYS MIN <= 0 0 0.0 0.0
PRECIPITATION (INCHES)
RECORD
MAXIMUM 20.23 1972
MINIMUM 4.13 1995
TOTALS 10.97 11.03 -0.06 13.79
DAILY AVG. 0.12 0.12 0.00
DAYS >= .01 33 28.9 4.1
DAYS >= .10 19 18.5 0.5
DAYS >= .50 5 7.1 -2.1
DAYS >= 1.00 2 2.9 -0.9
GREATEST
24 HR. TOTAL 3.99 MM
STORM TOTAL MM
(MM/DD(HH)) MM
SNOWFALL (INCHES)
RECORDS
TOTAL T 2008
1992
1991
24 HR TOTAL MM
TOTALS 0.0 0.0 0.0
LIQUID EQUIV 0.00 0.00 0.00
SINCE 7/1 0.0 0.0 0.0
LIQUID 7/1 0.00
DAYS >= TRACE 0 0.0 0.0
DAYS >= 1.0 0 0.0 0.0
GREATEST
SNOW DEPTH 0 MM
24 HR TOTAL 0.0 MM
STORM TOTAL MM
(MM/DD(HH)) MM
DEGREE_DAYS
HEATING TOTAL 17 36 -19
SINCE 7/1 0 4 -4
COOLING TOTAL 1000 694 306
SINCE 1/1 1021 718 303
..............................................................
WIND (MPH)
AVERAGE WIND SPEED 7.6
HIGHEST WIND SPEED/DIRECTION 37/160 DATE 08/04
HIGHEST GUST SPEED/DIRECTION 62/140 DATE 08/04
SKY COVER
POSSIBLE SUNSHINE (PERCENT) MM
AVERAGE SKY COVER 0.30
NUMBER OF DAYS FAIR 60
NUMBER OF DAYS PC 24
NUMBER OF DAYS CLOUDY 5
AVERAGE RH (PERCENT) 70
WEATHER CONDITIONS. NUMBER OF DAYS WITH
0
20
0
0
0
0
3
HAZE 8
- INDICATES NEGATIVE NUMBERS.
R INDICATES RECORD WAS SET OR TIED.
MM INDICATES DATA IS MISSING.
T INDICATES TRACE AMOUNT.
$$
AUGUST 4TH THROUGH AUGUST 7TH HAD MISSING DATA SUPPLEMENTED WITH NEARBY OFFICAL OBSERVATIONAL DATA.