000
CXUS51 KCTP 010800
CF6BFD
PRELIMINARY LOCAL CLIMATOLOGICAL DATA (WS FORM: F-6)
STATION: BRADFORD
MONTH: JUNE
YEAR: 2021
LATITUDE: 41 47 N
LONGITUDE: 78 38 W
TEMPERATURE IN F: :PCPN: SNOW: WIND :SUNSHINE: SKY :PK WND
================================================================================
1 2 3 4 5 6A 6B 7 8 9 10 11 12 13 14 15 16 17 18
12Z AVG MX 2MIN
DY MAX MIN AVG DEP HDD CDD WTR SNW DPTH SPD SPD DIR MIN PSBL S-S WX SPD DR
================================================================================
1 70 44 57 -3 8 0 0.00 M M 2.4 12 280 M M 3 1 14 280
2 66 45 56 -4 9 0 0.14 M M 3.6 8 150 M M 6 1 13 210
3 66 60 63 3 2 0 0.70 M M 5.6 12 220 M M 10 1 18 180
4 76 60 68 8 0 3 0.23 M M 5.2 15 290 M M 6 1 21 270
5 84 60 72 11 0 7 0.00 M M 7.2 20 280 M M 1 28 300
6 84 53 69 8 0 4 0.00 M M 4.3 14 200 M M 2 1 20 290
7 85 56 71 10 0 6 0.00 M M 3.4 14 210 M M 3 1 19 200
8 81 63 72 10 0 7 0.24 M M 3.0 18 290 M M 6 1238 22 290
9 83 60 72 10 0 7 0.82 M M 3.4 20 130 M M 7 1238 25 100
10 82 58 70 8 0 5 0.00 M M 5.2 15 40 M M 2 12 23 110
11 79 57 68 6 0 3 0.00 M M 5.7 13 120 M M 3 1 17 140
12 79 58 69 7 0 4 0.00 M M 3.5 10 50 M M 7 12 13 40
13 84 54 69 6 0 4 0.37 M M 2.4 21 280 M M 4 13 29 280
14 70 52 61 -2 4 0 0.17 M M 4.0 24 320 M M 3 1 31 320
15 71 44 58 -5 7 0 0.00 M M 9.8 20 310 M M 5 25 330
16 67 41 54 -10 11 0 0.00 M M 7.1 20 320 M M 0 26 360
17 72 35 54 -10 11 0 0.00 M M 3.4 14 290 M M 0 1 17 320
18 76 49 63 -1 2 0 T M M 6.8 16 210 M M 4 29 190
19 75 57 66 2 0 1 0.40 M M 6.6 21 320 M M 8 1238 27 320
20 82 55 69 5 0 4 0.40 M M 4.8 18 220 M M 7 1238 29 230
21 80 60 70 5 0 5 0.39 M M 8.5 20 230 M M 7 138 29 230
22 60 43 52 -13 13 0 T M M 9.3 18 330 M M 7 24 330
23 72 36 54 -11 11 0 0.00 M M 3.8 14 290 M M 1 1 18 280
24 75 44 60 -5 5 0 0.00 M M 7.9 18 150 M M 0 29 140
25 79 57 68 3 0 3 0.00 M M 8.0 15 190 M M 1 23 190
26 82 66 74 8 0 9 0.00 M M 7.9 16 190 M M 4 26 190
27 85 68 77 11 0 12 0.00 M M 6.8 15 240 M M 1 23 220
28 88 66 77 11 0 12 T M M 4.7 14 300 M M 2 13 20 210
29 89 63 76 10 0 11 0.18 M M 4.2 14 270 M M 2 13 22 280
30 80 63 72 6 0 7 0.51 M M 3.6 21 310 M M 8 123 26 310
================================================================================
SM 2322 1627 83 114 4.55 M 162.1 M 120
================================================================================
AV 77.4 54.2 5.4 FASTST M M 4 MAX(MPH)
MISC ----> 24 320 31 320
================================================================================
NOTES:
# LAST OF SEVERAL OCCURRENCES
COLUMN 17 PEAK WIND IN M.P.H.
PRELIMINARY LOCAL CLIMATOLOGICAL DATA (WS FORM: F-6) , PAGE 2
STATION: BRADFORD
MONTH: JUNE
YEAR: 2021
LATITUDE: 41 47 N
LONGITUDE: 78 38 W
[TEMPERATURE DATA] [PRECIPITATION DATA] SYMBOLS USED IN COLUMN 16
AVERAGE MONTHLY: 65.8 TOTAL FOR MONTH: 4.55 1 = FOG OR MIST
DPTR FM NORMAL: 2.6 DPTR FM NORMAL: 0.37 2 = FOG REDUCING VISIBILITY
HIGHEST: 89 ON 29 GRTST 24HR 0.88 ON 3- 4 TO 1/4 MILE OR LESS
LOWEST: 35 ON 17 3 = THUNDER
SNOW, ICE PELLETS, HAIL 4 = ICE PELLETS
TOTAL MONTH: M 5 = HAIL
GRTST 24HR M ON M 6 = FREEZING RAIN OR DRIZZLE
GRTST DEPTH: M ON M 7 = DUSTSTORM OR SANDSTORM:
VSBY 1/2 MILE OR LESS
8 = SMOKE OR HAZE
[NO. OF DAYS WITH] [WEATHER - DAYS WITH] 9 = BLOWING SNOW
X = TORNADO
MAX 32 OR BELOW: 0 0.01 INCH OR MORE: 12
MAX 90 OR ABOVE: 0 0.10 INCH OR MORE: 12
MIN 32 OR BELOW: 0 0.50 INCH OR MORE: 3
MIN 0 OR BELOW: 0 1.00 INCH OR MORE: 0
[HDD (BASE 65) ]
TOTAL THIS MO. 83 CLEAR (SCALE 0-3) 15
DPTR FM NORMAL -26 PTCLDY (SCALE 4-7) 14
TOTAL FM JUL 1 6609 CLOUDY (SCALE 8-10) 1
DPTR FM NORMAL -614
[CDD (BASE 65) ]
TOTAL THIS MO. 114
DPTR FM NORMAL 59 [PRESSURE DATA]
TOTAL FM JAN 1 137 HIGHEST SLP 30.32 ON 24
DPTR FM NORMAL 62 LOWEST SLP 29.54 ON 21
[REMARKS]
#FINAL-06-21#