000
CXUS56 KHNX 100618
CF6BFL
PRELIMINARY LOCAL CLIMATOLOGICAL DATA (WS FORM: F-6)
STATION: BAKERSFIELD CA
MONTH: MAY
YEAR: 2023
LATITUDE: 35 25 N
LONGITUDE: 119 3 W
TEMPERATURE IN F: :PCPN: SNOW: WIND :SUNSHINE: SKY :PK WND
================================================================================
1 2 3 4 5 6A 6B 7 8 9 10 11 12 13 14 15 16 17 18
12Z AVG MX 2MIN
DY MAX MIN AVG DEP HDD CDD WTR SNW DPTH SPD SPD DIR MIN PSBL S-S WX SPD DR
================================================================================
1 70 50 60 -7 5 0 0.00 0.0 0 10.3 22 300 M M 4 8 25 300
2 69 52 61 -7 4 0 T 0.0 0 9.2 23 330 M M 9 28 320
3 71 47 59 -9 6 0 0.02 0.0 0 8.7 21 330 M M 5 25 310
4 70 50 60 -8 5 0 0.11 0.0 0 7.6 18 330 M M 7 1 22 310
5 71 53 62 -6 3 0 0.02 0.0 0 6.0 16 300 M M 5 1 20 310
6 71 53 62 -7 3 0 0.00 0.0 0 6.1 15 320 M M 5 8 20 320
7 76 50 63 -6 2 0 0.00 0.0 0 5.7 18 320 M M 2 8 22 310
8 76 50 63 -6 2 0 0.00 0.0 0 5.9 15 300 M M 0 20 310
9 75 49 62 -7 3 0 0.00 0.0 0 6.7 23 320 M M 2 27 330
10 76 53 65 -5 0 0 0.00 0.0 0 5.0 14 320 M M 1 20 10
11 78 50 64 -6 1 0 0.00 0.0 0 5.1 15 330 M M 0 18 22 290
12 85 58 72 2 0 7 0.00 0.0 0 5.4 15 310 M M 0 19 310
13 94 63 79 9 0 14 0.00 0.0 0 5.4 16 310 M M 0 8 19 310
14 102 68 85 14 0 20 0.00 0.0 0 8.3 22 320 M M 0 8 26 320
15 96 66 81 10 0 16 0.00 0.0 0 7.5 16 320 M M 0 24 310
16 94 67 81 10 0 16 0.00 0.0 0 4.8 14 280 M M 0 21 270
17 96 70 83 12 0 18 0.00 0.0 0 6.1 15 300 M M 0 8 21 310
18 97 68 83 11 0 18 0.00 0.0 0 6.7 16 310 M M 0 20 320
19 95 67 81 9 0 16 0.00 0.0 0 6.3 16 330 M M 0 24 320
20 94 66 80 8 0 15 0.00 0.0 0 7.1 17 320 M M 0 22 330
21 93 68 81 9 0 16 0.00 0.0 0 5.8 14 320 M M 0 18 280
22 97 69 83 10 0 18 0.00 0.0 0 7.0 15 320 M M 0 19 290
23 90 60 75 2 0 10 0.00 0.0 0 11.6 21 330 M M 0 25 330
24 80 57 69 -4 0 4 0.00 0.0 0 10.5 16 340 M M 0 8 21 350
25 81 54 68 -5 0 3 0.00 0.0 0 6.7 21 310 M M 0 8 24 300
26 81 58 70 -4 0 5 0.00 0.0 0 7.5 16 310 M M 2 8 19 320
27 85 58 72 -2 0 7 0.00 0.0 0 5.9 16 300 M M 1 8 21 310
28 89 62 76 2 0 11 0.00 0.0 0 7.2 21 310 M M 0 8 24 310
29 82 58 70 -4 0 5 0.00 0.0 0 10.5 22 310 M M 1 8 25 310
30 74 59 67 -7 0 2 0.00 0.0 0 7.6 16 300 M M 7 8 19 290
31 83 62 73 -2 0 8 0.00 0.0 0 6.5 14 310 M M 4 8 20 310
================================================================================
SM 2591 1815 34 229 0.15 0.0 220.7 M 55
================================================================================
AV 83.6 58.5 7.1 FASTST M M 2 MAX(MPH)
MISC ----> # 23 320 28 320
================================================================================
NOTES:
# LAST OF SEVERAL OCCURRENCES
COLUMN 17 PEAK WIND IN M.P.H.
PRELIMINARY LOCAL CLIMATOLOGICAL DATA (WS FORM: F-6) , PAGE 2
STATION: BAKERSFIELD CA
MONTH: MAY
YEAR: 2023
LATITUDE: 35 25 N
LONGITUDE: 119 3 W
[TEMPERATURE DATA] [PRECIPITATION DATA] SYMBOLS USED IN COLUMN 16
AVERAGE MONTHLY: 71.1 TOTAL FOR MONTH: 0.15 1 = FOG OR MIST
DPTR FM NORMAL: 0.0 DPTR FM NORMAL: -0.10 2 = FOG REDUCING VISIBILITY
HIGHEST: 102 ON 14 GRTST 24HR 0.12 ON 4- 5 TO 1/4 MILE OR LESS
LOWEST: 47 ON 3 3 = THUNDER
SNOW, ICE PELLETS, HAIL 4 = ICE PELLETS
TOTAL MONTH: 0.0 INCH 5 = HAIL
GRTST 24HR 0.0 6 = FREEZING RAIN OR DRIZZLE
GRTST DEPTH: 0 7 = DUSTSTORM OR SANDSTORM:
VSBY 1/2 MILE OR LESS
8 = SMOKE OR HAZE
[NO. OF DAYS WITH] [WEATHER - DAYS WITH] 9 = BLOWING SNOW
X = TORNADO
MAX 32 OR BELOW: 0 0.01 INCH OR MORE: 3
MAX 90 OR ABOVE: 11 0.10 INCH OR MORE: 1
MIN 32 OR BELOW: 0 0.50 INCH OR MORE: 0
MIN 0 OR BELOW: 0 1.00 INCH OR MORE: 0
[HDD (BASE 65) ]
TOTAL THIS MO. 34 CLEAR (SCALE 0-3) 23
DPTR FM NORMAL 8 PTCLDY (SCALE 4-7) 7
TOTAL FM JUL 1 2287 CLOUDY (SCALE 8-10) 1
DPTR FM NORMAL 332
[CDD (BASE 65) ]
TOTAL THIS MO. 229
DPTR FM NORMAL 15 [PRESSURE DATA]
TOTAL FM JAN 1 314 HIGHEST SLP 30.10 ON 7
DPTR FM NORMAL 24 LOWEST SLP 29.72 ON 23
[REMARKS]
#FINAL-05-23#