000
CXUS56 KHNX 012312
CF6BFL
PRELIMINARY LOCAL CLIMATOLOGICAL DATA (WS FORM: F-6)
STATION: BAKERSFIELD CA
MONTH: OCTOBER
YEAR: 2022
LATITUDE: 35 25 N
LONGITUDE: 119 3 W
TEMPERATURE IN F: :PCPN: SNOW: WIND :SUNSHINE: SKY :PK WND
================================================================================
1 2 3 4 5 6A 6B 7 8 9 10 11 12 13 14 15 16 17 18
12Z AVG MX 2MIN
DY MAX MIN AVG DEP HDD CDD WTR SNW DPTH SPD SPD DIR MIN PSBL S-S WX SPD DR
================================================================================
1 92 67 80 6 0 15 0.00 0.0 0 5.4 14 310 M M 0 17 330
2 84 63 74 1 0 9 0.00 0.0 0 5.0 13 300 M M 0 16 330
3 85 57 71 -2 0 6 0.00 0.0 0 3.7 12 300 M M 0 8 16 330
4 88 63 76 4 0 11 0.00 0.0 0 3.5 12 310 M M 0 8 16 280
5 91 65 78 6 0 13 0.00 0.0 0 4.0 12 310 M M 0 8 17 310
6 94 67 81 9 0 16 0.00 0.0 0 3.2 14 300 M M 0 8 16 300
7 94 68 81 10 0 16 0.00 0.0 0 4.6 14 330 M M 0 8 18 320
8 95 67 81 10 0 16 0.00 0.0 0 4.9 15 330 M M 0 8 18 310
9 93 67 80 10 0 15 0.00 0.0 0 3.4 12 310 M M 0 8 14 300
10 91 66 79 9 0 14 0.00 0.0 0 4.6 12 310 M M 0 8 14 310
11 91 70 81 11 0 16 0.00 0.0 0 4.4 12 320 M M 0 15 310
12 89 62 76 7 0 11 0.00 0.0 0 4.4 13 310 M M 0 8 17 320
13 88 64 76 7 0 11 0.00 0.0 0 4.4 13 310 M M 0 8 16 300
14 88 63 76 8 0 11 0.00 0.0 0 4.7 14 310 M M 0 8 18 310
15 87 63 75 7 0 10 0.00 0.0 0 6.1 16 310 M M 0 8 19 300
16 78 57 68 0 0 3 0.00 0.0 0 5.7 13 350 M M 0 8 14 360
17 78 55 67 0 0 2 0.00 0.0 0 2.7 9 280 M M 0 18 12 270
18 84 59 72 5 0 7 0.00 0.0 0 4.1 14 310 M M 0 8 16 310
19 88 62 75 9 0 10 0.00 0.0 0 3.4 10 320 M M 0 8 14 310
20 92 62 77 11 0 12 0.00 0.0 0 5.1 14 330 M M 0 8 16 340
21 90 63 77 11 0 12 0.00 0.0 0 5.3 9 330 M M 0 12 330
22 76 58 67 2 0 2 0.00 0.0 0 10.3 18 320 M M 1 8 22 320
23 68 47 58 -7 7 0 0.00 0.0 0 4.5 14 340 M M 0 8 23 330
24 73 50 62 -3 3 0 0.00 0.0 0 4.1 10 310 M M 0 8 14 310
25 76 54 65 1 0 0 0.00 0.0 0 4.5 9 300 M M 0 8 13 320
26 72 50 61 -3 4 0 0.00 0.0 0 4.7 15 320 M M 0 19 310
27 73 51 62 -1 3 0 0.00 0.0 0 4.1 9 330 M M 0 8 13 300
28 79 48 64 1 1 0 0.00 0.0 0 5.7 14 330 M M 0 8 19 330
29 74 50 62 -1 3 0 0.00 0.0 0 3.7 10 300 M M 0 8 17 320
30 75 49 62 0 3 0 0.00 0.0 0 3.9 8 190 M M 0 8 12 290
31 73 51 62 0 3 0 0.00 0.0 0 3.6 13 300 M M 0 8 15 300
================================================================================
SM 2599 1838 27 238 0.00 0.0 141.7 M 1
================================================================================
AV 83.8 59.3 4.6 FASTST M M 0 MAX(MPH)
MISC ----> 18 320 23 330
================================================================================
NOTES:
# LAST OF SEVERAL OCCURRENCES
COLUMN 17 PEAK WIND IN M.P.H.
PRELIMINARY LOCAL CLIMATOLOGICAL DATA (WS FORM: F-6) , PAGE 2
STATION: BAKERSFIELD CA
MONTH: OCTOBER
YEAR: 2022
LATITUDE: 35 25 N
LONGITUDE: 119 3 W
[TEMPERATURE DATA] [PRECIPITATION DATA] SYMBOLS USED IN COLUMN 16
AVERAGE MONTHLY: 71.6 TOTAL FOR MONTH: 0.00 1 = FOG OR MIST
DPTR FM NORMAL: 3.9 DPTR FM NORMAL: -0.28 2 = FOG REDUCING VISIBILITY
HIGHEST: 95 ON 8 GRTST 24HR 0.00 ON 1- 1 TO 1/4 MILE OR LESS
LOWEST: 47 ON 23 3 = THUNDER
SNOW, ICE PELLETS, HAIL 4 = ICE PELLETS
TOTAL MONTH: 0.0 INCH 5 = HAIL
GRTST 24HR 0.0 6 = FREEZING RAIN OR DRIZZLE
GRTST DEPTH: 0 7 = DUSTSTORM OR SANDSTORM:
VSBY 1/2 MILE OR LESS
8 = SMOKE OR HAZE
[NO. OF DAYS WITH] [WEATHER - DAYS WITH] 9 = BLOWING SNOW
X = TORNADO
MAX 32 OR BELOW: 0 0.01 INCH OR MORE: 0
MAX 90 OR ABOVE: 10 0.10 INCH OR MORE: 0
MIN 32 OR BELOW: 0 0.50 INCH OR MORE: 0
MIN 0 OR BELOW: 0 1.00 INCH OR MORE: 0
[HDD (BASE 65) ]
TOTAL THIS MO. 27 CLEAR (SCALE 0-3) 31
DPTR FM NORMAL -22 PTCLDY (SCALE 4-7) 0
TOTAL FM JUL 1 27 CLOUDY (SCALE 8-10) 0
DPTR FM NORMAL -21
[CDD (BASE 65) ]
TOTAL THIS MO. 238
DPTR FM NORMAL 105 [PRESSURE DATA]
TOTAL FM JAN 1 2989 HIGHEST SLP 30.24 ON 29
DPTR FM NORMAL 570 LOWEST SLP 29.64 ON 22
[REMARKS]
#FINAL-10-22#