000
CXUS56 KHNX 061535
CF6BFL
PRELIMINARY LOCAL CLIMATOLOGICAL DATA (WS FORM: F-6)
STATION: BAKERSFIELD CA
MONTH: FEBRUARY
YEAR: 2024
LATITUDE: 35 25 N
LONGITUDE: 119 3 W
TEMPERATURE IN F: :PCPN: SNOW: WIND :SUNSHINE: SKY :PK WND
================================================================================
1 2 3 4 5 6A 6B 7 8 9 10 11 12 13 14 15 16 17 18
12Z AVG MX 2MIN
DY MAX MIN AVG DEP HDD CDD WTR SNW DPTH SPD SPD DIR MIN PSBL S-S WX SPD DR
================================================================================
1 64 50 57 6 8 0 0.71 0.0 0 7.3 30 140 M M 9 138 41 140
2 60 45 53 2 12 0 0.10 0.0 0 3.3 14 260 M M 7 1 19 250
3 60 46 53 1 12 0 0.06 0.0 0 3.0 7 90 M M 6 1 10 140
4 67 50 59 7 6 0 0.04 0.0 0 19.1 41 130 M M 8 56 120
5 64 51 58 6 7 0 0.06 0.0 0 4.6 13 340 M M 7 17 310
6 58 48 53 1 12 0 0.45 0.0 0 5.7 20 340 M M 9 1 24 340
7 57 43 50 -2 15 0 0.22 0.0 0 6.5 20 220 M M 9 1 30 200
8 54 41 48 -4 17 0 T 0.0 0 2.8 9 350 M M 8 13 340
9 54 39 47 -6 18 0 0.00 0.0 0 2.3 10 290 M M 6 15 290
10 58 41 50 -3 15 0 0.00 0.0 0 3.5 9 340 M M 4 1 13 340
11 63 37 50 -3 15 0 0.00 0.0 0 4.0 9 350 M M 0 12 280
12 63 38 51 -2 14 0 0.00 0.0 0 4.6 9 340 M M 0 12 340
13 63 39 51 -2 14 0 0.00 0.0 0 3.5 10 350 M M 0 1 14 290
14 64 42 53 -1 12 0 0.00 0.0 0 5.4 12 350 M M 1 18 16 360
15 63 47 55 1 10 0 0.08 0.0 0 3.2 12 40 M M 5 8 13 40
16 64 43 54 0 11 0 0.00 0.0 0 2.5 8 300 M M 0 11 90
17 67 47 57 3 8 0 0.16 0.0 0 6.5 22 120 M M 2 1 27 120
18 72 46 59 5 6 0 0.10 0.0 0 3.5 12 230 M M 6 12 14 220
19 70 56 63 8 2 0 0.14 0.0 0 7.6 15 150 M M 8 1 22 220
20 66 52 59 4 6 0 0.10 0.0 0 6.4 14 350 M M 6 1 19 360
21 63 49 56 1 9 0 T 0.0 0 5.0 12 10 M M 6 1 17 360
22 64 46 55 0 10 0 0.00 0.0 0 2.1 8 180 M M 5 13 190
23 65 45 55 0 10 0 0.00 0.0 0 3.5 9 340 M M 0 14 260
24 70 43 57 1 8 0 0.00 0.0 0 3.7 10 350 M M 0 18 13 340
25 71 45 58 2 7 0 0.00 0.0 0 2.7 8 30 M M 0 18 11 170
26 69 49 59 3 6 0 0.00 0.0 0 5.2 12 360 M M 3 15 320
27 61 53 57 1 8 0 T 0.0 0 4.2 14 300 M M 10 1 18 320
28 71 48 60 4 5 0 0.00 0.0 0 3.2 8 80 M M 2 11 350
29 70 48 59 3 6 0 0.00 0.0 0 7.1 16 340 M M 2 21 330
================================================================================
SM 1855 1327 289 0 2.22 0.0 142.0 M 129
================================================================================
AV 64.0 45.8 4.9 FASTST M M 4 MAX(MPH)
MISC ----> 41 130 56 120
================================================================================
NOTES:
# LAST OF SEVERAL OCCURRENCES
COLUMN 17 PEAK WIND IN M.P.H.
PRELIMINARY LOCAL CLIMATOLOGICAL DATA (WS FORM: F-6) , PAGE 2
STATION: BAKERSFIELD CA
MONTH: FEBRUARY
YEAR: 2024
LATITUDE: 35 25 N
LONGITUDE: 119 3 W
[TEMPERATURE DATA] [PRECIPITATION DATA] SYMBOLS USED IN COLUMN 16
AVERAGE MONTHLY: 54.9 TOTAL FOR MONTH: 2.22 1 = FOG OR MIST
DPTR FM NORMAL: 1.1 DPTR FM NORMAL: 1.04 2 = FOG REDUCING VISIBILITY
HIGHEST: 72 ON 18 GRTST 24HR 0.79 ON 1- 2 TO 1/4 MILE OR LESS
LOWEST: 37 ON 11 3 = THUNDER
SNOW, ICE PELLETS, HAIL 4 = ICE PELLETS
TOTAL MONTH: 0.0 INCH 5 = HAIL
GRTST 24HR 0.0 6 = FREEZING RAIN OR DRIZZLE
GRTST DEPTH: 0 7 = DUSTSTORM OR SANDSTORM:
VSBY 1/2 MILE OR LESS
8 = SMOKE OR HAZE
[NO. OF DAYS WITH] [WEATHER - DAYS WITH] 9 = BLOWING SNOW
X = TORNADO
MAX 32 OR BELOW: 0 0.01 INCH OR MORE: 12
MAX 90 OR ABOVE: 0 0.10 INCH OR MORE: 8
MIN 32 OR BELOW: 0 0.50 INCH OR MORE: 1
MIN 0 OR BELOW: 0 1.00 INCH OR MORE: 0
[HDD (BASE 65) ]
TOTAL THIS MO. 289 CLEAR (SCALE 0-3) 12
DPTR FM NORMAL -27 PTCLDY (SCALE 4-7) 11
TOTAL FM JUL 1 1269 CLOUDY (SCALE 8-10) 6
DPTR FM NORMAL -355
[CDD (BASE 65) ]
TOTAL THIS MO. 0
DPTR FM NORMAL -1 [PRESSURE DATA]
TOTAL FM JAN 1 0 HIGHEST SLP 30.29 ON 22
DPTR FM NORMAL -1 LOWEST SLP 29.59 ON 1
[REMARKS]
#FINAL-02-24#