000
CXUS56 KHNX 021519
CF6BFL
PRELIMINARY LOCAL CLIMATOLOGICAL DATA (WS FORM: F-6)
STATION: BAKERSFIELD CA
MONTH: MARCH
YEAR: 2022
LATITUDE: 35 25 N
LONGITUDE: 119 3 W
TEMPERATURE IN F: :PCPN: SNOW: WIND :SUNSHINE: SKY :PK WND
================================================================================
1 2 3 4 5 6A 6B 7 8 9 10 11 12 13 14 15 16 17 18
12Z AVG MX 2MIN
DY MAX MIN AVG DEP HDD CDD WTR SNW DPTH SPD SPD DIR MIN PSBL S-S WX SPD DR
================================================================================
1 78 42 60 3 5 0 0.00 0.0 0 4.7 10 340 M M 0 8 16 300
2 80 48 64 7 1 0 0.00 0.0 0 4.3 12 310 M M 0 8 15 310
3 75 48 62 5 3 0 0.00 0.0 0 5.9 23 310 M M 0 8 27 320
4 60 47 54 -3 11 0 0.68 0.0 0 6.0 23 310 M M 9 1 27 310
5 56 41 49 -8 16 0 0.00 0.0 0 7.6 21 360 M M 7 26 340
6 60 37 49 -8 16 0 0.00 0.0 0 3.8 12 320 M M 1 18 15 290
7 65 40 53 -5 12 0 0.00 0.0 0 5.4 16 350 M M 0 20 340
8 70 41 56 -2 9 0 0.00 0.0 0 5.1 12 360 M M 0 16 360
9 71 44 58 0 7 0 0.00 0.0 0 5.2 14 320 M M 0 19 330
10 66 42 54 -4 11 0 0.00 0.0 0 3.3 10 180 M M 0 8 15 250
11 74 47 61 3 4 0 0.00 0.0 0 4.8 14 360 M M 0 18 360
12 79 42 61 3 4 0 0.00 0.0 0 3.9 10 50 M M 0 13 310
13 72 42 57 -1 8 0 0.00 0.0 0 7.0 23 310 M M 0 28 300
14 74 45 60 2 5 0 0.00 0.0 0 5.0 10 150 M M 0 13 320
15 75 47 61 2 4 0 0.00 0.0 0 5.3 15 320 M M 2 22 320
16 73 49 61 2 4 0 0.00 0.0 0 6.5 15 310 M M 2 1 22 330
17 76 50 63 4 2 0 0.00 0.0 0 6.2 15 340 M M 0 18 310
18 77 47 62 3 3 0 0.00 0.0 0 4.1 10 270 M M 0 15 310
19 70 51 61 2 4 0 0.17 0.0 0 8.8 26 360 M M 5 1 32 350
20 64 50 57 -2 8 0 0.02 0.0 0 6.5 15 300 M M 6 1 19 300
21 72 46 59 0 6 0 0.00 0.0 0 4.2 10 260 M M 0 1 14 290
22 82 49 66 7 0 1 0.00 0.0 0 3.7 10 260 M M 0 16 290
23 91 55 73 14 0 8 0.00 0.0 0 4.6 15 330 M M 0 8 20 250
24 89 59 74 14 0 9 0.00 0.0 0 4.8 14 330 M M 0 8 18 330
25 86 58 72 12 0 7 0.00 0.0 0 4.6 10 290 M M 0 8 17 290
26 88 59 74 14 0 9 0.00 0.0 0 4.7 15 320 M M 0 8 19 340
27 88 57 73 13 0 8 0.00 0.0 0 11.9 29 150 M M 0 8 37 160
28 64 52 58 -2 7 0 0.47 0.0 0 10.9 28 150 M M 7 1 33 160
29 64 50 57 -3 8 0 0.00 0.0 0 5.6 12 320 M M 7 1 15 310
30 72 54 63 3 2 0 0.00 0.0 0 4.6 12 340 M M 5 18 17 280
31 67 50 59 -1 6 0 0.00 0.0 0 5.8 14 320 M M 5 18 16 320
================================================================================
SM 2278 1489 166 42 1.34 0.0 174.8 M 56
================================================================================
AV 73.5 48.0 5.6 FASTST M M 2 MAX(MPH)
MISC ----> 29 150 37 160
================================================================================
NOTES:
# LAST OF SEVERAL OCCURRENCES
COLUMN 17 PEAK WIND IN M.P.H.
PRELIMINARY LOCAL CLIMATOLOGICAL DATA (WS FORM: F-6) , PAGE 2
STATION: BAKERSFIELD CA
MONTH: MARCH
YEAR: 2022
LATITUDE: 35 25 N
LONGITUDE: 119 3 W
[TEMPERATURE DATA] [PRECIPITATION DATA] SYMBOLS USED IN COLUMN 16
AVERAGE MONTHLY: 60.8 TOTAL FOR MONTH: 1.34 1 = FOG OR MIST
DPTR FM NORMAL: 2.2 DPTR FM NORMAL: 0.19 2 = FOG REDUCING VISIBILITY
HIGHEST: 91 ON 23 GRTST 24HR 0.68 ON 4- 4 TO 1/4 MILE OR LESS
LOWEST: 37 ON 6 3 = THUNDER
SNOW, ICE PELLETS, HAIL 4 = ICE PELLETS
TOTAL MONTH: 0.0 INCH 5 = HAIL
GRTST 24HR 0.0 6 = FREEZING RAIN OR DRIZZLE
GRTST DEPTH: 0 7 = DUSTSTORM OR SANDSTORM:
VSBY 1/2 MILE OR LESS
8 = SMOKE OR HAZE
[NO. OF DAYS WITH] [WEATHER - DAYS WITH] 9 = BLOWING SNOW
X = TORNADO
MAX 32 OR BELOW: 0 0.01 INCH OR MORE: 4
MAX 90 OR ABOVE: 1 0.10 INCH OR MORE: 3
MIN 32 OR BELOW: 0 0.50 INCH OR MORE: 1
MIN 0 OR BELOW: 0 1.00 INCH OR MORE: 0
[HDD (BASE 65) ]
TOTAL THIS MO. 166 CLEAR (SCALE 0-3) 23
DPTR FM NORMAL -45 PTCLDY (SCALE 4-7) 7
TOTAL FM JUL 1 1725 CLOUDY (SCALE 8-10) 1
DPTR FM NORMAL -93
[CDD (BASE 65) ]
TOTAL THIS MO. 42
DPTR FM NORMAL 29 [PRESSURE DATA]
TOTAL FM JAN 1 43 HIGHEST SLP 30.34 ON 11
DPTR FM NORMAL 29 LOWEST SLP 29.61 ON 27
[REMARKS]
#FINAL-03-22#