000
CXUS56 KHNX 012329
CF6BFL
PRELIMINARY LOCAL CLIMATOLOGICAL DATA (WS FORM: F-6)
STATION: BAKERSFIELD CA
MONTH: JANUARY
YEAR: 2024
LATITUDE: 35 25 N
LONGITUDE: 119 3 W
TEMPERATURE IN F: :PCPN: SNOW: WIND :SUNSHINE: SKY :PK WND
================================================================================
1 2 3 4 5 6A 6B 7 8 9 10 11 12 13 14 15 16 17 18
12Z AVG MX 2MIN
DY MAX MIN AVG DEP HDD CDD WTR SNW DPTH SPD SPD DIR MIN PSBL S-S WX SPD DR
================================================================================
1 56 40 48 0 17 0 0.00 0.0 0 3.2 10 330 M M 5 128 14 320
2 53 39 46 -2 19 0 0.00 0.0 0 2.6 8 160 M M 5 128 11 170
3 58 44 51 3 14 0 0.15 0.0 0 5.2 17 350 M M 8 128 27 10
4 53 41 47 -2 18 0 T 0.0 0 3.0 14 320 M M 6 18 17 340
5 57 38 48 -1 17 0 0.00 0.0 0 2.5 9 290 M M 1 18 12 310
6 57 36 47 -2 18 0 0.03 0.0 0 4.1 20 330 M M 3 18 27 330
7 50 35 43 -6 22 0 T 0.0 0 8.1 17 320 M M 5 18 22 310
8 53 34 44 -5 21 0 0.00 0.0 0 4.3 9 180 M M 0 8 15 230
9 54 32 43 -6 22 0 0.00 0.0 0 3.4 13 320 M M 1 8 17 320
10 53 41 47 -2 18 0 0.00 0.0 0 3.3 8 80 M M 9 8 11 80
11 51 38 45 -4 20 0 0.06 0.0 0 6.9 26 320 M M 2 1 40 320
12 55 32 44 -5 21 0 0.00 0.0 0 3.7 13 350 M M 0 16 360
13 56 33 45 -4 20 0 T 0.0 0 4.7 16 350 M M 1 1 22 340
14 63 37 50 1 15 0 0.00 0.0 0 3.5 9 130 M M 2 12 70
15 61 41 51 2 14 0 0.00 0.0 0 3.1 10 290 M M 0 18 13 270
16 52 41 47 -2 18 0 0.00 0.0 0 2.7 8 310 M M 9 128 11 320
17 59 48 54 5 11 0 0.07 0.0 0 3.8 13 130 M M 9 18 14 130
18 61 44 53 3 12 0 0.00 0.0 0 4.0 14 320 M M 3 128 17 330
19 69 46 58 8 7 0 T 0.0 0 4.2 13 270 M M 1 18 16 330
20 62 50 56 6 9 0 0.13 0.0 0 3.4 12 350 M M 6 18 14 350
21 67 52 60 10 5 0 0.06 0.0 0 3.4 8 80 M M 6 128 11 70
22 61 53 57 7 8 0 0.74 0.0 0 5.1 23 260 M M 9 1 30 260
23 61 49 55 5 10 0 0.27 0.0 0 5.4 12 280 M M 8 12 19 260
24 59 49 54 4 11 0 0.14 0.0 0 3.4 10 350 M M 7 1 13 330
25 61 50 56 6 9 0 0.00 0.0 0 4.6 14 300 M M 7 12 17 340
26 64 43 54 4 11 0 0.00 0.0 0 3.0 9 340 M M 0 1 12 340
27 66 47 57 7 8 0 0.00 0.0 0 4.7 10 290 M M 0 1 14 330
28 70 46 58 7 7 0 0.00 0.0 0 4.2 13 300 M M 1 128 15 300
29 76 48 62 11 3 0 0.00 0.0 0 3.4 12 350 M M 0 18 13 340
30 76 47 62 11 3 0 0.00 0.0 0 2.4 9 110 M M 0 13 10
31 76 51 64 13 1 0 T 0.0 0 13.9 37 150 M M 1 52 160
================================================================================
SM 1870 1325 409 0 1.65 0.0 133.2 M 115
================================================================================
AV 60.3 42.7 4.3 FASTST M M 4 MAX(MPH)
MISC ----> 37 150 52 160
================================================================================
NOTES:
# LAST OF SEVERAL OCCURRENCES
COLUMN 17 PEAK WIND IN M.P.H.
PRELIMINARY LOCAL CLIMATOLOGICAL DATA (WS FORM: F-6) , PAGE 2
STATION: BAKERSFIELD CA
MONTH: JANUARY
YEAR: 2024
LATITUDE: 35 25 N
LONGITUDE: 119 3 W
[TEMPERATURE DATA] [PRECIPITATION DATA] SYMBOLS USED IN COLUMN 16
AVERAGE MONTHLY: 51.5 TOTAL FOR MONTH: 1.65 1 = FOG OR MIST
DPTR FM NORMAL: 2.0 DPTR FM NORMAL: 0.46 2 = FOG REDUCING VISIBILITY
HIGHEST: 76 ON 31,30 GRTST 24HR 1.45 ON 22-22 TO 1/4 MILE OR LESS
LOWEST: 32 ON 12, 9 3 = THUNDER
SNOW, ICE PELLETS, HAIL 4 = ICE PELLETS
TOTAL MONTH: 0.0 INCH 5 = HAIL
GRTST 24HR 0.0 6 = FREEZING RAIN OR DRIZZLE
GRTST DEPTH: 0 7 = DUSTSTORM OR SANDSTORM:
VSBY 1/2 MILE OR LESS
8 = SMOKE OR HAZE
[NO. OF DAYS WITH] [WEATHER - DAYS WITH] 9 = BLOWING SNOW
X = TORNADO
MAX 32 OR BELOW: 0 0.01 INCH OR MORE: 9
MAX 90 OR ABOVE: 0 0.10 INCH OR MORE: 5
MIN 32 OR BELOW: 2 0.50 INCH OR MORE: 1
MIN 0 OR BELOW: 0 1.00 INCH OR MORE: 0
[HDD (BASE 65) ]
TOTAL THIS MO. 409 CLEAR (SCALE 0-3) 16
DPTR FM NORMAL -72 PTCLDY (SCALE 4-7) 9
TOTAL FM JUL 1 980 CLOUDY (SCALE 8-10) 6
DPTR FM NORMAL -308
[CDD (BASE 65) ]
TOTAL THIS MO. 0
DPTR FM NORMAL 0 [PRESSURE DATA]
TOTAL FM JAN 1 0 HIGHEST SLP 30.39 ON 9
DPTR FM NORMAL 0 LOWEST SLP 29.67 ON 31
[REMARKS]
#FINAL-01-24#