000
CXUS56 KHNX 011214
CF6BFL
PRELIMINARY LOCAL CLIMATOLOGICAL DATA (WS FORM: F-6)
STATION: BAKERSFIELD CA
MONTH: APRIL
YEAR: 2021
LATITUDE: 35 25 N
LONGITUDE: 119 3 W
TEMPERATURE IN F: :PCPN: SNOW: WIND :SUNSHINE: SKY :PK WND
================================================================================
1 2 3 4 5 6A 6B 7 8 9 10 11 12 13 14 15 16 17 18
12Z AVG MX 2MIN
DY MAX MIN AVG DEP HDD CDD WTR SNW DPTH SPD SPD DIR MIN PSBL S-S WX SPD DR
================================================================================
1 89 56 73 13 0 8 0.00 0.0 0 6.7 14 300 M M 0 19 300
2 90 55 73 13 0 8 0.00 0.0 0 5.8 13 360 M M 0 8 17 310
3 87 52 70 10 0 5 0.00 0.0 0 6.7 15 310 M M 0 19 310
4 76 47 62 2 3 0 0.00 0.0 0 5.1 12 50 M M 0 15 310
5 76 50 63 3 2 0 0.00 0.0 0 5.6 14 290 M M 0 8 20 290
6 79 49 64 4 1 0 0.00 0.0 0 4.5 13 290 M M 0 8 18 300
7 85 55 70 10 0 5 0.00 0.0 0 5.2 16 320 M M 0 8 21 310
8 77 51 64 3 1 0 0.00 0.0 0 6.3 17 310 M M 0 8 23 310
9 80 52 66 5 0 1 0.00 0.0 0 5.6 14 320 M M 0 18 330
10 75 49 62 1 3 0 0.00 0.0 0 6.0 14 310 M M 0 17 300
11 79 54 67 6 0 2 0.00 0.0 0 4.9 13 300 M M 0 20 330
12 84 54 69 7 0 4 0.00 0.0 0 6.2 16 300 M M 0 8 24 310
13 83 54 69 7 0 4 0.00 0.0 0 9.0 25 300 M M 0 8 30 300
14 71 49 60 -2 5 0 0.00 0.0 0 7.2 20 310 M M 0 8 24 300
15 75 50 63 1 2 0 0.00 0.0 0 4.1 15 310 M M 0 8 23 300
16 79 51 65 3 0 0 0.00 0.0 0 5.4 15 310 M M 0 8 24 320
17 83 55 69 6 0 4 0.00 0.0 0 7.0 18 350 M M 0 8 26 330
18 87 57 72 9 0 7 0.00 0.0 0 6.4 17 330 M M 0 8 25 320
19 89 59 74 11 0 9 0.00 0.0 0 7.3 16 330 M M 0 21 300
20 87 57 72 8 0 7 0.00 0.0 0 8.0 20 320 M M 0 8 23 350
21 74 49 62 -2 3 0 0.00 0.0 0 6.3 15 310 M M 0 19 310
22 81 53 67 3 0 2 0.00 0.0 0 7.6 17 320 M M 0 8 28 320
23 80 51 66 2 0 1 0.00 0.0 0 7.8 16 330 M M 0 21 310
24 78 54 66 1 0 1 T 0.0 0 7.8 18 340 M M 0 23 320
25 67 52 60 -5 5 0 0.13 0.0 0 6.5 16 320 M M 5 1 21 320
26 66 50 58 -7 7 0 0.06 0.0 0 6.5 14 330 M M 7 1 16 330
27 71 47 59 -7 6 0 0.00 0.0 0 6.6 15 320 M M 2 19 280
28 82 53 68 2 0 3 0.00 0.0 0 5.6 16 320 M M 0 21 300
29 93 57 75 9 0 10 0.00 0.0 0 6.0 17 320 M M 0 21 310
30 94 62 78 12 0 13 0.00 0.0 0 5.7 15 310 M M 0 8 18 300
================================================================================
SM 2417 1584 38 94 0.19 0.0 189.4 M 14
================================================================================
AV 80.6 52.8 6.3 FASTST M M 0 MAX(MPH)
MISC ----> 25 300 30 300
================================================================================
NOTES:
# LAST OF SEVERAL OCCURRENCES
COLUMN 17 PEAK WIND IN M.P.H.
PRELIMINARY LOCAL CLIMATOLOGICAL DATA (WS FORM: F-6) , PAGE 2
STATION: BAKERSFIELD CA
MONTH: APRIL
YEAR: 2021
LATITUDE: 35 25 N
LONGITUDE: 119 3 W
[TEMPERATURE DATA] [PRECIPITATION DATA] SYMBOLS USED IN COLUMN 16
AVERAGE MONTHLY: 66.7 TOTAL FOR MONTH: 0.19 1 = FOG OR MIST
DPTR FM NORMAL: 4.1 DPTR FM NORMAL: -0.33 2 = FOG REDUCING VISIBILITY
HIGHEST: 94 ON 30 GRTST 24HR 0.19 ON 25-26 TO 1/4 MILE OR LESS
LOWEST: 47 ON 27, 4 3 = THUNDER
SNOW, ICE PELLETS, HAIL 4 = ICE PELLETS
TOTAL MONTH: 0.0 INCH 5 = HAIL
GRTST 24HR 0.0 6 = FREEZING RAIN OR DRIZZLE
GRTST DEPTH: 0 7 = DUSTSTORM OR SANDSTORM:
VSBY 1/2 MILE OR LESS
8 = SMOKE OR HAZE
[NO. OF DAYS WITH] [WEATHER - DAYS WITH] 9 = BLOWING SNOW
X = TORNADO
MAX 32 OR BELOW: 0 0.01 INCH OR MORE: 2
MAX 90 OR ABOVE: 3 0.10 INCH OR MORE: 1
MIN 32 OR BELOW: 0 0.50 INCH OR MORE: 0
MIN 0 OR BELOW: 0 1.00 INCH OR MORE: 0
[HDD (BASE 65) ]
TOTAL THIS MO. 38 CLEAR (SCALE 0-3) 28
DPTR FM NORMAL -91 PTCLDY (SCALE 4-7) 2
TOTAL FM JUL 1 1749 CLOUDY (SCALE 8-10) 0
DPTR FM NORMAL -393
[CDD (BASE 65) ]
TOTAL THIS MO. 94
DPTR FM NORMAL 37 [PRESSURE DATA]
TOTAL FM JAN 1 101 HIGHEST SLP 30.21 ON 4
DPTR FM NORMAL 35 LOWEST SLP 29.68 ON 20
[REMARKS]
#FINAL-04-21#