001
CXUS56 KHNX 011201
CF6BFL
PRELIMINARY LOCAL CLIMATOLOGICAL DATA (WS FORM: F-6)
STATION: BAKERSFIELD CA
MONTH: MARCH
YEAR: 2021
LATITUDE: 35 25 N
LONGITUDE: 119 3 W
TEMPERATURE IN F: :PCPN: SNOW: WIND :SUNSHINE: SKY :PK WND
================================================================================
1 2 3 4 5 6A 6B 7 8 9 10 11 12 13 14 15 16 17 18
12Z AVG MX 2MIN
DY MAX MIN AVG DEP HDD CDD WTR SNW DPTH SPD SPD DIR MIN PSBL S-S WX SPD DR
================================================================================
1 77 48 63 7 2 0 0.00 0.0 0 11.4 25 150 M M 0 33 150
2 76 49 63 7 2 0 0.00 0.0 0 5.7 20 160 M M 0 24 160
3 66 40 53 -3 12 0 0.00 0.0 0 6.4 20 160 M M 0 24 170
4 71 41 56 0 9 0 0.00 0.0 0 4.5 12 20 M M 0 14 10
5 78 44 61 5 4 0 0.00 0.0 0 5.7 16 360 M M 0 8 21 360
6 66 46 56 0 9 0 0.00 0.0 0 7.2 23 340 M M 3 8 27 340
7 60 44 52 -5 13 0 0.00 0.0 0 2.8 10 290 M M 2 11 280
8 67 45 56 -1 9 0 0.00 0.0 0 6.9 18 310 M M 2 24 310
9 63 44 54 -3 11 0 T 0.0 0 5.6 15 330 M M 4 23 300
10 55 44 50 -7 15 0 0.26 0.0 0 6.0 20 340 M M 9 24 280
11 57 43 50 -7 15 0 0.03 0.0 0 4.9 15 10 M M 6 1 18 360
12 62 42 52 -5 13 0 0.00 0.0 0 4.5 13 340 M M 4 16 360
13 68 44 56 -1 9 0 0.00 0.0 0 5.1 15 330 M M 2 20 320
14 64 41 53 -5 12 0 0.00 0.0 0 3.9 12 350 M M 0 8 15 350
15 54 41 48 -10 17 0 0.22 0.0 0 11.6 32 350 M M 8 1 42 350
16 58 42 50 -8 15 0 0.00 0.0 0 3.5 10 90 M M 4 13 10
17 68 40 54 -4 11 0 0.00 0.0 0 2.9 12 340 M M 0 8 14 330
18 77 49 63 5 2 0 0.00 0.0 0 4.7 17 320 M M 2 8 21 320
19 77 53 65 7 0 0 0.12 0.0 0 7.6 30 330 M M 5 1 36 330
20 61 48 55 -3 10 0 0.14 0.0 0 9.8 23 330 M M 6 1 28 320
21 63 42 53 -5 12 0 0.00 0.0 0 5.1 14 340 M M 2 18 330
22 68 43 56 -2 9 0 0.00 0.0 0 7.3 14 320 M M 1 18 320
23 65 48 57 -1 8 0 0.00 0.0 0 7.3 18 330 M M 5 21 10
24 71 44 58 0 7 0 0.00 0.0 0 4.7 14 320 M M 0 17 200
25 66 45 56 -3 9 0 0.00 0.0 0 10.1 21 320 M M 5 26 300
26 70 49 60 1 5 0 0.00 0.0 0 4.9 15 310 M M 3 22 320
27 80 47 64 5 1 0 0.00 0.0 0 5.4 14 320 M M 0 16 10
28 83 50 67 8 0 2 0.00 0.0 0 4.9 14 280 M M 0 17 290
29 81 53 67 8 0 2 0.00 0.0 0 6.1 17 310 M M 0 22 330
30 77 51 64 5 1 0 0.00 0.0 0 5.0 10 310 M M 0 8 16 320
31 88 48 68 9 0 3 0.00 0.0 0 5.4 18 150 M M 0 8 25 120
================================================================================
SM 2137 1408 242 7 0.77 0.0 186.9 M 73
================================================================================
AV 68.9 45.4 6.0 FASTST M M 2 MAX(MPH)
MISC ----> 32 350 42 350
================================================================================
NOTES:
# LAST OF SEVERAL OCCURRENCES
COLUMN 17 PEAK WIND IN M.P.H.
PRELIMINARY LOCAL CLIMATOLOGICAL DATA (WS FORM: F-6) , PAGE 2
STATION: BAKERSFIELD CA
MONTH: MARCH
YEAR: 2021
LATITUDE: 35 25 N
LONGITUDE: 119 3 W
[TEMPERATURE DATA] [PRECIPITATION DATA] SYMBOLS USED IN COLUMN 16
AVERAGE MONTHLY: 57.2 TOTAL FOR MONTH: 0.77 1 = FOG OR MIST
DPTR FM NORMAL: -0.4 DPTR FM NORMAL: -0.44 2 = FOG REDUCING VISIBILITY
HIGHEST: 88 ON 31 GRTST 24HR 0.28 ON 10-11 TO 1/4 MILE OR LESS
LOWEST: 40 ON 17, 3 3 = THUNDER
SNOW, ICE PELLETS, HAIL 4 = ICE PELLETS
TOTAL MONTH: 0.0 INCH 5 = HAIL
GRTST 24HR 0.0 6 = FREEZING RAIN OR DRIZZLE
GRTST DEPTH: 0 7 = DUSTSTORM OR SANDSTORM:
VSBY 1/2 MILE OR LESS
8 = SMOKE OR HAZE
[NO. OF DAYS WITH] [WEATHER - DAYS WITH] 9 = BLOWING SNOW
X = TORNADO
MAX 32 OR BELOW: 0 0.01 INCH OR MORE: 5
MAX 90 OR ABOVE: 0 0.10 INCH OR MORE: 4
MIN 32 OR BELOW: 0 0.50 INCH OR MORE: 0
MIN 0 OR BELOW: 0 1.00 INCH OR MORE: 0
[HDD (BASE 65) ]
TOTAL THIS MO. 242 CLEAR (SCALE 0-3) 19
DPTR FM NORMAL 3 PTCLDY (SCALE 4-7) 11
TOTAL FM JUL 1 1711 CLOUDY (SCALE 8-10) 1
DPTR FM NORMAL -300
[CDD (BASE 65) ]
TOTAL THIS MO. 7
DPTR FM NORMAL -2 [PRESSURE DATA]
TOTAL FM JAN 1 7 HIGHEST SLP 30.29 ON 27
DPTR FM NORMAL -2 LOWEST SLP 29.70 ON 25
[REMARKS]
#FINAL-03-21#